57.141.16.45 - - [22/Dec/2025:03:31:12 -0300] "GET /?p=3401743ab5g3 HTTP/2" 404 165201 "-" "meta-externalagent/1.1 (+https://developers.facebook.com/docs/sharing/webmasters/crawler)"
57.141.16.26 - - [22/Dec/2025:03:31:42 -0300] "GET /?p=4512599je33e4 HTTP/2" 404 165201 "-" "meta-externalagent/1.1 (+https://developers.facebook.com/docs/sharing/webmasters/crawler)"
187.33.241.49 - - [22/Dec/2025:03:31:59 -0300] "POST /wp-cron.php?doing_wp_cron=1766385119.8643829822540283203125 HTTP/1.1" 200 0 "-" "WordPress/6.9; https://lucinea.com.br"
57.141.16.71 - - [22/Dec/2025:03:31:58 -0300] "GET /?p=2568448hb1651 HTTP/2" 404 165201 "-" "meta-externalagent/1.1 (+https://developers.facebook.com/docs/sharing/webmasters/crawler)"
187.33.241.49 - - [22/Dec/2025:03:33:01 -0300] "POST /wp-cron.php?doing_wp_cron=1766385181.1065609455108642578125 HTTP/1.1" 200 0 "-" "WordPress/6.9; https://lucinea.com.br"
187.33.241.49 - - [22/Dec/2025:03:33:16 -0300] "POST /wp-cron.php?doing_wp_cron=1766385196.8279390335083007812500 HTTP/1.1" 200 0 "-" "WordPress/6.9; https://lucinea.com.br"
57.141.16.98 - - [22/Dec/2025:03:33:46 -0300] "GET /?p=2835547gdi91j HTTP/2" 404 165201 "-" "meta-externalagent/1.1 (+https://developers.facebook.com/docs/sharing/webmasters/crawler)"
57.141.16.41 - - [22/Dec/2025:03:34:48 -0300] "GET /?p=4584822f632g0 HTTP/2" 404 165201 "-" "meta-externalagent/1.1 (+https://developers.facebook.com/docs/sharing/webmasters/crawler)"
85.203.21.100 - - [22/Dec/2025:03:35:28 -0300] "GET /wp-admin/network/ HTTP/2" 302 0 "http://lucinea.com.br/wp-admin/network/" "Go-http-client/2.0"
85.203.21.100 - - [22/Dec/2025:03:35:29 -0300] "GET /wp-login.php?redirect_to=https%3A%2F%2Flucinea.com.br%2Fwp-admin%2Fnetwork%2F&reauth=1 HTTP/2" 200 0 "https://lucinea.com.br/wp-admin/network/" "Go-http-client/2.0"
176.31.139.28 - - [22/Dec/2025:03:35:41 -0300] "GET /wp-includes/widgets/class-wp-widget-tag-cloud.php HTTP/2" 500 0 "-" "Mozilla/5.0 (compatible; AhrefsBot/7.0; +http://ahrefs.com/robot/)"
57.141.16.45 - - [22/Dec/2025:03:35:49 -0300] "GET /?p=3353130iccgci HTTP/2" 404 165201 "-" "meta-externalagent/1.1 (+https://developers.facebook.com/docs/sharing/webmasters/crawler)"
187.33.241.49 - - [22/Dec/2025:03:36:52 -0300] "POST /wp-cron.php?doing_wp_cron=1766385412.4425950050354003906250 HTTP/1.1" 200 0 "-" "WordPress/6.9; https://lucinea.com.br"
85.203.21.95 - - [22/Dec/2025:03:37:05 -0300] "GET /wp-admin/ HTTP/2" 302 0 "http://lucinea.com.br/wp-admin/" "Go-http-client/2.0"
85.203.21.95 - - [22/Dec/2025:03:37:05 -0300] "GET /wp-login.php?redirect_to=https%3A%2F%2Flucinea.com.br%2Fwp-admin%2F&reauth=1 HTTP/2" 200 3368 "https://lucinea.com.br/wp-admin/" "Go-http-client/2.0"
85.203.21.95 - - [22/Dec/2025:03:37:20 -0300] "GET /wp-admin/options.php HTTP/2" 302 0 "http://lucinea.com.br/wp-admin/options.php" "Go-http-client/2.0"
85.203.21.95 - - [22/Dec/2025:03:37:20 -0300] "GET /wp-login.php?redirect_to=http%3A%2F%2Flucinea.com.br%2Fwp-admin%2Foptions.php&reauth=1 HTTP/2" 200 3383 "https://lucinea.com.br/wp-admin/options.php" "Go-http-client/2.0"
57.141.16.81 - - [22/Dec/2025:03:37:37 -0300] "GET /?p=8198009i39ca HTTP/2" 404 165201 "-" "meta-externalagent/1.1 (+https://developers.facebook.com/docs/sharing/webmasters/crawler)"
57.141.16.32 - - [22/Dec/2025:03:37:52 -0300] "GET /?p=1069013126839 HTTP/2" 404 165201 "-" "meta-externalagent/1.1 (+https://developers.facebook.com/docs/sharing/webmasters/crawler)"
85.203.21.95 - - [22/Dec/2025:03:38:00 -0300] "GET /wp-admin/user/about.php HTTP/2" 302 0 "http://lucinea.com.br/wp-admin/user/about.php" "Go-http-client/2.0"
85.203.21.95 - - [22/Dec/2025:03:38:01 -0300] "GET /wp-login.php?redirect_to=https%3A%2F%2Flucinea.com.br%2Fwp-admin%2Fuser%2Fabout.php&reauth=1 HTTP/2" 200 3382 "https://lucinea.com.br/wp-admin/user/about.php" "Go-http-client/2.0"
57.141.16.36 - - [22/Dec/2025:03:38:08 -0300] "GET /?p=44970132e6ag2 HTTP/2" 404 165201 "-" "meta-externalagent/1.1 (+https://developers.facebook.com/docs/sharing/webmasters/crawler)"
57.141.16.34 - - [22/Dec/2025:03:38:23 -0300] "GET /?p=21552060933jc HTTP/2" 404 165201 "-" "meta-externalagent/1.1 (+https://developers.facebook.com/docs/sharing/webmasters/crawler)"
57.141.16.39 - - [22/Dec/2025:03:38:54 -0300] "GET /?p=2645009fhi320 HTTP/2" 404 165201 "-" "meta-externalagent/1.1 (+https://developers.facebook.com/docs/sharing/webmasters/crawler)"
57.141.16.94 - - [22/Dec/2025:03:39:25 -0300] "GET /?p=2128798hj6g58 HTTP/2" 404 165201 "-" "meta-externalagent/1.1 (+https://developers.facebook.com/docs/sharing/webmasters/crawler)"
57.141.16.83 - - [22/Dec/2025:03:39:56 -0300] "GET /?p=22676437h98a7 HTTP/2" 404 165201 "-" "meta-externalagent/1.1 (+https://developers.facebook.com/docs/sharing/webmasters/crawler)"
57.141.16.90 - - [22/Dec/2025:03:40:11 -0300] "GET /?p=38523234fd353 HTTP/2" 404 165201 "-" "meta-externalagent/1.1 (+https://developers.facebook.com/docs/sharing/webmasters/crawler)"
57.141.16.7 - - [22/Dec/2025:03:40:42 -0300] "GET /?p=4453505bi50ba HTTP/2" 404 165201 "-" "meta-externalagent/1.1 (+https://developers.facebook.com/docs/sharing/webmasters/crawler)"
57.141.16.2 - - [22/Dec/2025:03:40:57 -0300] "GET /?p=1087026g8b0d6 HTTP/2" 404 165201 "-" "meta-externalagent/1.1 (+https://developers.facebook.com/docs/sharing/webmasters/crawler)"
187.33.241.49 - - [22/Dec/2025:03:41:14 -0300] "POST /wp-cron.php?doing_wp_cron=1766385674.0680680274963378906250 HTTP/1.1" 200 0 "-" "WordPress/6.9; https://lucinea.com.br"
57.141.16.77 - - [22/Dec/2025:03:41:29 -0300] "GET /?p=31716959403f3 HTTP/2" 404 165201 "-" "meta-externalagent/1.1 (+https://developers.facebook.com/docs/sharing/webmasters/crawler)"
57.141.16.5 - - [22/Dec/2025:03:33:00 -0300] "GET /?p=3616557beh06h HTTP/2" 404 165201 "-" "meta-externalagent/1.1 (+https://developers.facebook.com/docs/sharing/webmasters/crawler)"
57.141.16.33 - - [22/Dec/2025:03:33:30 -0300] "GET /?p=3036765bh989a HTTP/2" 404 165201 "-" "meta-externalagent/1.1 (+https://developers.facebook.com/docs/sharing/webmasters/crawler)"
57.141.16.21 - - [22/Dec/2025:03:34:32 -0300] "GET /?p=2902852g13555 HTTP/2" 404 165201 "-" "meta-externalagent/1.1 (+https://developers.facebook.com/docs/sharing/webmasters/crawler)"
57.141.16.59 - - [22/Dec/2025:03:35:03 -0300] "GET /?p=31348165abeig HTTP/2" 404 165201 "-" "meta-externalagent/1.1 (+https://developers.facebook.com/docs/sharing/webmasters/crawler)"
57.141.16.58 - - [22/Dec/2025:03:35:33 -0300] "GET /?p=44691176hib10 HTTP/2" 404 165201 "-" "meta-externalagent/1.1 (+https://developers.facebook.com/docs/sharing/webmasters/crawler)"
57.141.16.80 - - [22/Dec/2025:03:36:05 -0300] "GET /?p=1516081092aj0 HTTP/2" 404 165201 "-" "meta-externalagent/1.1 (+https://developers.facebook.com/docs/sharing/webmasters/crawler)"
57.141.16.39 - - [22/Dec/2025:03:36:35 -0300] "GET /?p=428482cc8573 HTTP/2" 404 165201 "-" "meta-externalagent/1.1 (+https://developers.facebook.com/docs/sharing/webmasters/crawler)"
57.141.16.83 - - [22/Dec/2025:03:37:22 -0300] "GET /?p=479460796hj20 HTTP/2" 404 165201 "-" "meta-externalagent/1.1 (+https://developers.facebook.com/docs/sharing/webmasters/crawler)"
57.141.16.80 - - [22/Dec/2025:03:38:39 -0300] "GET /?p=3818353a7h7ag HTTP/2" 404 165201 "-" "meta-externalagent/1.1 (+https://developers.facebook.com/docs/sharing/webmasters/crawler)"
187.33.241.49 - - [22/Dec/2025:03:38:54 -0300] "POST /wp-cron.php?doing_wp_cron=1766385534.8694729804992675781250 HTTP/1.1" 200 0 "-" "WordPress/6.9; https://lucinea.com.br"
57.141.16.72 - - [22/Dec/2025:03:39:40 -0300] "GET /?p=2095062d1h9bj HTTP/2" 404 165201 "-" "meta-externalagent/1.1 (+https://developers.facebook.com/docs/sharing/webmasters/crawler)"
57.141.16.17 - - [22/Dec/2025:03:40:27 -0300] "GET /?p=36866137iacf5 HTTP/2" 404 165201 "-" "meta-externalagent/1.1 (+https://developers.facebook.com/docs/sharing/webmasters/crawler)"
187.33.241.49 - - [22/Dec/2025:03:35:06 -0300] "POST /wp-cron.php?doing_wp_cron=1766385305.2273020744323730468750 HTTP/1.1" 200 0 "-" "WordPress/6.9; https://lucinea.com.br"
57.141.16.72 - - [22/Dec/2025:03:35:18 -0300] "GET /?p=31510178509ii HTTP/2" 404 165201 "-" "meta-externalagent/1.1 (+https://developers.facebook.com/docs/sharing/webmasters/crawler)"
57.141.16.74 - - [22/Dec/2025:03:36:20 -0300] "GET /?p=217891558je89 HTTP/2" 404 165201 "-" "meta-externalagent/1.1 (+https://developers.facebook.com/docs/sharing/webmasters/crawler)"
57.141.16.37 - - [22/Dec/2025:03:36:51 -0300] "GET /?p=456717di09hi HTTP/2" 404 165201 "-" "meta-externalagent/1.1 (+https://developers.facebook.com/docs/sharing/webmasters/crawler)"
57.141.16.84 - - [22/Dec/2025:03:37:06 -0300] "GET /?p=45299644764eb HTTP/2" 404 165201 "-" "meta-externalagent/1.1 (+https://developers.facebook.com/docs/sharing/webmasters/crawler)"
57.141.16.11 - - [22/Dec/2025:03:39:09 -0300] "GET /?p=1862518f85492 HTTP/2" 404 165201 "-" "meta-externalagent/1.1 (+https://developers.facebook.com/docs/sharing/webmasters/crawler)"
57.141.16.2 - - [22/Dec/2025:03:41:13 -0300] "GET /?p=1069845bh54fh HTTP/2" 404 165201 "-" "meta-externalagent/1.1 (+https://developers.facebook.com/docs/sharing/webmasters/crawler)"
57.141.16.25 - - [22/Dec/2025:03:50:57 -0300] "GET /?p=2782834d504ae HTTP/2" 404 165201 "-" "meta-externalagent/1.1 (+https://developers.facebook.com/docs/sharing/webmasters/crawler)"
57.141.16.13 - - [22/Dec/2025:03:51:44 -0300] "GET /?p=249482867fhc3 HTTP/2" 404 165201 "-" "meta-externalagent/1.1 (+https://developers.facebook.com/docs/sharing/webmasters/crawler)"
187.33.241.49 - - [22/Dec/2025:03:52:00 -0300] "POST /wp-cron.php?doing_wp_cron=1766386320.1896629333496093750000 HTTP/1.1" 200 0 "-" "WordPress/6.9; https://lucinea.com.br"
187.33.241.49 - - [22/Dec/2025:03:52:15 -0300] "POST /wp-cron.php?doing_wp_cron=1766386335.8999791145324707031250 HTTP/1.1" 200 0 "-" "WordPress/6.9; https://lucinea.com.br"
187.33.241.49 - - [22/Dec/2025:03:52:31 -0300] "POST /wp-cron.php?doing_wp_cron=1766386351.6543788909912109375000 HTTP/1.1" 200 0 "-" "WordPress/6.9; https://lucinea.com.br"
187.33.241.49 - - [22/Dec/2025:03:53:02 -0300] "POST /wp-cron.php?doing_wp_cron=1766386382.3434920310974121093750 HTTP/1.1" 200 0 "-" "WordPress/6.9; https://lucinea.com.br"
57.141.16.10 - - [22/Dec/2025:03:53:01 -0300] "GET /?p=5676314di227 HTTP/2" 404 165201 "-" "meta-externalagent/1.1 (+https://developers.facebook.com/docs/sharing/webmasters/crawler)"
57.141.16.94 - - [22/Dec/2025:03:53:31 -0300] "GET /?p=2621185cj9ddh HTTP/2" 404 165201 "-" "meta-externalagent/1.1 (+https://developers.facebook.com/docs/sharing/webmasters/crawler)"
104.208.66.28 - - [22/Dec/2025:03:54:19 -0300] "GET /wp-good.php HTTP/2" 401 53 "https://duckduckgo.com/" "Mozilla/5.0 (Linux; Android 13; SM-S908E) AppleWebKit/537.36 (KHTML, like Gecko) Chrome/116.0.0.0 Mobile Safari/537.36"
104.208.66.28 - - [22/Dec/2025:03:54:20 -0300] "GET /ioxi-o.php HTTP/2" 401 53 "https://www.google.de/" "Mozilla/5.0 (Linux; Android 14; Pixel 8 Pro) AppleWebKit/537.36 (KHTML, like Gecko) Chrome/119.0.0.0 Mobile Safari/537.36"
104.208.66.28 - - [22/Dec/2025:03:54:21 -0300] "GET /file.php HTTP/2" 401 53 "https://www.google.de/" "Mozilla/5.0 (Linux; Android 14; Pixel 8 Pro) AppleWebKit/537.36 (KHTML, like Gecko) Chrome/119.0.0.0 Mobile Safari/537.36"
104.208.66.28 - - [22/Dec/2025:03:54:21 -0300] "GET /wp-admin/css/colors/blue HTTP/2" 401 53 "https://www.bing.com/" "Mozilla/5.0 (iPad; CPU OS 16_7_2 like Mac OS X) AppleWebKit/605.1.15 (KHTML, like Gecko) Version/16.6 Mobile/15E148 Safari/604.1"
104.208.66.28 - - [22/Dec/2025:03:54:22 -0300] "GET /wp-signin.php HTTP/2" 401 53 "https://www.google.fr/" "Mozilla/5.0 (Linux; Android 13; SM-S908E) AppleWebKit/537.36 (KHTML, like Gecko) Chrome/116.0.0.0 Mobile Safari/537.36"
104.208.66.28 - - [22/Dec/2025:03:54:23 -0300] "GET /abcd.php HTTP/2" 401 53 "https://www.google.com/" "Mozilla/5.0 (iPad; CPU OS 16_7_2 like Mac OS X) AppleWebKit/605.1.15 (KHTML, like Gecko) Version/16.6 Mobile/15E148 Safari/604.1"
104.208.66.28 - - [22/Dec/2025:03:54:24 -0300] "GET /wp-includes/block-bindings HTTP/2" 401 53 "https://www.google.co.uk/" "Mozilla/5.0 (Linux; Android 13; SM-S908E) AppleWebKit/537.36 (KHTML, like Gecko) Chrome/116.0.0.0 Mobile Safari/537.36"
104.208.66.28 - - [22/Dec/2025:03:54:25 -0300] "GET /about.php HTTP/2" 401 53 "https://www.yahoo.com/" "Mozilla/5.0 (Linux; Android 11; CPH2251) AppleWebKit/537.36 (KHTML, like Gecko) Chrome/116.0.0.0 Mobile Safari/537.36"
104.208.66.28 - - [22/Dec/2025:03:54:25 -0300] "GET /bless.php HTTP/2" 401 53 "https://www.bing.com/" "Mozilla/5.0 (Linux; Android 12; V2134) AppleWebKit/537.36 (KHTML, like Gecko) Chrome/116.0.0.0 Mobile Safari/537.36"
104.208.66.28 - - [22/Dec/2025:03:54:26 -0300] "GET /images/install.php HTTP/2" 401 53 "https://www.google.com/" "Mozilla/5.0 (Linux; Android 12; SM-A525F) AppleWebKit/537.36 (KHTML, like Gecko) Chrome/117.0.0.0 Mobile Safari/537.36"
104.208.66.28 - - [22/Dec/2025:03:54:27 -0300] "GET /num.php HTTP/2" 401 53 "https://www.google.co.uk/" "Mozilla/5.0 (Linux; Android 13; M2101K6G) AppleWebKit/537.36 (KHTML, like Gecko) Chrome/116.0.0.0 Mobile Safari/537.36"
104.208.66.28 - - [22/Dec/2025:03:54:28 -0300] "GET /txets.php HTTP/2" 401 53 "https://duckduckgo.com/" "Mozilla/5.0 (iPhone; CPU iPhone OS 15_7_9 like Mac OS X) AppleWebKit/605.1.15 (KHTML, like Gecko) Version/15.6.5 Mobile/15E148 Safari/604.1"
104.208.66.28 - - [22/Dec/2025:03:54:29 -0300] "GET /wp-blog.php HTTP/2" 401 53 "https://duckduckgo.com/" "Mozilla/5.0 (Linux; Android 10; LM-Q720) AppleWebKit/537.36 (KHTML, like Gecko) Chrome/116.0.0.0 Mobile Safari/537.36"
104.208.66.28 - - [22/Dec/2025:03:54:29 -0300] "GET /wp-content/admin-header.php HTTP/2" 401 53 "https://www.google.de/" "Mozilla/5.0 (Linux; Android 11; 21081111RG) AppleWebKit/537.36 (KHTML, like Gecko) Chrome/116.0.0.0 Mobile Safari/537.36"
104.208.66.28 - - [22/Dec/2025:03:54:30 -0300] "GET /wp-content/themes/about.php HTTP/2" 401 53 "https://www.bing.com/" "Mozilla/5.0 (iPhone; CPU iPhone OS 17_0_3 like Mac OS X) AppleWebKit/605.1.15 (KHTML, like Gecko) Version/17.0.1 Mobile/15E148 Safari/604.1"
104.208.66.28 - - [22/Dec/2025:03:54:31 -0300] "GET /wp-includes/js/dist HTTP/2" 401 53 "https://www.google.com/" "Mozilla/5.0 (Linux; Android 12; 2201116SG) AppleWebKit/537.36 (KHTML, like Gecko) Chrome/116.0.0.0 Mobile Safari/537.36"
104.208.66.28 - - [22/Dec/2025:03:54:32 -0300] "GET /wp-includes/rest-api/fields HTTP/2" 401 53 "https://www.google.fr/" "Mozilla/5.0 (iPhone; CPU iPhone OS 17_1 like Mac OS X) AppleWebKit/605.1.15 (KHTML, like Gecko) CriOS/119.0.6045.109 Mobile/15E148 Safari/604.1"
104.208.66.28 - - [22/Dec/2025:03:54:33 -0300] "GET /wp.php HTTP/2" 401 53 "https://www.google.com/" "Mozilla/5.0 (iPad; CPU OS 17_0_3 like Mac OS X) AppleWebKit/605.1.15 (KHTML, like Gecko) Version/17.0.1 Mobile/15E148 Safari/604.1"
104.208.66.28 - - [22/Dec/2025:03:54:33 -0300] "GET /admin.php HTTP/2" 401 53 "https://www.google.de/" "Mozilla/5.0 (Linux; Android 11; 21081111RG) AppleWebKit/537.36 (KHTML, like Gecko) Chrome/116.0.0.0 Mobile Safari/537.36"
104.208.66.28 - - [22/Dec/2025:03:54:34 -0300] "GET /adminfuns.php HTTP/2" 401 53 "https://www.google.co.uk/" "Mozilla/5.0 (Linux; Android 13; M2101K6G) AppleWebKit/537.36 (KHTML, like Gecko) Chrome/116.0.0.0 Mobile Safari/537.36"
104.208.66.28 - - [22/Dec/2025:03:54:35 -0300] "GET /chosen.php HTTP/2" 401 53 "https://www.google.fr/" "Mozilla/5.0 (Linux; Android 13; SM-G991U) AppleWebKit/537.36 (KHTML, like Gecko) Chrome/117.0.0.0 Mobile Safari/537.36"
104.208.66.28 - - [22/Dec/2025:03:54:36 -0300] "GET /classwithtostring.php HTTP/2" 401 53 "https://www.google.fr/" "Mozilla/5.0 (Linux; Android 13; M2101K6G) AppleWebKit/537.36 (KHTML, like Gecko) Chrome/116.0.0.0 Mobile Safari/537.36"
104.208.66.28 - - [22/Dec/2025:03:54:37 -0300] "GET /edit.php HTTP/2" 401 53 "https://www.google.co.uk/" "Mozilla/5.0 (Linux; Android 11; 21081111RG) AppleWebKit/537.36 (KHTML, like Gecko) Chrome/116.0.0.0 Mobile Safari/537.36"
104.208.66.28 - - [22/Dec/2025:03:54:38 -0300] "GET /goods.php HTTP/2" 401 53 "https://www.google.co.uk/" "Mozilla/5.0 (Linux; Android 12; SM-A525F) AppleWebKit/537.36 (KHTML, like Gecko) Chrome/117.0.0.0 Mobile Safari/537.36"
104.208.66.28 - - [22/Dec/2025:03:54:38 -0300] "GET /k.php HTTP/2" 401 53 "https://www.bing.com/" "Mozilla/5.0 (Linux; Android 12; V2134) AppleWebKit/537.36 (KHTML, like Gecko) Chrome/116.0.0.0 Mobile Safari/537.36"
104.208.66.28 - - [22/Dec/2025:03:54:39 -0300] "GET /mah/function.php HTTP/2" 401 53 "https://www.google.com/" "Mozilla/5.0 (Linux; Android 12; V2134) AppleWebKit/537.36 (KHTML, like Gecko) Chrome/116.0.0.0 Mobile Safari/537.36"
104.208.66.28 - - [22/Dec/2025:03:54:40 -0300] "GET /wp-conflg/function.php HTTP/2" 401 53 "https://www.google.de/" "Mozilla/5.0 (Linux; Android 14; Pixel 8 Pro) AppleWebKit/537.36 (KHTML, like Gecko) Chrome/119.0.0.0 Mobile Safari/537.36"
104.208.66.28 - - [22/Dec/2025:03:54:41 -0300] "GET /wp-content/admin.php HTTP/2" 401 53 "https://www.google.fr/" "Mozilla/5.0 (Linux; Android 13; SM-S908E) AppleWebKit/537.36 (KHTML, like Gecko) Chrome/116.0.0.0 Mobile Safari/537.36"
104.208.66.28 - - [22/Dec/2025:03:54:42 -0300] "GET /wp-content/languages/index.php HTTP/2" 401 53 "https://www.google.com/" "Mozilla/5.0 (iPhone; CPU iPhone OS 17_1_1 like Mac OS X) AppleWebKit/605.1.15 (KHTML, like Gecko) Version/17.1 Mobile/15E148 Safari/604.1"
104.208.66.28 - - [22/Dec/2025:03:54:42 -0300] "GET /wp-includes/PHPMailer/index.php HTTP/2" 401 53 "https://www.google.de/" "Mozilla/5.0 (iPhone; CPU iPhone OS 16_0 like Mac OS X) AppleWebKit/605.1.15 (KHTML, like Gecko) FxiOS/118.0 Mobile/15E148 Safari/605.1.15"
104.208.66.28 - - [22/Dec/2025:03:54:43 -0300] "GET /wp-includes/images HTTP/2" 401 53 "https://www.google.co.uk/" "Mozilla/5.0 (iPhone; CPU iPhone OS 17_1_1 like Mac OS X) AppleWebKit/605.1.15 (KHTML, like Gecko) Version/17.1 Mobile/15E148 Safari/604.1"
104.208.66.28 - - [22/Dec/2025:03:54:44 -0300] "GET /wp-includes/images/index.php HTTP/2" 401 53 "https://www.bing.com/" "Mozilla/5.0 (iPhone; CPU iPhone OS 17_1_1 like Mac OS X) AppleWebKit/605.1.15 (KHTML, like Gecko) Version/17.1 Mobile/15E148 Safari/604.1"
104.208.66.28 - - [22/Dec/2025:03:54:45 -0300] "GET /wp-includes/js/dist/development HTTP/2" 401 53 "https://www.google.co.uk/" "Mozilla/5.0 (Linux; Android 13; SM-G991U) AppleWebKit/537.36 (KHTML, like Gecko) Chrome/117.0.0.0 Mobile Safari/537.36"
104.208.66.28 - - [22/Dec/2025:03:54:46 -0300] "GET /wp-user.php HTTP/2" 401 53 "https://www.yahoo.com/" "Mozilla/5.0 (iPhone; CPU iPhone OS 16_0 like Mac OS X) AppleWebKit/605.1.15 (KHTML, like Gecko) FxiOS/118.0 Mobile/15E148 Safari/605.1.15"
104.208.66.28 - - [22/Dec/2025:03:54:46 -0300] "GET /404.php HTTP/2" 401 53 "https://www.yahoo.com/" "Mozilla/5.0 (Linux; Android 13; M2101K6G) AppleWebKit/537.36 (KHTML, like Gecko) Chrome/116.0.0.0 Mobile Safari/537.36"
104.208.66.28 - - [22/Dec/2025:03:54:47 -0300] "GET /akcc.php HTTP/2" 401 53 "https://www.google.com/" "Mozilla/5.0 (Linux; Android 10; K) AppleWebKit/537.36 (KHTML, like Gecko) Chrome/117.0.0.0 Mobile Safari/537.36"
104.208.66.28 - - [22/Dec/2025:03:54:48 -0300] "GET /gg.php HTTP/2" 401 53 "https://www.google.fr/" "Mozilla/5.0 (Linux; Android 10; K) AppleWebKit/537.36 (KHTML, like Gecko) Chrome/117.0.0.0 Mobile Safari/537.36"
104.208.66.28 - - [22/Dec/2025:03:54:49 -0300] "GET /mah.php HTTP/2" 401 53 "https://www.google.de/" "Mozilla/5.0 (Linux; Android 10; LM-Q720) AppleWebKit/537.36 (KHTML, like Gecko) Chrome/116.0.0.0 Mobile Safari/537.36"
104.208.66.28 - - [22/Dec/2025:03:54:50 -0300] "GET /new.php HTTP/2" 401 53 "https://www.bing.com/" "Mozilla/5.0 (Linux; Android 10; K) AppleWebKit/537.36 (KHTML, like Gecko) Chrome/117.0.0.0 Mobile Safari/537.36"
104.208.66.28 - - [22/Dec/2025:03:54:50 -0300] "GET /themes.php HTTP/2" 401 53 "https://www.yahoo.com/" "Mozilla/5.0 (iPhone; CPU iPhone OS 16_0 like Mac OS X) AppleWebKit/605.1.15 (KHTML, like Gecko) FxiOS/118.0 Mobile/15E148 Safari/605.1.15"
104.208.66.28 - - [22/Dec/2025:03:54:51 -0300] "GET /uploads/index.php HTTP/2" 401 53 "https://duckduckgo.com/" "Mozilla/5.0 (iPhone; CPU iPhone OS 17_1_1 like Mac OS X) AppleWebKit/605.1.15 (KHTML, like Gecko) Version/17.1 Mobile/15E148 Safari/604.1"
104.208.66.28 - - [22/Dec/2025:03:54:52 -0300] "GET /wp-admin HTTP/2" 401 53 "https://www.yahoo.com/" "Mozilla/5.0 (Linux; Android 12; V2134) AppleWebKit/537.36 (KHTML, like Gecko) Chrome/116.0.0.0 Mobile Safari/537.36"
104.208.66.28 - - [22/Dec/2025:03:54:53 -0300] "GET /wp-admin/classwithtostring.php HTTP/2" 401 53 "https://www.google.com/" "Mozilla/5.0 (Linux; Android 10; LM-Q720) AppleWebKit/537.36 (KHTML, like Gecko) Chrome/116.0.0.0 Mobile Safari/537.36"
104.208.66.28 - - [22/Dec/2025:03:54:54 -0300] "GET /wp-admin/css HTTP/2" 401 53 "https://www.yahoo.com/" "Mozilla/5.0 (Linux; Android 12; SM-A525F) AppleWebKit/537.36 (KHTML, like Gecko) Chrome/117.0.0.0 Mobile Safari/537.36"
104.208.66.28 - - [22/Dec/2025:03:54:55 -0300] "GET /wp-admin/css/about.php HTTP/2" 401 53 "https://www.google.fr/" "Mozilla/5.0 (iPad; CPU OS 16_7_2 like Mac OS X) AppleWebKit/605.1.15 (KHTML, like Gecko) Version/16.6 Mobile/15E148 Safari/604.1"
104.208.66.28 - - [22/Dec/2025:03:54:55 -0300] "GET /wp-admin/includes/colour.php HTTP/2" 401 53 "https://www.bing.com/" "Mozilla/5.0 (iPad; CPU OS 17_0_3 like Mac OS X) AppleWebKit/605.1.15 (KHTML, like Gecko) Version/17.0.1 Mobile/15E148 Safari/604.1"
104.208.66.28 - - [22/Dec/2025:03:54:56 -0300] "GET /wp-admin/js HTTP/2" 401 53 "https://www.google.co.uk/" "Mozilla/5.0 (Linux; Android 14; Pixel 8 Pro) AppleWebKit/537.36 (KHTML, like Gecko) Chrome/119.0.0.0 Mobile Safari/537.36"
104.208.66.28 - - [22/Dec/2025:03:54:57 -0300] "GET /wp-admin/js/autoload_classmap.php HTTP/2" 401 53 "https://www.google.de/" "Mozilla/5.0 (iPad; CPU OS 16_7_2 like Mac OS X) AppleWebKit/605.1.15 (KHTML, like Gecko) Version/16.6 Mobile/15E148 Safari/604.1"
104.208.66.28 - - [22/Dec/2025:03:54:58 -0300] "GET /wp-admin/js/widgets HTTP/2" 401 53 "https://www.google.fr/" "Mozilla/5.0 (Linux; Android 13; M2101K6G) AppleWebKit/537.36 (KHTML, like Gecko) Chrome/116.0.0.0 Mobile Safari/537.36"
104.208.66.28 - - [22/Dec/2025:03:54:59 -0300] "GET /wp-content/autoload_classmap.php HTTP/2" 401 53 "https://www.google.com/" "Mozilla/5.0 (Linux; Android 12; 2201116SG) AppleWebKit/537.36 (KHTML, like Gecko) Chrome/116.0.0.0 Mobile Safari/537.36"
104.208.66.28 - - [22/Dec/2025:03:54:59 -0300] "GET /wp-content/backups-dup-lite HTTP/2" 401 53 "https://www.yahoo.com/" "Mozilla/5.0 (Linux; Android 14; Pixel 8 Pro) AppleWebKit/537.36 (KHTML, like Gecko) Chrome/119.0.0.0 Mobile Safari/537.36"
104.208.66.28 - - [22/Dec/2025:03:55:00 -0300] "GET /wp-content/languages HTTP/2" 401 53 "https://www.google.fr/" "Mozilla/5.0 (Linux; Android 10; K) AppleWebKit/537.36 (KHTML, like Gecko) Chrome/117.0.0.0 Mobile Safari/537.36"
104.208.66.28 - - [22/Dec/2025:03:55:01 -0300] "GET /wp-content/plugins/admin.php HTTP/2" 401 53 "https://www.google.co.uk/" "Mozilla/5.0 (iPhone; CPU iPhone OS 17_1_1 like Mac OS X) AppleWebKit/605.1.15 (KHTML, like Gecko) Version/17.1 Mobile/15E148 Safari/604.1"
104.208.66.28 - - [22/Dec/2025:03:55:02 -0300] "GET /wp-content/themes/admin.php HTTP/2" 401 53 "https://www.google.fr/" "Mozilla/5.0 (iPhone; CPU iPhone OS 15_7_9 like Mac OS X) AppleWebKit/605.1.15 (KHTML, like Gecko) Version/15.6.5 Mobile/15E148 Safari/604.1"
104.208.66.28 - - [22/Dec/2025:03:55:03 -0300] "GET /wp-content/uploads HTTP/2" 401 53 "https://www.google.fr/" "Mozilla/5.0 (Linux; Android 12; SM-A525F) AppleWebKit/537.36 (KHTML, like Gecko) Chrome/117.0.0.0 Mobile Safari/537.36"
104.208.66.28 - - [22/Dec/2025:03:55:04 -0300] "GET /wp-content/uploads/2025 HTTP/2" 401 53 "https://www.yahoo.com/" "Mozilla/5.0 (Linux; Android 10; LM-Q720) AppleWebKit/537.36 (KHTML, like Gecko) Chrome/116.0.0.0 Mobile Safari/537.36"
104.208.66.28 - - [22/Dec/2025:03:55:05 -0300] "GET /wp-includes/IXR HTTP/2" 401 53 "https://www.google.com/" "Mozilla/5.0 (iPad; CPU OS 17_0_3 like Mac OS X) AppleWebKit/605.1.15 (KHTML, like Gecko) Version/17.0.1 Mobile/15E148 Safari/604.1"
104.208.66.28 - - [22/Dec/2025:03:55:05 -0300] "GET /wp-includes/IXR/index.php HTTP/2" 401 53 "https://www.google.com/" "Mozilla/5.0 (iPad; CPU OS 17_0_3 like Mac OS X) AppleWebKit/605.1.15 (KHTML, like Gecko) Version/17.0.1 Mobile/15E148 Safari/604.1"
104.208.66.28 - - [22/Dec/2025:03:55:06 -0300] "GET /wp-includes/SimplePie/index.php HTTP/2" 401 53 "https://www.google.com/" "Mozilla/5.0 (iPhone; CPU iPhone OS 17_1_1 like Mac OS X) AppleWebKit/605.1.15 (KHTML, like Gecko) Version/17.1 Mobile/15E148 Safari/604.1"
104.208.66.28 - - [22/Dec/2025:03:55:07 -0300] "GET /wp-includes/Text HTTP/2" 401 53 "https://www.google.de/" "Mozilla/5.0 (Linux; Android 12; V2134) AppleWebKit/537.36 (KHTML, like Gecko) Chrome/116.0.0.0 Mobile Safari/537.36"
104.208.66.28 - - [22/Dec/2025:03:55:08 -0300] "GET /wp-includes/Text/Diff/Engine HTTP/2" 401 53 "https://www.google.com/" "Mozilla/5.0 (Linux; Android 13; SM-G991U) AppleWebKit/537.36 (KHTML, like Gecko) Chrome/117.0.0.0 Mobile Safari/537.36"
57.141.16.63 - - [22/Dec/2025:03:42:45 -0300] "GET /?p=32140537g24e5 HTTP/2" 404 165201 "-" "meta-externalagent/1.1 (+https://developers.facebook.com/docs/sharing/webmasters/crawler)"
57.141.16.60 - - [22/Dec/2025:03:43:01 -0300] "GET /?p=353246989f018 HTTP/2" 404 165201 "-" "meta-externalagent/1.1 (+https://developers.facebook.com/docs/sharing/webmasters/crawler)"
57.141.16.78 - - [22/Dec/2025:03:43:16 -0300] "GET /?p=4455755ia21a4 HTTP/2" 404 165201 "-" "meta-externalagent/1.1 (+https://developers.facebook.com/docs/sharing/webmasters/crawler)"
57.141.16.66 - - [22/Dec/2025:03:44:02 -0300] "GET /?p=1065293a4abb HTTP/2" 404 165201 "-" "meta-externalagent/1.1 (+https://developers.facebook.com/docs/sharing/webmasters/crawler)"
187.33.241.49 - - [22/Dec/2025:03:44:17 -0300] "POST /wp-cron.php?doing_wp_cron=1766385857.7241809368133544921875 HTTP/1.1" 200 0 "-" "WordPress/6.9; https://lucinea.com.br"
57.141.16.87 - - [22/Dec/2025:03:44:17 -0300] "GET /?p=2303749feb85 HTTP/2" 404 165201 "-" "meta-externalagent/1.1 (+https://developers.facebook.com/docs/sharing/webmasters/crawler)"
57.141.16.45 - - [22/Dec/2025:03:45:19 -0300] "GET /?p=417532914hbhf HTTP/2" 404 165201 "-" "meta-externalagent/1.1 (+https://developers.facebook.com/docs/sharing/webmasters/crawler)"
187.33.241.49 - - [22/Dec/2025:03:46:02 -0300] "POST /wp-cron.php?doing_wp_cron=1766385962.6743938922882080078125 HTTP/1.1" 200 0 "-" "WordPress/6.9; https://lucinea.com.br"
185.181.252.23 - - [22/Dec/2025:03:46:02 -0300] "POST /xmlrpc.php HTTP/2" 200 209 "-" "Mozilla/5.0 (Macintosh; Intel Mac OS X 10_11_6) AppleWebKit/537.36 (KHTML, like Gecko) Chrome/67.0.3396.79 Safari/537.36"
187.33.241.49 - - [22/Dec/2025:03:46:57 -0300] "POST /wp-cron.php?doing_wp_cron=1766386017.0189919471740722656250 HTTP/1.1" 200 0 "-" "WordPress/6.9; https://lucinea.com.br"
57.141.16.49 - - [22/Dec/2025:03:47:22 -0300] "GET /?p=1553558c88ga HTTP/2" 404 165201 "-" "meta-externalagent/1.1 (+https://developers.facebook.com/docs/sharing/webmasters/crawler)"
187.33.241.49 - - [22/Dec/2025:03:47:54 -0300] "POST /wp-cron.php?doing_wp_cron=1766386074.2600560188293457031250 HTTP/1.1" 200 0 "-" "WordPress/6.9; https://lucinea.com.br"
57.141.16.88 - - [22/Dec/2025:03:47:53 -0300] "GET /?p=567418e28gf0 HTTP/2" 404 165201 "-" "meta-externalagent/1.1 (+https://developers.facebook.com/docs/sharing/webmasters/crawler)"
57.141.16.82 - - [22/Dec/2025:03:49:10 -0300] "GET /?p=210601hej5a2 HTTP/2" 404 165201 "-" "meta-externalagent/1.1 (+https://developers.facebook.com/docs/sharing/webmasters/crawler)"
187.33.241.49 - - [22/Dec/2025:03:49:26 -0300] "POST /wp-cron.php?doing_wp_cron=1766386166.4571430683135986328125 HTTP/1.1" 200 0 "-" "WordPress/6.9; https://lucinea.com.br"
57.141.16.14 - - [22/Dec/2025:03:49:25 -0300] "GET /?p=29192901a7453 HTTP/2" 404 165201 "-" "meta-externalagent/1.1 (+https://developers.facebook.com/docs/sharing/webmasters/crawler)"
57.141.16.89 - - [22/Dec/2025:03:49:41 -0300] "GET /?p=42496583j3bih HTTP/2" 404 165201 "-" "meta-externalagent/1.1 (+https://developers.facebook.com/docs/sharing/webmasters/crawler)"
187.33.241.49 - - [22/Dec/2025:03:49:57 -0300] "POST /wp-cron.php?doing_wp_cron=1766386197.5727429389953613281250 HTTP/1.1" 200 0 "-" "WordPress/6.9; https://lucinea.com.br"
57.141.16.8 - - [22/Dec/2025:03:50:12 -0300] "GET /?p=1962314egj46d HTTP/2" 404 165201 "-" "meta-externalagent/1.1 (+https://developers.facebook.com/docs/sharing/webmasters/crawler)"
57.141.16.16 - - [22/Dec/2025:03:42:30 -0300] "GET /?p=1084716h74492 HTTP/2" 404 165201 "-" "meta-externalagent/1.1 (+https://developers.facebook.com/docs/sharing/webmasters/crawler)"
57.141.16.89 - - [22/Dec/2025:03:43:47 -0300] "GET /?p=8415168a18i6 HTTP/2" 404 165201 "-" "meta-externalagent/1.1 (+https://developers.facebook.com/docs/sharing/webmasters/crawler)"
187.33.241.49 - - [22/Dec/2025:03:45:04 -0300] "POST /wp-cron.php?doing_wp_cron=1766385904.6374070644378662109375 HTTP/1.1" 200 0 "-" "WordPress/6.9; https://lucinea.com.br"
57.141.16.84 - - [22/Dec/2025:03:45:35 -0300] "GET /?p=4283867h5c9jh HTTP/2" 404 165201 "-" "meta-externalagent/1.1 (+https://developers.facebook.com/docs/sharing/webmasters/crawler)"
187.33.241.49 - - [22/Dec/2025:03:46:21 -0300] "POST /wp-cron.php?doing_wp_cron=1766385981.5537970066070556640625 HTTP/1.1" 200 0 "-" "WordPress/6.9; https://lucinea.com.br"
101.44.80.245 - - [22/Dec/2025:03:46:32 -0300] "GET / HTTP/2" 200 32636 "http://lucinea.com.br" "Mozilla/5.0 (Windows NT 10.0; Win64; x64) AppleWebKit/537.36 (KHTML, like Gecko) Chrome/90.0.4430.212 Safari/537.36"
101.44.80.245 - - [22/Dec/2025:03:46:38 -0300] "GET / HTTP/2" 200 32636 "http://lucinea.com.br" "Mozilla/5.0+(compatible;+Googlebot/2.1;++http://www.google.com/bot.html)"
57.141.16.55 - - [22/Dec/2025:03:47:07 -0300] "GET /?p=476825405027j HTTP/2" 404 165201 "-" "meta-externalagent/1.1 (+https://developers.facebook.com/docs/sharing/webmasters/crawler)"
187.33.241.49 - - [22/Dec/2025:03:47:23 -0300] "POST /wp-cron.php?doing_wp_cron=1766386043.8299291133880615234375 HTTP/1.1" 200 0 "-" "WordPress/6.9; https://lucinea.com.br"
187.33.241.49 - - [22/Dec/2025:03:48:25 -0300] "POST /wp-cron.php?doing_wp_cron=1766386105.3574390411376953125000 HTTP/1.1" 200 0 "-" "WordPress/6.9; https://lucinea.com.br"
57.141.16.59 - - [22/Dec/2025:03:48:24 -0300] "GET /?p=2026403c42cc HTTP/2" 404 165201 "-" "meta-externalagent/1.1 (+https://developers.facebook.com/docs/sharing/webmasters/crawler)"
57.141.16.9 - - [22/Dec/2025:03:48:39 -0300] "GET /?p=40154294a8251 HTTP/2" 404 165201 "-" "meta-externalagent/1.1 (+https://developers.facebook.com/docs/sharing/webmasters/crawler)"
187.33.241.49 - - [22/Dec/2025:03:50:13 -0300] "POST /wp-cron.php?doing_wp_cron=1766386213.0468680858612060546875 HTTP/1.1" 200 0 "-" "WordPress/6.9; https://lucinea.com.br"
57.141.16.98 - - [22/Dec/2025:03:50:27 -0300] "GET /?p=21631131j2cfi HTTP/2" 404 165201 "-" "meta-externalagent/1.1 (+https://developers.facebook.com/docs/sharing/webmasters/crawler)"
57.141.16.39 - - [22/Dec/2025:03:41:44 -0300] "GET /?p=34952389i1a81 HTTP/2" 404 165201 "-" "meta-externalagent/1.1 (+https://developers.facebook.com/docs/sharing/webmasters/crawler)"
57.141.16.38 - - [22/Dec/2025:03:41:58 -0300] "GET /?p=364796181b358 HTTP/2" 404 165201 "-" "meta-externalagent/1.1 (+https://developers.facebook.com/docs/sharing/webmasters/crawler)"
57.141.16.11 - - [22/Dec/2025:03:42:14 -0300] "GET /?p=277283981bb67 HTTP/2" 404 165201 "-" "meta-externalagent/1.1 (+https://developers.facebook.com/docs/sharing/webmasters/crawler)"
57.141.16.15 - - [22/Dec/2025:03:43:31 -0300] "GET /?p=1593944afha48 HTTP/2" 404 165201 "-" "meta-externalagent/1.1 (+https://developers.facebook.com/docs/sharing/webmasters/crawler)"
187.33.241.49 - - [22/Dec/2025:03:44:03 -0300] "POST /wp-cron.php?doing_wp_cron=1766385843.3689980506896972656250 HTTP/1.1" 200 0 "-" "WordPress/6.9; https://lucinea.com.br"
57.141.16.6 - - [22/Dec/2025:03:44:33 -0300] "GET /?p=27177471efc38 HTTP/2" 404 165201 "-" "meta-externalagent/1.1 (+https://developers.facebook.com/docs/sharing/webmasters/crawler)"
57.141.16.75 - - [22/Dec/2025:03:44:48 -0300] "GET /?p=3023283h555d3 HTTP/2" 404 165201 "-" "meta-externalagent/1.1 (+https://developers.facebook.com/docs/sharing/webmasters/crawler)"
57.141.16.78 - - [22/Dec/2025:03:45:03 -0300] "GET /?p=4825504h8a3fi HTTP/2" 404 165201 "-" "meta-externalagent/1.1 (+https://developers.facebook.com/docs/sharing/webmasters/crawler)"
187.33.241.49 - - [22/Dec/2025:03:45:20 -0300] "POST /wp-cron.php?doing_wp_cron=1766385920.0348620414733886718750 HTTP/1.1" 200 0 "-" "WordPress/6.9; https://lucinea.com.br"
51.68.247.196 - - [22/Dec/2025:03:45:48 -0300] "GET /wp-includes/widgets/class-wp-widget-meta.php HTTP/2" 500 0 "-" "Mozilla/5.0 (compatible; AhrefsBot/7.0; +http://ahrefs.com/robot/)"
57.141.16.42 - - [22/Dec/2025:03:45:49 -0300] "GET /?p=10306828e4aj5 HTTP/2" 404 165201 "-" "meta-externalagent/1.1 (+https://developers.facebook.com/docs/sharing/webmasters/crawler)"
57.141.16.3 - - [22/Dec/2025:03:46:05 -0300] "GET /?p=1676104g93i3e HTTP/2" 404 165201 "-" "meta-externalagent/1.1 (+https://developers.facebook.com/docs/sharing/webmasters/crawler)"
57.141.16.87 - - [22/Dec/2025:03:46:21 -0300] "GET /?p=1811801gh89f4 HTTP/2" 404 165201 "-" "meta-externalagent/1.1 (+https://developers.facebook.com/docs/sharing/webmasters/crawler)"
57.141.16.64 - - [22/Dec/2025:03:46:36 -0300] "GET /?p=48458631cga73 HTTP/2" 404 165201 "-" "meta-externalagent/1.1 (+https://developers.facebook.com/docs/sharing/webmasters/crawler)"
57.141.16.94 - - [22/Dec/2025:03:46:51 -0300] "GET /?p=624238690ej3 HTTP/2" 404 165201 "-" "meta-externalagent/1.1 (+https://developers.facebook.com/docs/sharing/webmasters/crawler)"
57.141.16.51 - - [22/Dec/2025:03:47:38 -0300] "GET /?p=3072132jcc962 HTTP/2" 404 165201 "-" "meta-externalagent/1.1 (+https://developers.facebook.com/docs/sharing/webmasters/crawler)"
57.141.16.77 - - [22/Dec/2025:03:48:09 -0300] "GET /?p=2067734h18b1h HTTP/2" 404 165201 "-" "meta-externalagent/1.1 (+https://developers.facebook.com/docs/sharing/webmasters/crawler)"
187.33.241.49 - - [22/Dec/2025:03:48:55 -0300] "POST /wp-cron.php?doing_wp_cron=1766386135.3736660480499267578125 HTTP/1.1" 200 0 "-" "WordPress/6.9; https://lucinea.com.br"
57.141.16.59 - - [22/Dec/2025:03:48:54 -0300] "GET /?p=1066519di76e5 HTTP/2" 404 165201 "-" "meta-externalagent/1.1 (+https://developers.facebook.com/docs/sharing/webmasters/crawler)"
57.141.16.50 - - [22/Dec/2025:03:49:56 -0300] "GET /?p=1046055j64184 HTTP/2" 404 165201 "-" "meta-externalagent/1.1 (+https://developers.facebook.com/docs/sharing/webmasters/crawler)"
104.208.66.28 - - [22/Dec/2025:03:55:09 -0300] "GET /wp-includes/block-bindings/index.php HTTP/2" 401 53 "https://duckduckgo.com/" "Mozilla/5.0 (Linux; Android 13; SM-S908E) AppleWebKit/537.36 (KHTML, like Gecko) Chrome/116.0.0.0 Mobile Safari/537.36"
104.208.66.28 - - [22/Dec/2025:03:55:09 -0300] "GET /wp-includes/block-supports HTTP/2" 401 53 "https://www.google.de/" "Mozilla/5.0 (iPhone; CPU iPhone OS 17_0_3 like Mac OS X) AppleWebKit/605.1.15 (KHTML, like Gecko) Version/17.0.1 Mobile/15E148 Safari/604.1"
104.208.66.28 - - [22/Dec/2025:03:55:10 -0300] "GET /wp-includes/blocks/code HTTP/2" 401 53 "https://www.google.com/" "Mozilla/5.0 (iPhone; CPU iPhone OS 16_6_1 like Mac OS X) AppleWebKit/605.1.15 (KHTML, like Gecko) Version/16.6 Mobile/15E148 Safari/604.1"
104.208.66.28 - - [22/Dec/2025:03:55:11 -0300] "GET /wp-includes/customize/chosen.php HTTP/2" 401 53 "https://www.yahoo.com/" "Mozilla/5.g (Linux; Android 13; Pixel 7) AppleWebKit/537.36 (KHTML, like Gecko) Chrome/116.0.0.0 Mobile Safari/537.36"
104.208.66.28 - - [22/Dec/2025:03:55:12 -0300] "GET /wp-includes/html-api/index.php HTTP/2" 401 53 "https://www.google.com/" "Mozilla/5.0 (Linux; Android 11; CPH2251) AppleWebKit/537.36 (KHTML, like Gecko) Chrome/116.0.0.0 Mobile Safari/537.36"
104.208.66.28 - - [22/Dec/2025:03:55:13 -0300] "GET /wp-includes/index.php HTTP/2" 401 53 "https://duckduckgo.com/" "Mozilla/5.0 (Linux; Android 10; K) AppleWebKit/537.36 (KHTML, like Gecko) Chrome/117.0.0.0 Mobile Safari/537.36"
104.208.66.28 - - [22/Dec/2025:03:55:13 -0300] "GET /wp-includes/js/dist/development/index.php HTTP/2" 401 53 "https://www.google.co.uk/" "Mozilla/5.0 (Linux; Android 10; LM-Q720) AppleWebKit/537.36 (KHTML, like Gecko) Chrome/116.0.0.0 Mobile Safari/537.36"
104.208.66.28 - - [22/Dec/2025:03:55:14 -0300] "GET /wp-includes/pomo/index.php HTTP/2" 401 53 "https://duckduckgo.com/" "Mozilla/5.0 (Linux; Android 13; SM-S908E) AppleWebKit/537.36 (KHTML, like Gecko) Chrome/116.0.0.0 Mobile Safari/537.36"
104.208.66.28 - - [22/Dec/2025:03:55:15 -0300] "GET /wp-includes/rest-api HTTP/2" 401 53 "https://www.google.com/" "Mozilla/5.0 (iPad; CPU OS 17_0_3 like Mac OS X) AppleWebKit/605.1.15 (KHTML, like Gecko) Version/17.0.1 Mobile/15E148 Safari/604.1"
104.208.66.28 - - [22/Dec/2025:03:55:16 -0300] "GET /wp-includes/sitemaps/autoload_classmap.php HTTP/2" 401 53 "https://www.google.com/" "Mozilla/5.0 (Linux; Android 14; Pixel 8 Pro) AppleWebKit/537.36 (KHTML, like Gecko) Chrome/119.0.0.0 Mobile Safari/537.36"
104.208.66.28 - - [22/Dec/2025:03:55:17 -0300] "GET /wp-includes/theme-compat HTTP/2" 401 53 "https://www.google.co.uk/" "Mozilla/5.0 (Linux; Android 13; SM-G991U) AppleWebKit/537.36 (KHTML, like Gecko) Chrome/117.0.0.0 Mobile Safari/537.36"
57.141.16.19 - - [22/Dec/2025:03:55:35 -0300] "GET /?p=3430815ccfh19 HTTP/2" 404 165201 "-" "meta-externalagent/1.1 (+https://developers.facebook.com/docs/sharing/webmasters/crawler)"
57.141.16.84 - - [22/Dec/2025:03:55:50 -0300] "GET /?p=20742991ee4ie HTTP/2" 404 165201 "-" "meta-externalagent/1.1 (+https://developers.facebook.com/docs/sharing/webmasters/crawler)"
187.33.241.49 - - [22/Dec/2025:03:57:23 -0300] "POST /wp-cron.php?doing_wp_cron=1766386643.8014049530029296875000 HTTP/1.1" 200 0 "-" "WordPress/6.9; https://lucinea.com.br"
57.141.16.13 - - [22/Dec/2025:03:57:23 -0300] "GET /?p=3202778h57di5 HTTP/2" 404 165201 "-" "meta-externalagent/1.1 (+https://developers.facebook.com/docs/sharing/webmasters/crawler)"
57.141.16.85 - - [22/Dec/2025:03:57:38 -0300] "GET /?p=2213805dibah9 HTTP/2" 404 165201 "-" "meta-externalagent/1.1 (+https://developers.facebook.com/docs/sharing/webmasters/crawler)"
57.141.16.56 - - [22/Dec/2025:03:58:09 -0300] "GET /?p=102575946h537 HTTP/2" 404 165201 "-" "meta-externalagent/1.1 (+https://developers.facebook.com/docs/sharing/webmasters/crawler)"
57.141.16.91 - - [22/Dec/2025:03:50:43 -0300] "GET /?p=2777732f1bdge HTTP/2" 404 165201 "-" "meta-externalagent/1.1 (+https://developers.facebook.com/docs/sharing/webmasters/crawler)"
187.33.241.49 - - [22/Dec/2025:03:50:58 -0300] "POST /wp-cron.php?doing_wp_cron=1766386258.2410309314727783203125 HTTP/1.1" 200 0 "-" "WordPress/6.9; https://lucinea.com.br"
57.141.16.95 - - [22/Dec/2025:03:51:13 -0300] "GET /?p=2235910j7ib55 HTTP/2" 404 165201 "-" "meta-externalagent/1.1 (+https://developers.facebook.com/docs/sharing/webmasters/crawler)"
57.141.16.89 - - [22/Dec/2025:03:51:28 -0300] "GET /?p=674096ff78da HTTP/2" 404 165201 "-" "meta-externalagent/1.1 (+https://developers.facebook.com/docs/sharing/webmasters/crawler)"
57.141.16.49 - - [22/Dec/2025:03:51:59 -0300] "GET /?p=56250634230c HTTP/2" 404 165201 "-" "meta-externalagent/1.1 (+https://developers.facebook.com/docs/sharing/webmasters/crawler)"
57.141.16.22 - - [22/Dec/2025:03:52:30 -0300] "GET /?p=254031343ef6e HTTP/2" 404 165201 "-" "meta-externalagent/1.1 (+https://developers.facebook.com/docs/sharing/webmasters/crawler)"
187.33.241.49 - - [22/Dec/2025:03:54:03 -0300] "POST /wp-cron.php?doing_wp_cron=1766386443.6741859912872314453125 HTTP/1.1" 200 0 "-" "WordPress/6.9; https://lucinea.com.br"
187.33.241.49 - - [22/Dec/2025:03:54:18 -0300] "POST /wp-cron.php?doing_wp_cron=1766386458.8236129283905029296875 HTTP/1.1" 200 0 "-" "WordPress/6.9; https://lucinea.com.br"
57.141.16.87 - - [22/Dec/2025:03:54:18 -0300] "GET /?p=2528346be3fc0 HTTP/2" 404 165201 "-" "meta-externalagent/1.1 (+https://developers.facebook.com/docs/sharing/webmasters/crawler)"
57.141.16.0 - - [22/Dec/2025:03:55:05 -0300] "GET /?p=1949127id72a1 HTTP/2" 404 165201 "-" "meta-externalagent/1.1 (+https://developers.facebook.com/docs/sharing/webmasters/crawler)"
187.33.241.49 - - [22/Dec/2025:03:55:20 -0300] "POST /wp-cron.php?doing_wp_cron=1766386520.5634799003601074218750 HTTP/1.1" 200 0 "-" "WordPress/6.9; https://lucinea.com.br"
57.141.16.56 - - [22/Dec/2025:03:55:19 -0300] "GET /?p=32397281be76i HTTP/2" 404 165201 "-" "meta-externalagent/1.1 (+https://developers.facebook.com/docs/sharing/webmasters/crawler)"
57.141.16.37 - - [22/Dec/2025:03:56:36 -0300] "GET /?p=23901386ajacb HTTP/2" 404 165201 "-" "meta-externalagent/1.1 (+https://developers.facebook.com/docs/sharing/webmasters/crawler)"
178.175.144.73 - - [22/Dec/2025:03:56:46 -0300] "GET /wp-login.php HTTP/1.1" 200 9845 "-" "Mozilla/5.0 (Windows NT 10.0; Win64; x64) AppleWebKit/537.36 (KHTML, like Gecko) Chrome/114.0.0.0 Safari/537.36"
187.33.241.49 - - [22/Dec/2025:03:56:53 -0300] "POST /wp-cron.php?doing_wp_cron=1766386613.5691111087799072265625 HTTP/1.1" 200 0 "-" "WordPress/6.9; https://lucinea.com.br"
57.141.16.5 - - [22/Dec/2025:03:57:54 -0300] "GET /?p=44334103h3dcb HTTP/2" 404 165201 "-" "meta-externalagent/1.1 (+https://developers.facebook.com/docs/sharing/webmasters/crawler)"
187.33.241.49 - - [22/Dec/2025:03:51:15 -0300] "POST /wp-cron.php?doing_wp_cron=1766386274.9733901023864746093750 HTTP/1.1" 200 0 "-" "WordPress/6.9; https://lucinea.com.br"
57.141.16.44 - - [22/Dec/2025:03:52:15 -0300] "GET /?p=43835019174f HTTP/2" 404 165201 "-" "meta-externalagent/1.1 (+https://developers.facebook.com/docs/sharing/webmasters/crawler)"
57.141.16.0 - - [22/Dec/2025:03:52:46 -0300] "GET /?p=1189381eh9ci1 HTTP/2" 404 165201 "-" "meta-externalagent/1.1 (+https://developers.facebook.com/docs/sharing/webmasters/crawler)"
187.33.241.49 - - [22/Dec/2025:03:53:17 -0300] "POST /wp-cron.php?doing_wp_cron=1766386397.5715420246124267578125 HTTP/1.1" 200 0 "-" "WordPress/6.9; https://lucinea.com.br"
57.141.16.88 - - [22/Dec/2025:03:53:17 -0300] "GET /?p=4754102ae567e HTTP/2" 404 165201 "-" "meta-externalagent/1.1 (+https://developers.facebook.com/docs/sharing/webmasters/crawler)"
57.141.16.81 - - [22/Dec/2025:03:53:47 -0300] "GET /?p=179964110517a HTTP/2" 404 165201 "-" "meta-externalagent/1.1 (+https://developers.facebook.com/docs/sharing/webmasters/crawler)"
57.141.16.37 - - [22/Dec/2025:03:54:03 -0300] "GET /?p=1795162db3853 HTTP/2" 404 165201 "-" "meta-externalagent/1.1 (+https://developers.facebook.com/docs/sharing/webmasters/crawler)"
57.141.16.52 - - [22/Dec/2025:03:54:33 -0300] "GET /?p=4429480ea3g9c HTTP/2" 404 165201 "-" "meta-externalagent/1.1 (+https://developers.facebook.com/docs/sharing/webmasters/crawler)"
57.141.16.44 - - [22/Dec/2025:03:54:48 -0300] "GET /?p=253806562088a HTTP/2" 404 165201 "-" "meta-externalagent/1.1 (+https://developers.facebook.com/docs/sharing/webmasters/crawler)"
187.33.241.49 - - [22/Dec/2025:03:55:06 -0300] "POST /wp-cron.php?doing_wp_cron=1766386506.3473010063171386718750 HTTP/1.1" 200 0 "-" "WordPress/6.9; https://lucinea.com.br"
187.33.241.49 - - [22/Dec/2025:03:56:07 -0300] "POST /wp-cron.php?doing_wp_cron=1766386567.5604031085968017578125 HTTP/1.1" 200 0 "-" "WordPress/6.9; https://lucinea.com.br"
57.141.16.94 - - [22/Dec/2025:03:56:06 -0300] "GET /?p=353049465a544 HTTP/2" 404 165201 "-" "meta-externalagent/1.1 (+https://developers.facebook.com/docs/sharing/webmasters/crawler)"
187.33.241.49 - - [22/Dec/2025:03:56:22 -0300] "POST /wp-cron.php?doing_wp_cron=1766386582.5972990989685058593750 HTTP/1.1" 200 0 "-" "WordPress/6.9; https://lucinea.com.br"
57.141.16.92 - - [22/Dec/2025:03:56:21 -0300] "GET /?p=137740791gf54 HTTP/2" 404 165201 "-" "meta-externalagent/1.1 (+https://developers.facebook.com/docs/sharing/webmasters/crawler)"
178.175.144.73 - - [22/Dec/2025:03:56:48 -0300] "POST /wp-login.php HTTP/1.1" 200 10281 "-" "Mozilla/5.0 (Windows NT 10.0; Win64; x64) AppleWebKit/537.36 (KHTML, like Gecko) Chrome/114.0.0.0 Safari/537.36"
57.141.16.21 - - [22/Dec/2025:03:56:52 -0300] "GET /?p=28214864b1c5b HTTP/2" 404 165201 "-" "meta-externalagent/1.1 (+https://developers.facebook.com/docs/sharing/webmasters/crawler)"
57.141.16.28 - - [22/Dec/2025:03:57:07 -0300] "GET /?p=40129096g3ii9 HTTP/2" 404 165201 "-" "meta-externalagent/1.1 (+https://developers.facebook.com/docs/sharing/webmasters/crawler)"
187.33.241.49 - - [22/Dec/2025:03:57:54 -0300] "POST /wp-cron.php?doing_wp_cron=1766386674.7936460971832275390625 HTTP/1.1" 200 0 "-" "WordPress/6.9; https://lucinea.com.br"
57.141.16.11 - - [22/Dec/2025:03:58:40 -0300] "GET /?p=5311647g8dbh HTTP/2" 404 165201 "-" "meta-externalagent/1.1 (+https://developers.facebook.com/docs/sharing/webmasters/crawler)"
187.33.241.49 - - [22/Dec/2025:03:59:58 -0300] "POST /wp-cron.php?doing_wp_cron=1766386798.6708090305328369140625 HTTP/1.1" 200 0 "-" "WordPress/6.9; https://lucinea.com.br"
217.216.64.159 - - [22/Dec/2025:04:00:48 -0300] "POST /xmlrpc.php HTTP/2" 200 209 "-" "Mozilla/5.0 (Windows NT 6.1) AppleWebKit/537.36 (KHTML, like Gecko) Chrome/67.0.3396.87 Safari/537.36"
57.141.16.13 - - [22/Dec/2025:04:00:59 -0300] "GET /?p=6097943ad1dh HTTP/2" 404 165201 "-" "meta-externalagent/1.1 (+https://developers.facebook.com/docs/sharing/webmasters/crawler)"
57.141.16.96 - - [22/Dec/2025:04:01:14 -0300] "GET /?p=341526394ihh9 HTTP/2" 404 165201 "-" "meta-externalagent/1.1 (+https://developers.facebook.com/docs/sharing/webmasters/crawler)"
74.234.147.76 - - [22/Dec/2025:04:01:16 -0300] "GET /wp-login.php HTTP/2" 200 3050 "-" "Mozilla/5.0 (SAP NetWeaverBusinessClient; Windows NT 6.2; WOW64; Trident/7.0; rv:11.0) like Gecko"
74.234.147.76 - - [22/Dec/2025:04:01:20 -0300] "POST /wp-login.php HTTP/2" 200 3234 "https://lucinea.com.br/wp-login.php" "Mozilla/5.0 (SAP NetWeaverBusinessClient; Windows NT 6.2; WOW64; Trident/7.0; rv:11.0) like Gecko"
57.141.16.53 - - [22/Dec/2025:04:01:29 -0300] "GET /?p=844008h67c6g HTTP/2" 404 165201 "-" "meta-externalagent/1.1 (+https://developers.facebook.com/docs/sharing/webmasters/crawler)"
57.141.16.32 - - [22/Dec/2025:04:02:00 -0300] "GET /?p=1546820c063j6 HTTP/2" 404 165201 "-" "meta-externalagent/1.1 (+https://developers.facebook.com/docs/sharing/webmasters/crawler)"
57.141.16.93 - - [22/Dec/2025:04:02:31 -0300] "GET /?p=621524fhgb21 HTTP/2" 404 165201 "-" "meta-externalagent/1.1 (+https://developers.facebook.com/docs/sharing/webmasters/crawler)"
187.33.241.49 - - [22/Dec/2025:04:03:02 -0300] "POST /wp-cron.php?doing_wp_cron=1766386982.5346500873565673828125 HTTP/1.1" 200 0 "-" "WordPress/6.9; https://lucinea.com.br"
57.141.16.55 - - [22/Dec/2025:04:03:01 -0300] "GET /?p=2548032hd2628 HTTP/2" 404 165201 "-" "meta-externalagent/1.1 (+https://developers.facebook.com/docs/sharing/webmasters/crawler)"
187.33.241.49 - - [22/Dec/2025:04:03:18 -0300] "POST /wp-cron.php?doing_wp_cron=1766386998.0964679718017578125000 HTTP/1.1" 200 0 "-" "WordPress/6.9; https://lucinea.com.br"
147.135.214.239 - - [22/Dec/2025:04:03:40 -0300] "GET /robots.txt HTTP/1.1" 200 317 "-" "Mozilla/5.0 (compatible; MJ12bot/v1.4.8; http://mj12bot.com/)"
147.135.214.239 - - [22/Dec/2025:04:03:43 -0300] "GET /bf.php/bf.php?p=AhomeAkelarte1AlucineaIcomIbrAwp-includes HTTP/1.1" 200 17439 "-" "Mozilla/5.0 (compatible; MJ12bot/v1.4.8; http://mj12bot.com/)"
57.141.16.31 - - [22/Dec/2025:04:03:48 -0300] "GET /?p=2489512jbdb77 HTTP/2" 404 165201 "-" "meta-externalagent/1.1 (+https://developers.facebook.com/docs/sharing/webmasters/crawler)"
147.135.214.239 - - [22/Dec/2025:04:03:51 -0300] "GET /bf.php/capabilities.php/.bash_logout HTTP/1.1" 200 4059 "-" "Mozilla/5.0 (compatible; MJ12bot/v1.4.8; http://mj12bot.com/)"
147.135.214.239 - - [22/Dec/2025:04:03:53 -0300] "GET /bf.php/capabilities.php/.bash_profile HTTP/1.1" 200 4097 "-" "Mozilla/5.0 (compatible; MJ12bot/v1.4.8; http://mj12bot.com/)"
147.135.214.239 - - [22/Dec/2025:04:03:55 -0300] "GET /bf.php/capabilities.php/.bashrc HTTP/1.1" 200 4078 "-" "Mozilla/5.0 (compatible; MJ12bot/v1.4.8; http://mj12bot.com/)"
147.135.214.239 - - [22/Dec/2025:04:03:57 -0300] "GET /bf.php/capabilities.php/.clamavconnector.status HTTP/1.1" 200 4130 "-" "Mozilla/5.0 (compatible; MJ12bot/v1.4.8; http://mj12bot.com/)"
147.135.214.239 - - [22/Dec/2025:04:03:59 -0300] "GET /bf.php/capabilities.php/.gemrc HTTP/1.1" 200 4081 "-" "Mozilla/5.0 (compatible; MJ12bot/v1.4.8; http://mj12bot.com/)"
147.135.214.239 - - [22/Dec/2025:04:04:00 -0300] "GET /bf.php/capabilities.php/.imunify_patch_id HTTP/1.1" 200 4053 "-" "Mozilla/5.0 (compatible; MJ12bot/v1.4.8; http://mj12bot.com/)"
147.135.214.239 - - [22/Dec/2025:04:04:02 -0300] "GET /bf.php/capabilities.php/.jetbackup-well-known HTTP/1.1" 200 4110 "-" "Mozilla/5.0 (compatible; MJ12bot/v1.4.8; http://mj12bot.com/)"
147.135.214.239 - - [22/Dec/2025:04:04:04 -0300] "GET /bf.php/capabilities.php/.lastlogin HTTP/1.1" 200 4133 "-" "Mozilla/5.0 (compatible; MJ12bot/v1.4.8; http://mj12bot.com/)"
147.135.214.239 - - [22/Dec/2025:04:04:06 -0300] "GET /bf.php/capabilities.php/.lsphp_restart.txt HTTP/1.1" 200 4140 "-" "Mozilla/5.0 (compatible; MJ12bot/v1.4.8; http://mj12bot.com/)"
147.135.214.239 - - [22/Dec/2025:04:04:07 -0300] "GET /bf.php/capabilities.php/.mailscannercfg HTTP/1.1" 200 4115 "-" "Mozilla/5.0 (compatible; MJ12bot/v1.4.8; http://mj12bot.com/)"
147.135.214.239 - - [22/Dec/2025:04:04:09 -0300] "GET /bf.php/capabilities.php/.myimunify_id HTTP/1.1" 200 4117 "-" "Mozilla/5.0 (compatible; MJ12bot/v1.4.8; http://mj12bot.com/)"
147.135.214.239 - - [22/Dec/2025:04:04:11 -0300] "GET /bf.php/capabilities.php/.pearrc HTTP/1.1" 200 4081 "-" "Mozilla/5.0 (compatible; MJ12bot/v1.4.8; http://mj12bot.com/)"
