57.141.16.57 - - [22/Dec/2025:05:49:09 -0300] "GET /?p=23522943idfe7 HTTP/2" 404 165201 "-" "meta-externalagent/1.1 (+https://developers.facebook.com/docs/sharing/webmasters/crawler)"
187.33.241.49 - - [22/Dec/2025:05:49:24 -0300] "POST /wp-cron.php?doing_wp_cron=1766393363.6766269207000732421875 HTTP/1.1" 200 0 "-" "WordPress/6.9; https://lucinea.com.br"
57.141.16.30 - - [22/Dec/2025:05:49:51 -0300] "GET /?p=15334063295b4 HTTP/2" 404 165201 "-" "meta-externalagent/1.1 (+https://developers.facebook.com/docs/sharing/webmasters/crawler)"
57.141.16.42 - - [22/Dec/2025:05:50:19 -0300] "GET /?p=2293035g6afdd HTTP/2" 404 165201 "-" "meta-externalagent/1.1 (+https://developers.facebook.com/docs/sharing/webmasters/crawler)"
185.153.196.107 - - [22/Dec/2025:05:50:27 -0300] "GET /learn-more-about-which-months-top-local-casino-bonuses/ HTTP/1.1" 200 171534 "-" "Mozilla/5.0 (Windows NT 10.0; Win64; x64) AppleWebKit/537.36 (KHTML, like Gecko) Chrome/124.0.0.0 Safari/537.36"
57.141.16.57 - - [22/Dec/2025:05:51:30 -0300] "GET /?p=2548149ae2b58 HTTP/2" 404 165201 "-" "meta-externalagent/1.1 (+https://developers.facebook.com/docs/sharing/webmasters/crawler)"
57.141.16.90 - - [22/Dec/2025:05:51:44 -0300] "GET /?p=12248454977i4 HTTP/2" 404 165201 "-" "meta-externalagent/1.1 (+https://developers.facebook.com/docs/sharing/webmasters/crawler)"
187.33.241.49 - - [22/Dec/2025:05:51:59 -0300] "POST /wp-cron.php?doing_wp_cron=1766393519.4010300636291503906250 HTTP/1.1" 200 0 "-" "WordPress/6.9; https://lucinea.com.br"
187.33.241.49 - - [22/Dec/2025:05:52:28 -0300] "POST /wp-cron.php?doing_wp_cron=1766393548.0760099887847900390625 HTTP/1.1" 200 0 "-" "WordPress/6.9; https://lucinea.com.br"
45.140.146.180 - - [22/Dec/2025:05:52:30 -0300] "POST /xmlrpc.php HTTP/1.1" 200 179 "-" "Mozilla/5.0 (Windows NT 10.0; Win64; x64) AppleWebKit/537.36 (KHTML, like Gecko) Chrome/114.0.0.0 Safari/537.36"
187.33.241.49 - - [22/Dec/2025:05:52:44 -0300] "POST /wp-cron.php?doing_wp_cron=1766393563.7893490791320800781250 HTTP/1.1" 200 0 "-" "WordPress/6.9; https://lucinea.com.br"
57.141.16.0 - - [22/Dec/2025:05:52:41 -0300] "GET /?p=1115301fd5hj4 HTTP/2" 404 165201 "-" "meta-externalagent/1.1 (+https://developers.facebook.com/docs/sharing/webmasters/crawler)"
187.33.241.49 - - [22/Dec/2025:05:53:53 -0300] "POST /wp-cron.php?doing_wp_cron=1766393632.6786239147186279296875 HTTP/1.1" 200 0 "-" "WordPress/6.9; https://lucinea.com.br"
187.33.241.49 - - [22/Dec/2025:05:54:03 -0300] "POST /wp-cron.php?doing_wp_cron=1766393642.6786849498748779296875 HTTP/1.1" 200 0 "-" "WordPress/6.9; https://lucinea.com.br"
57.141.16.98 - - [22/Dec/2025:05:53:51 -0300] "GET /?p=473396675j5g0 HTTP/2" 404 165201 "-" "meta-externalagent/1.1 (+https://developers.facebook.com/docs/sharing/webmasters/crawler)"
57.141.16.14 - - [22/Dec/2025:05:54:05 -0300] "GET /?p=4630692i91f92 HTTP/2" 404 165201 "-" "meta-externalagent/1.1 (+https://developers.facebook.com/docs/sharing/webmasters/crawler)"
57.141.16.73 - - [22/Dec/2025:05:54:46 -0300] "GET /?p=801101570807 HTTP/2" 404 165201 "-" "meta-externalagent/1.1 (+https://developers.facebook.com/docs/sharing/webmasters/crawler)"
185.153.196.107 - - [22/Dec/2025:05:54:48 -0300] "POST /xmlrpc.php HTTP/1.1" 200 179 "-" "Mozilla/5.0 (Windows NT 10.0; Win64; x64) AppleWebKit/537.36 (KHTML, like Gecko) Chrome/114.0.0.0 Safari/537.36"
187.33.241.49 - - [22/Dec/2025:05:55:09 -0300] "POST /wp-cron.php?doing_wp_cron=1766393708.7751340866088867187500 HTTP/1.1" 200 0 "-" "WordPress/6.9; https://lucinea.com.br"
57.141.16.29 - - [22/Dec/2025:05:55:42 -0300] "GET /?p=2896246d73dh5 HTTP/2" 404 165201 "-" "meta-externalagent/1.1 (+https://developers.facebook.com/docs/sharing/webmasters/crawler)"
57.141.16.58 - - [22/Dec/2025:05:55:56 -0300] "GET /?p=48967464892h2 HTTP/2" 404 165201 "-" "meta-externalagent/1.1 (+https://developers.facebook.com/docs/sharing/webmasters/crawler)"
45.140.146.180 - - [22/Dec/2025:05:55:19 -0300] "GET /book-of-ra-deluxe-6-puntoscommesse-gratuitamente-ricevi-premio-escludendo-deposito/ HTTP/1.1" 200 176871 "-" "Mozilla/5.0 (Windows NT 10.0; Win64; x64) AppleWebKit/537.36 (KHTML, like Gecko) Chrome/122.0.0.0 Safari/537.36"
57.141.16.73 - - [22/Dec/2025:05:55:27 -0300] "GET /?p=29525857i42cb HTTP/2" 404 165201 "-" "meta-externalagent/1.1 (+https://developers.facebook.com/docs/sharing/webmasters/crawler)"
187.33.241.49 - - [22/Dec/2025:05:55:57 -0300] "POST /wp-cron.php?doing_wp_cron=1766393757.2836380004882812500000 HTTP/1.1" 200 0 "-" "WordPress/6.9; https://lucinea.com.br"
187.33.241.49 - - [22/Dec/2025:05:56:07 -0300] "POST /wp-cron.php?doing_wp_cron=1766393767.1086740493774414062500 HTTP/1.1" 200 0 "-" "WordPress/6.9; https://lucinea.com.br"
187.33.241.49 - - [22/Dec/2025:05:56:14 -0300] "POST /wp-cron.php?doing_wp_cron=1766393774.9691970348358154296875 HTTP/1.1" 200 0 "-" "WordPress/6.9; https://lucinea.com.br"
57.141.16.100 - - [22/Dec/2025:05:57:04 -0300] "GET /?p=2511834cg4h7f HTTP/2" 404 165201 "-" "meta-externalagent/1.1 (+https://developers.facebook.com/docs/sharing/webmasters/crawler)"
185.153.196.107 - - [22/Dec/2025:05:56:06 -0300] "POST /xmlrpc.php HTTP/1.1" 200 179 "-" "Mozilla/5.0 (Windows NT 10.0; Win64; x64) AppleWebKit/537.36 (KHTML, like Gecko) Chrome/114.0.0.0 Safari/537.36"
185.153.196.107 - - [22/Dec/2025:05:56:16 -0300] "GET /greatest-resources-steps-to-make-the-most-out-of-free-revolves/ HTTP/1.1" 200 171755 "-" "Mozilla/5.0 (Windows NT 10.0; Win64; x64; rv:125.0) Gecko/20100101 Firefox/125.0"
57.141.16.21 - - [22/Dec/2025:05:56:24 -0300] "GET /?p=2666227a37h75 HTTP/2" 404 165201 "-" "meta-externalagent/1.1 (+https://developers.facebook.com/docs/sharing/webmasters/crawler)"
187.33.241.49 - - [22/Dec/2025:05:56:53 -0300] "POST /wp-cron.php?doing_wp_cron=1766393812.6257259845733642578125 HTTP/1.1" 200 0 "-" "WordPress/6.9; https://lucinea.com.br"
57.141.16.90 - - [22/Dec/2025:05:56:51 -0300] "GET /?p=1817834i2d527 HTTP/2" 404 165201 "-" "meta-externalagent/1.1 (+https://developers.facebook.com/docs/sharing/webmasters/crawler)"
45.140.146.180 - - [22/Dec/2025:05:54:57 -0300] "POST /xmlrpc.php HTTP/1.1" 200 179 "-" "Mozilla/5.0 (Windows NT 10.0; Win64; x64) AppleWebKit/537.36 (KHTML, like Gecko) Chrome/114.0.0.0 Safari/537.36"
185.153.196.107 - - [22/Dec/2025:05:54:58 -0300] "POST /xmlrpc.php HTTP/1.1" 200 8310 "-" "Mozilla/5.0 (Windows NT 10.0; Win64; x64) AppleWebKit/537.36 (KHTML, like Gecko) Chrome/114.0.0.0 Safari/537.36"
45.140.146.180 - - [22/Dec/2025:05:55:06 -0300] "POST /xmlrpc.php HTTP/1.1" 200 14035 "-" "Mozilla/5.0 (Windows NT 10.0; Win64; x64) AppleWebKit/537.36 (KHTML, like Gecko) Chrome/114.0.0.0 Safari/537.36"
57.141.16.73 - - [22/Dec/2025:05:55:14 -0300] "GET /?p=4174941cbgij4 HTTP/2" 404 165201 "-" "meta-externalagent/1.1 (+https://developers.facebook.com/docs/sharing/webmasters/crawler)"
57.141.16.43 - - [22/Dec/2025:05:56:08 -0300] "GET /?p=4201538i18f82 HTTP/2" 404 165201 "-" "meta-externalagent/1.1 (+https://developers.facebook.com/docs/sharing/webmasters/crawler)"
185.153.196.107 - - [22/Dec/2025:05:56:13 -0300] "POST /xmlrpc.php HTTP/1.1" 200 8495 "-" "Mozilla/5.0 (Windows NT 10.0; Win64; x64) AppleWebKit/537.36 (KHTML, like Gecko) Chrome/114.0.0.0 Safari/537.36"
57.141.16.86 - - [22/Dec/2025:05:56:38 -0300] "GET /?p=4030315780f9g HTTP/2" 404 165201 "-" "meta-externalagent/1.1 (+https://developers.facebook.com/docs/sharing/webmasters/crawler)"
187.33.241.49 - - [22/Dec/2025:05:57:34 -0300] "POST /wp-cron.php?doing_wp_cron=1766393853.9903619289398193359375 HTTP/1.1" 200 0 "-" "WordPress/6.9; https://lucinea.com.br"
187.33.241.49 - - [22/Dec/2025:05:57:38 -0300] "POST /wp-cron.php?doing_wp_cron=1766393858.0691089630126953125000 HTTP/1.1" 200 0 "-" "WordPress/6.9; https://lucinea.com.br"
185.153.196.107 - - [22/Dec/2025:05:57:35 -0300] "GET /is-a-rakeback-extra-just-like-an-effective-cashback/ HTTP/1.1" 200 172716 "-" "Mozilla/5.0 (Windows NT 10.0; rv:125.0) Gecko/20100101 Firefox/125.0"
57.141.16.42 - - [22/Dec/2025:05:57:46 -0300] "GET /?p=3220444262iec HTTP/2" 404 165201 "-" "meta-externalagent/1.1 (+https://developers.facebook.com/docs/sharing/webmasters/crawler)"
57.141.16.17 - - [22/Dec/2025:05:58:00 -0300] "GET /?p=40742373f8cff HTTP/2" 404 165201 "-" "meta-externalagent/1.1 (+https://developers.facebook.com/docs/sharing/webmasters/crawler)"
187.33.241.49 - - [22/Dec/2025:05:58:52 -0300] "POST /wp-cron.php?doing_wp_cron=1766393932.4943521022796630859375 HTTP/1.1" 200 0 "-" "WordPress/6.9; https://lucinea.com.br"
185.153.196.107 - - [22/Dec/2025:05:58:50 -0300] "POST /xmlrpc.php HTTP/1.1" 200 179 "-" "Mozilla/5.0 (Windows NT 10.0; Win64; x64) AppleWebKit/537.36 (KHTML, like Gecko) Chrome/114.0.0.0 Safari/537.36"
185.153.196.107 - - [22/Dec/2025:05:59:01 -0300] "GET /the-way-to-select-a-knowledgeable-greeting-bonus-gambling-enterprise-info/ HTTP/1.1" 200 171144 "-" "Mozilla/5.0 (Windows NT 10.0; Win64; x64) AppleWebKit/537.36 (KHTML, like Gecko) Chrome/124.0.0.0 Safari/537.36"
185.153.196.107 - - [22/Dec/2025:05:59:58 -0300] "GET /unlike-relying-strictly-into-chance-blackjack-provides-users-a-real-opportunity-to-change-the-outcome-courtesy-smartly-chosen-options/ HTTP/1.1" 200 171980 "-" "Mozilla/5.0 (Windows NT 10.0; Win64; x64) AppleWebKit/537.36 (KHTML, like Gecko) Chrome/109.0.0.0 Safari/537.36"
187.33.241.49 - - [22/Dec/2025:06:00:52 -0300] "POST /wp-cron.php?doing_wp_cron=1766394052.8695960044860839843750 HTTP/1.1" 200 0 "-" "WordPress/6.9; https://lucinea.com.br"
57.141.16.29 - - [22/Dec/2025:06:00:47 -0300] "GET /?p=1755041ff6d3 HTTP/2" 404 165201 "-" "meta-externalagent/1.1 (+https://developers.facebook.com/docs/sharing/webmasters/crawler)"
57.141.16.3 - - [22/Dec/2025:06:01:14 -0300] "GET /?p=32889138f5jd6 HTTP/2" 404 165201 "-" "meta-externalagent/1.1 (+https://developers.facebook.com/docs/sharing/webmasters/crawler)"
57.141.16.30 - - [22/Dec/2025:06:01:29 -0300] "GET /?p=2221193db1f1e HTTP/2" 404 165201 "-" "meta-externalagent/1.1 (+https://developers.facebook.com/docs/sharing/webmasters/crawler)"
187.33.241.49 - - [22/Dec/2025:06:01:59 -0300] "POST /wp-cron.php?doing_wp_cron=1766394119.0788409709930419921875 HTTP/1.1" 200 0 "-" "WordPress/6.9; https://lucinea.com.br"
57.141.16.20 - - [22/Dec/2025:06:01:56 -0300] "GET /?p=24519015jgff3 HTTP/2" 404 165201 "-" "meta-externalagent/1.1 (+https://developers.facebook.com/docs/sharing/webmasters/crawler)"
57.141.16.3 - - [22/Dec/2025:06:02:24 -0300] "GET /?p=12368786f6dfd HTTP/2" 404 165201 "-" "meta-externalagent/1.1 (+https://developers.facebook.com/docs/sharing/webmasters/crawler)"
57.141.16.78 - - [22/Dec/2025:06:02:38 -0300] "GET /?p=4566661f3g3e2 HTTP/2" 404 165201 "-" "meta-externalagent/1.1 (+https://developers.facebook.com/docs/sharing/webmasters/crawler)"
187.33.241.49 - - [22/Dec/2025:06:02:53 -0300] "POST /wp-cron.php?doing_wp_cron=1766394173.4966800212860107421875 HTTP/1.1" 200 0 "-" "WordPress/6.9; https://lucinea.com.br"
57.141.16.7 - - [22/Dec/2025:06:02:52 -0300] "GET /?p=22316618ifc0e HTTP/2" 404 165201 "-" "meta-externalagent/1.1 (+https://developers.facebook.com/docs/sharing/webmasters/crawler)"
185.153.196.107 - - [22/Dec/2025:06:02:56 -0300] "POST /xmlrpc.php HTTP/1.1" 200 179 "-" "Mozilla/5.0 (Windows NT 10.0; Win64; x64) AppleWebKit/537.36 (KHTML, like Gecko) Chrome/114.0.0.0 Safari/537.36"
187.33.241.49 - - [22/Dec/2025:05:57:22 -0300] "POST /wp-cron.php?doing_wp_cron=1766393842.5895519256591796875000 HTTP/1.1" 200 0 "-" "WordPress/6.9; https://lucinea.com.br"
185.153.196.107 - - [22/Dec/2025:05:57:23 -0300] "POST /xmlrpc.php HTTP/1.1" 200 179 "-" "Mozilla/5.0 (Windows NT 10.0; Win64; x64) AppleWebKit/537.36 (KHTML, like Gecko) Chrome/114.0.0.0 Safari/537.36"
57.141.16.89 - - [22/Dec/2025:05:57:33 -0300] "GET /?p=2891600j752f2 HTTP/2" 404 165201 "-" "meta-externalagent/1.1 (+https://developers.facebook.com/docs/sharing/webmasters/crawler)"
57.141.16.69 - - [22/Dec/2025:05:58:15 -0300] "GET /?p=20192532f2ac8 HTTP/2" 404 165201 "-" "meta-externalagent/1.1 (+https://developers.facebook.com/docs/sharing/webmasters/crawler)"
57.141.16.12 - - [22/Dec/2025:05:58:29 -0300] "GET /?p=1883204jja7j6 HTTP/2" 404 165201 "-" "meta-externalagent/1.1 (+https://developers.facebook.com/docs/sharing/webmasters/crawler)"
57.141.16.67 - - [22/Dec/2025:05:58:42 -0300] "GET /?p=1340142gg4b4h HTTP/2" 404 165201 "-" "meta-externalagent/1.1 (+https://developers.facebook.com/docs/sharing/webmasters/crawler)"
57.141.16.93 - - [22/Dec/2025:05:58:56 -0300] "GET /?p=38471708caie6 HTTP/2" 404 165201 "-" "meta-externalagent/1.1 (+https://developers.facebook.com/docs/sharing/webmasters/crawler)"
57.141.16.38 - - [22/Dec/2025:05:59:10 -0300] "GET /?p=32411763db3e7 HTTP/2" 404 165201 "-" "meta-externalagent/1.1 (+https://developers.facebook.com/docs/sharing/webmasters/crawler)"
57.141.16.75 - - [22/Dec/2025:05:59:25 -0300] "GET /?p=31457af3fgb HTTP/2" 404 165201 "-" "meta-externalagent/1.1 (+https://developers.facebook.com/docs/sharing/webmasters/crawler)"
57.141.16.17 - - [22/Dec/2025:05:59:52 -0300] "GET /?p=198631jbgce HTTP/2" 404 165201 "-" "meta-externalagent/1.1 (+https://developers.facebook.com/docs/sharing/webmasters/crawler)"
57.141.16.84 - - [22/Dec/2025:06:00:19 -0300] "GET /?p=2580200752a28 HTTP/2" 404 165201 "-" "meta-externalagent/1.1 (+https://developers.facebook.com/docs/sharing/webmasters/crawler)"
185.153.196.107 - - [22/Dec/2025:06:00:47 -0300] "POST /xmlrpc.php HTTP/1.1" 200 179 "-" "Mozilla/5.0 (Windows NT 10.0; Win64; x64) AppleWebKit/537.36 (KHTML, like Gecko) Chrome/114.0.0.0 Safari/537.36"
185.153.196.107 - - [22/Dec/2025:06:00:58 -0300] "POST /xmlrpc.php HTTP/1.1" 200 8775 "-" "Mozilla/5.0 (Windows NT 10.0; Win64; x64) AppleWebKit/537.36 (KHTML, like Gecko) Chrome/114.0.0.0 Safari/537.36"
57.141.16.57 - - [22/Dec/2025:06:01:00 -0300] "GET /?p=2320306fed9j HTTP/2" 404 165201 "-" "meta-externalagent/1.1 (+https://developers.facebook.com/docs/sharing/webmasters/crawler)"
57.141.16.99 - - [22/Dec/2025:06:01:43 -0300] "GET /?p=2331897951eg HTTP/2" 404 165201 "-" "meta-externalagent/1.1 (+https://developers.facebook.com/docs/sharing/webmasters/crawler)"
185.153.196.107 - - [22/Dec/2025:06:01:43 -0300] "POST /xmlrpc.php HTTP/1.1" 200 8269 "-" "Mozilla/5.0 (Windows NT 10.0; Win64; x64) AppleWebKit/537.36 (KHTML, like Gecko) Chrome/114.0.0.0 Safari/537.36"
57.141.16.36 - - [22/Dec/2025:06:02:10 -0300] "GET /?p=8141315cffjc HTTP/2" 404 165201 "-" "meta-externalagent/1.1 (+https://developers.facebook.com/docs/sharing/webmasters/crawler)"
187.33.241.49 - - [22/Dec/2025:06:02:18 -0300] "POST /wp-cron.php?doing_wp_cron=1766394138.8955419063568115234375 HTTP/1.1" 200 0 "-" "WordPress/6.9; https://lucinea.com.br"
185.153.196.107 - - [22/Dec/2025:06:02:29 -0300] "GET /ports-kingdom-%EF%BF%BD-most-readily-useful-slots-extra-250-ports-incentive/ HTTP/1.1" 200 171524 "-" "Mozilla/5.0 (Windows NT 10.0; rv:125.0) Gecko/20100101 Firefox/125.0"
187.33.241.49 - - [22/Dec/2025:06:02:59 -0300] "POST /wp-cron.php?doing_wp_cron=1766394179.7704279422760009765625 HTTP/1.1" 200 0 "-" "WordPress/6.9; https://lucinea.com.br"
57.141.16.82 - - [22/Dec/2025:06:03:06 -0300] "GET /?p=39656888366ed HTTP/2" 404 165201 "-" "meta-externalagent/1.1 (+https://developers.facebook.com/docs/sharing/webmasters/crawler)"
57.141.16.87 - - [22/Dec/2025:05:57:19 -0300] "GET /?p=34113054acbah HTTP/2" 404 165201 "-" "meta-externalagent/1.1 (+https://developers.facebook.com/docs/sharing/webmasters/crawler)"
185.153.196.107 - - [22/Dec/2025:05:57:32 -0300] "POST /xmlrpc.php HTTP/1.1" 200 9938 "-" "Mozilla/5.0 (Windows NT 10.0; Win64; x64) AppleWebKit/537.36 (KHTML, like Gecko) Chrome/114.0.0.0 Safari/537.36"
187.33.241.49 - - [22/Dec/2025:05:58:45 -0300] "POST /wp-cron.php?doing_wp_cron=1766393924.2797160148620605468750 HTTP/1.1" 200 0 "-" "WordPress/6.9; https://lucinea.com.br"
185.153.196.107 - - [22/Dec/2025:05:58:58 -0300] "POST /xmlrpc.php HTTP/1.1" 200 7886 "-" "Mozilla/5.0 (Windows NT 10.0; Win64; x64) AppleWebKit/537.36 (KHTML, like Gecko) Chrome/114.0.0.0 Safari/537.36"
187.33.241.49 - - [22/Dec/2025:05:59:28 -0300] "POST /wp-cron.php?doing_wp_cron=1766393968.7785570621490478515625 HTTP/1.1" 200 0 "-" "WordPress/6.9; https://lucinea.com.br"
57.141.16.99 - - [22/Dec/2025:05:59:37 -0300] "GET /?p=154823466he48 HTTP/2" 404 165201 "-" "meta-externalagent/1.1 (+https://developers.facebook.com/docs/sharing/webmasters/crawler)"
187.33.241.49 - - [22/Dec/2025:05:59:51 -0300] "POST /wp-cron.php?doing_wp_cron=1766393991.2869870662689208984375 HTTP/1.1" 200 0 "-" "WordPress/6.9; https://lucinea.com.br"
185.153.196.107 - - [22/Dec/2025:05:59:49 -0300] "POST /xmlrpc.php HTTP/1.1" 200 179 "-" "Mozilla/5.0 (Windows NT 10.0; Win64; x64) AppleWebKit/537.36 (KHTML, like Gecko) Chrome/114.0.0.0 Safari/537.36"
185.153.196.107 - - [22/Dec/2025:05:59:57 -0300] "POST /xmlrpc.php HTTP/1.1" 200 8580 "-" "Mozilla/5.0 (Windows NT 10.0; Win64; x64) AppleWebKit/537.36 (KHTML, like Gecko) Chrome/114.0.0.0 Safari/537.36"
57.141.16.23 - - [22/Dec/2025:06:00:05 -0300] "GET /?p=2321701g8dfbg HTTP/2" 404 165201 "-" "meta-externalagent/1.1 (+https://developers.facebook.com/docs/sharing/webmasters/crawler)"
187.33.241.49 - - [22/Dec/2025:06:00:21 -0300] "POST /wp-cron.php?doing_wp_cron=1766394021.5998620986938476562500 HTTP/1.1" 200 0 "-" "WordPress/6.9; https://lucinea.com.br"
57.141.16.66 - - [22/Dec/2025:06:00:35 -0300] "GET /?p=2092137cg0gda HTTP/2" 404 165201 "-" "meta-externalagent/1.1 (+https://developers.facebook.com/docs/sharing/webmasters/crawler)"
185.153.196.107 - - [22/Dec/2025:06:01:07 -0300] "GET /can-i-obvious-my-michigan-local-casino-application-no-deposit-incentive-from-the-to-experience-progressive-jackpot-harbors/ HTTP/1.1" 200 172168 "-" "Mozilla/5.0 (Windows NT 10.0; Win64; x64) AppleWebKit/537.36 (KHTML, like Gecko) Chrome/123.0.0.0 Safari/537.36"
187.33.241.49 - - [22/Dec/2025:06:01:19 -0300] "POST /wp-cron.php?doing_wp_cron=1766394077.9772050380706787109375 HTTP/1.1" 200 0 "-" "WordPress/6.9; https://lucinea.com.br"
187.33.241.49 - - [22/Dec/2025:06:01:36 -0300] "POST /wp-cron.php?doing_wp_cron=1766394096.5696320533752441406250 HTTP/1.1" 200 0 "-" "WordPress/6.9; https://lucinea.com.br"
185.153.196.107 - - [22/Dec/2025:06:01:35 -0300] "POST /xmlrpc.php HTTP/1.1" 200 179 "-" "Mozilla/5.0 (Windows NT 10.0; Win64; x64) AppleWebKit/537.36 (KHTML, like Gecko) Chrome/114.0.0.0 Safari/537.36"
185.153.196.107 - - [22/Dec/2025:06:01:47 -0300] "GET /every-day-i-search-through-local-casino-incentives-and-then-try-to-find-the-goldmines-that-our-website-subscribers-would-love/ HTTP/1.1" 200 171637 "-" "Mozilla/5.0 (Windows NT 10.0; rv:109.0) Gecko/20100101 Firefox/115.0"
185.153.196.107 - - [22/Dec/2025:06:02:16 -0300] "POST /xmlrpc.php HTTP/1.1" 200 179 "-" "Mozilla/5.0 (Windows NT 10.0; Win64; x64) AppleWebKit/537.36 (KHTML, like Gecko) Chrome/114.0.0.0 Safari/537.36"
185.153.196.107 - - [22/Dec/2025:06:02:25 -0300] "POST /xmlrpc.php HTTP/1.1" 200 8418 "-" "Mozilla/5.0 (Windows NT 10.0; Win64; x64) AppleWebKit/537.36 (KHTML, like Gecko) Chrome/114.0.0.0 Safari/537.36"
185.153.196.107 - - [22/Dec/2025:06:03:09 -0300] "GET /there-are-many-alive-gambling-establishment-bonuses-used-when-applying-to-other-casino-web-sites/ HTTP/1.1" 200 171630 "-" "Mozilla/5.0 (Windows NT 10.0; rv:109.0) Gecko/20100101 Firefox/115.0"
185.153.196.107 - - [22/Dec/2025:06:03:05 -0300] "POST /xmlrpc.php HTTP/1.1" 200 8361 "-" "Mozilla/5.0 (Windows NT 10.0; Win64; x64) AppleWebKit/537.36 (KHTML, like Gecko) Chrome/114.0.0.0 Safari/537.36"
187.33.241.49 - - [22/Dec/2025:06:03:21 -0300] "POST /wp-cron.php?doing_wp_cron=1766394201.4154400825500488281250 HTTP/1.1" 200 0 "-" "WordPress/6.9; https://lucinea.com.br"
57.141.16.71 - - [22/Dec/2025:06:03:20 -0300] "GET /?p=485182659eb21 HTTP/2" 404 165201 "-" "meta-externalagent/1.1 (+https://developers.facebook.com/docs/sharing/webmasters/crawler)"
57.141.16.1 - - [22/Dec/2025:06:03:33 -0300] "GET /?p=21247217cj9ee HTTP/2" 404 165201 "-" "meta-externalagent/1.1 (+https://developers.facebook.com/docs/sharing/webmasters/crawler)"
187.33.241.49 - - [22/Dec/2025:06:03:52 -0300] "POST /wp-cron.php?doing_wp_cron=1766394232.1795809268951416015625 HTTP/1.1" 200 0 "-" "WordPress/6.9; https://lucinea.com.br"
185.153.196.107 - - [22/Dec/2025:06:03:48 -0300] "GET /on-this-page-and-you-may-around-the-our-very-own-website-you-will-observe-many-higher-bonuses/ HTTP/1.1" 200 171440 "-" "Mozilla/5.0 (Windows NT 10.0; Win64; x64) AppleWebKit/537.36 (KHTML, like Gecko) Chrome/124.0.0.0 Safari/537.36"
187.33.241.49 - - [22/Dec/2025:06:03:59 -0300] "POST /wp-cron.php?doing_wp_cron=1766394239.5277409553527832031250 HTTP/1.1" 200 0 "-" "WordPress/6.9; https://lucinea.com.br"
57.141.16.13 - - [22/Dec/2025:06:04:16 -0300] "GET /?p=303455332d6g6 HTTP/2" 404 165201 "-" "meta-externalagent/1.1 (+https://developers.facebook.com/docs/sharing/webmasters/crawler)"
57.141.16.54 - - [22/Dec/2025:06:04:43 -0300] "GET /?p=40549e6i925 HTTP/2" 404 165201 "-" "meta-externalagent/1.1 (+https://developers.facebook.com/docs/sharing/webmasters/crawler)"
57.141.16.91 - - [22/Dec/2025:06:04:57 -0300] "GET /?p=38354636gb30d HTTP/2" 404 165201 "-" "meta-externalagent/1.1 (+https://developers.facebook.com/docs/sharing/webmasters/crawler)"
187.33.241.49 - - [22/Dec/2025:06:05:04 -0300] "POST /wp-cron.php?doing_wp_cron=1766394304.2917730808258056640625 HTTP/1.1" 200 0 "-" "WordPress/6.9; https://lucinea.com.br"
185.153.196.107 - - [22/Dec/2025:06:05:10 -0300] "POST /xmlrpc.php HTTP/1.1" 200 8587 "-" "Mozilla/5.0 (Windows NT 10.0; Win64; x64) AppleWebKit/537.36 (KHTML, like Gecko) Chrome/114.0.0.0 Safari/537.36"
57.141.16.5 - - [22/Dec/2025:06:05:25 -0300] "GET /?p=1911478e4638c HTTP/2" 200 179968 "-" "meta-externalagent/1.1 (+https://developers.facebook.com/docs/sharing/webmasters/crawler)"
57.141.16.29 - - [22/Dec/2025:06:05:39 -0300] "GET /?p=1882157i033gf HTTP/2" 404 165201 "-" "meta-externalagent/1.1 (+https://developers.facebook.com/docs/sharing/webmasters/crawler)"
185.153.196.107 - - [22/Dec/2025:06:05:56 -0300] "POST /xmlrpc.php HTTP/1.1" 200 8697 "-" "Mozilla/5.0 (Windows NT 10.0; Win64; x64) AppleWebKit/537.36 (KHTML, like Gecko) Chrome/114.0.0.0 Safari/537.36"
57.141.16.86 - - [22/Dec/2025:06:06:20 -0300] "GET /?p=630277g14aae HTTP/2" 404 165201 "-" "meta-externalagent/1.1 (+https://developers.facebook.com/docs/sharing/webmasters/crawler)"
57.141.16.4 - - [22/Dec/2025:06:06:48 -0300] "GET /?p=1483050d14999 HTTP/2" 404 165201 "-" "meta-externalagent/1.1 (+https://developers.facebook.com/docs/sharing/webmasters/crawler)"
187.33.241.49 - - [22/Dec/2025:06:07:04 -0300] "POST /wp-cron.php?doing_wp_cron=1766394424.5771589279174804687500 HTTP/1.1" 200 0 "-" "WordPress/6.9; https://lucinea.com.br"
57.141.16.10 - - [22/Dec/2025:06:07:15 -0300] "GET /?p=383519078b784 HTTP/2" 404 165201 "-" "meta-externalagent/1.1 (+https://developers.facebook.com/docs/sharing/webmasters/crawler)"
187.33.241.49 - - [22/Dec/2025:06:07:22 -0300] "POST /wp-cron.php?doing_wp_cron=1766394442.8250870704650878906250 HTTP/1.1" 200 0 "-" "WordPress/6.9; https://lucinea.com.br"
185.153.196.107 - - [22/Dec/2025:06:07:20 -0300] "GET /their-game-collection-property-more-2five-hundred-video-game-which-have-trial-play-methods-offered-just-after-registering/ HTTP/1.1" 200 171713 "-" "Mozilla/5.0 (Windows NT 10.0; rv:109.0) Gecko/20100101 Firefox/115.0"
185.153.196.107 - - [22/Dec/2025:06:03:37 -0300] "POST /xmlrpc.php HTTP/1.1" 200 179 "-" "Mozilla/5.0 (Windows NT 10.0; Win64; x64) AppleWebKit/537.36 (KHTML, like Gecko) Chrome/114.0.0.0 Safari/537.36"
57.141.16.68 - - [22/Dec/2025:06:04:02 -0300] "GET /?p=4834321jdgcf HTTP/2" 404 165201 "-" "meta-externalagent/1.1 (+https://developers.facebook.com/docs/sharing/webmasters/crawler)"
187.33.241.49 - - [22/Dec/2025:06:04:19 -0300] "POST /wp-cron.php?doing_wp_cron=1766394258.5791599750518798828125 HTTP/1.1" 200 0 "-" "WordPress/6.9; https://lucinea.com.br"
185.153.196.107 - - [22/Dec/2025:06:04:20 -0300] "POST /xmlrpc.php HTTP/1.1" 200 179 "-" "Mozilla/5.0 (Windows NT 10.0; Win64; x64) AppleWebKit/537.36 (KHTML, like Gecko) Chrome/114.0.0.0 Safari/537.36"
187.33.241.49 - - [22/Dec/2025:06:04:32 -0300] "POST /wp-cron.php?doing_wp_cron=1766394271.2545111179351806640625 HTTP/1.1" 200 0 "-" "WordPress/6.9; https://lucinea.com.br"
57.141.16.83 - - [22/Dec/2025:06:04:31 -0300] "GET /?p=1623461fb0b14 HTTP/2" 404 165201 "-" "meta-externalagent/1.1 (+https://developers.facebook.com/docs/sharing/webmasters/crawler)"
187.33.241.49 - - [22/Dec/2025:06:04:59 -0300] "POST /wp-cron.php?doing_wp_cron=1766394298.4940779209136962890625 HTTP/1.1" 200 0 "-" "WordPress/6.9; https://lucinea.com.br"
185.153.196.107 - - [22/Dec/2025:06:05:13 -0300] "GET /michigan-have-one-of-the-most-effective-controlled-on-line-casino-locations-on-the-u/ HTTP/1.1" 200 171826 "-" "Mozilla/5.0 (Windows NT 10.0; rv:109.0) Gecko/20100101 Firefox/115.0"
187.33.241.49 - - [22/Dec/2025:06:05:50 -0300] "POST /wp-cron.php?doing_wp_cron=1766394349.2008841037750244140625 HTTP/1.1" 200 0 "-" "WordPress/6.9; https://lucinea.com.br"
185.153.196.107 - - [22/Dec/2025:06:05:47 -0300] "POST /xmlrpc.php HTTP/1.1" 200 179 "-" "Mozilla/5.0 (Windows NT 10.0; Win64; x64) AppleWebKit/537.36 (KHTML, like Gecko) Chrome/114.0.0.0 Safari/537.36"
57.141.16.47 - - [22/Dec/2025:06:05:53 -0300] "GET /?p=458826fb24b9 HTTP/2" 404 165201 "-" "meta-externalagent/1.1 (+https://developers.facebook.com/docs/sharing/webmasters/crawler)"
57.141.16.38 - - [22/Dec/2025:06:06:07 -0300] "GET /?p=1490337ghh9a5 HTTP/2" 404 165201 "-" "meta-externalagent/1.1 (+https://developers.facebook.com/docs/sharing/webmasters/crawler)"
187.33.241.49 - - [22/Dec/2025:06:06:30 -0300] "POST /wp-cron.php?doing_wp_cron=1766394389.9920670986175537109375 HTTP/1.1" 200 0 "-" "WordPress/6.9; https://lucinea.com.br"
185.153.196.107 - - [22/Dec/2025:06:06:28 -0300] "POST /xmlrpc.php HTTP/1.1" 200 179 "-" "Mozilla/5.0 (Windows NT 10.0; Win64; x64) AppleWebKit/537.36 (KHTML, like Gecko) Chrome/114.0.0.0 Safari/537.36"
185.153.196.107 - - [22/Dec/2025:06:06:39 -0300] "POST /xmlrpc.php HTTP/1.1" 200 9709 "-" "Mozilla/5.0 (Windows NT 10.0; Win64; x64) AppleWebKit/537.36 (KHTML, like Gecko) Chrome/114.0.0.0 Safari/537.36"
57.141.16.55 - - [22/Dec/2025:06:07:02 -0300] "GET /?p=21620354gac2c HTTP/2" 404 165201 "-" "meta-externalagent/1.1 (+https://developers.facebook.com/docs/sharing/webmasters/crawler)"
187.33.241.49 - - [22/Dec/2025:06:07:10 -0300] "POST /wp-cron.php?doing_wp_cron=1766394429.0680210590362548828125 HTTP/1.1" 200 0 "-" "WordPress/6.9; https://lucinea.com.br"
185.153.196.107 - - [22/Dec/2025:06:07:16 -0300] "POST /xmlrpc.php HTTP/1.1" 200 8325 "-" "Mozilla/5.0 (Windows NT 10.0; Win64; x64) AppleWebKit/537.36 (KHTML, like Gecko) Chrome/114.0.0.0 Safari/537.36"
57.141.16.55 - - [22/Dec/2025:06:07:30 -0300] "GET /?p=310405494129f HTTP/2" 404 165201 "-" "meta-externalagent/1.1 (+https://developers.facebook.com/docs/sharing/webmasters/crawler)"
187.33.241.49 - - [22/Dec/2025:06:07:50 -0300] "POST /wp-cron.php?doing_wp_cron=1766394469.9864950180053710937500 HTTP/1.1" 200 0 "-" "WordPress/6.9; https://lucinea.com.br"
57.141.16.93 - - [22/Dec/2025:06:07:42 -0300] "GET /?p=245727i9b80d HTTP/2" 404 165201 "-" "meta-externalagent/1.1 (+https://developers.facebook.com/docs/sharing/webmasters/crawler)"
187.33.241.49 - - [22/Dec/2025:06:03:39 -0300] "POST /wp-cron.php?doing_wp_cron=1766394219.5887908935546875000000 HTTP/1.1" 200 0 "-" "WordPress/6.9; https://lucinea.com.br"
185.153.196.107 - - [22/Dec/2025:06:03:45 -0300] "POST /xmlrpc.php HTTP/1.1" 200 8090 "-" "Mozilla/5.0 (Windows NT 10.0; Win64; x64) AppleWebKit/537.36 (KHTML, like Gecko) Chrome/114.0.0.0 Safari/537.36"
57.141.16.7 - - [22/Dec/2025:06:03:47 -0300] "GET /?p=7227070291jh HTTP/2" 404 165201 "-" "meta-externalagent/1.1 (+https://developers.facebook.com/docs/sharing/webmasters/crawler)"
45.140.146.180 - - [22/Dec/2025:06:03:58 -0300] "POST /xmlrpc.php HTTP/1.1" 200 179 "-" "Mozilla/5.0 (Windows NT 10.0; Win64; x64) AppleWebKit/537.36 (KHTML, like Gecko) Chrome/114.0.0.0 Safari/537.36"
45.140.146.180 - - [22/Dec/2025:06:04:05 -0300] "POST /xmlrpc.php HTTP/1.1" 200 11577 "-" "Mozilla/5.0 (Windows NT 10.0; Win64; x64) AppleWebKit/537.36 (KHTML, like Gecko) Chrome/114.0.0.0 Safari/537.36"
45.140.146.180 - - [22/Dec/2025:06:04:08 -0300] "GET /arriva-edicolagames-il-gratifica-per-i-progenie-da-400-euro/ HTTP/1.1" 200 174539 "-" "Mozilla/5.0 (Windows NT 10.0; Win64; x64) AppleWebKit/537.36 (KHTML, like Gecko) Chrome/123.0.0.0 Safari/537.36 OPR/109.0.0.0"
185.153.196.107 - - [22/Dec/2025:06:04:29 -0300] "POST /xmlrpc.php HTTP/1.1" 200 10047 "-" "Mozilla/5.0 (Windows NT 10.0; Win64; x64) AppleWebKit/537.36 (KHTML, like Gecko) Chrome/114.0.0.0 Safari/537.36"
185.153.196.107 - - [22/Dec/2025:06:04:32 -0300] "GET /it-is-perhaps-one-of-the-most-popular-questions-asked-of-the-beginners-to-everyone-from-web-based-casinos/ HTTP/1.1" 200 173365 "-" "Mozilla/5.0 (Windows NT 10.0; Win64; x64; rv:125.0) Gecko/20100101 Firefox/125.0"
185.153.196.107 - - [22/Dec/2025:06:05:02 -0300] "POST /xmlrpc.php HTTP/1.1" 200 179 "-" "Mozilla/5.0 (Windows NT 10.0; Win64; x64) AppleWebKit/537.36 (KHTML, like Gecko) Chrome/114.0.0.0 Safari/537.36"
187.33.241.49 - - [22/Dec/2025:06:05:15 -0300] "POST /wp-cron.php?doing_wp_cron=1766394315.0910749435424804687500 HTTP/1.1" 200 0 "-" "WordPress/6.9; https://lucinea.com.br"
57.141.16.49 - - [22/Dec/2025:06:05:11 -0300] "GET /?p=8264210f3j4e HTTP/2" 404 165201 "-" "meta-externalagent/1.1 (+https://developers.facebook.com/docs/sharing/webmasters/crawler)"
185.153.196.107 - - [22/Dec/2025:06:06:01 -0300] "GET /totally-free-twist-added-bonus-no-deposit-are-prepaid-service-slot-revolves-provided-by-casinos-as-opposed-to-demanding-one-deposit/ HTTP/1.1" 200 172037 "-" "Mozilla/5.0 (Windows NT 10.0; Win64; x64; rv:124.0) Gecko/20100101 Firefox/124.0"
187.33.241.49 - - [22/Dec/2025:06:06:21 -0300] "POST /wp-cron.php?doing_wp_cron=1766394381.7249200344085693359375 HTTP/1.1" 200 0 "-" "WordPress/6.9; https://lucinea.com.br"
57.141.16.89 - - [22/Dec/2025:06:06:34 -0300] "GET /?p=4854893a36261 HTTP/2" 404 165201 "-" "meta-externalagent/1.1 (+https://developers.facebook.com/docs/sharing/webmasters/crawler)"
185.153.196.107 - - [22/Dec/2025:06:06:43 -0300] "GET /i-suppose-technically-talking-an-individual-may-wager-high-variance-so-you-can-make-an-effort-to-utilize-it-for-their-virtue/ HTTP/1.1" 200 173000 "-" "Mozilla/5.0 (Windows NT 10.0; Win64; x64) AppleWebKit/537.36 (KHTML, like Gecko) Chrome/122.0.0.0 Safari/537.36"
185.153.196.107 - - [22/Dec/2025:06:07:07 -0300] "POST /xmlrpc.php HTTP/1.1" 200 179 "-" "Mozilla/5.0 (Windows NT 10.0; Win64; x64) AppleWebKit/537.36 (KHTML, like Gecko) Chrome/114.0.0.0 Safari/537.36"
185.153.196.107 - - [22/Dec/2025:06:07:46 -0300] "POST /xmlrpc.php HTTP/1.1" 200 179 "-" "Mozilla/5.0 (Windows NT 10.0; Win64; x64) AppleWebKit/537.36 (KHTML, like Gecko) Chrome/114.0.0.0 Safari/537.36"
💾 Save
❌ Cancel
Sid Gifari File Manager v1.0 | Terminal Auto-Sync Enabled | Current Path: /home/kelarte1/access-logs