57.141.16.65 - - [22/Dec/2025:05:11:36 -0300] "GET /?p=35773321g1e94 HTTP/2" 404 165201 "-" "meta-externalagent/1.1 (+https://developers.facebook.com/docs/sharing/webmasters/crawler)"
187.33.241.49 - - [22/Dec/2025:05:11:53 -0300] "POST /wp-cron.php?doing_wp_cron=1766391113.2746911048889160156250 HTTP/1.1" 200 0 "-" "WordPress/6.9; https://lucinea.com.br"
57.141.16.3 - - [22/Dec/2025:05:12:05 -0300] "GET /?p=640735424ag0 HTTP/2" 404 165201 "-" "meta-externalagent/1.1 (+https://developers.facebook.com/docs/sharing/webmasters/crawler)"
187.33.241.49 - - [22/Dec/2025:05:12:20 -0300] "POST /wp-cron.php?doing_wp_cron=1766391140.4095239639282226562500 HTTP/1.1" 200 0 "-" "WordPress/6.9; https://lucinea.com.br"
187.33.241.49 - - [22/Dec/2025:05:13:59 -0300] "POST /wp-cron.php?doing_wp_cron=1766391239.9859590530395507812500 HTTP/1.1" 200 0 "-" "WordPress/6.9; https://lucinea.com.br"
187.33.241.49 - - [22/Dec/2025:05:14:16 -0300] "POST /wp-cron.php?doing_wp_cron=1766391256.1232180595397949218750 HTTP/1.1" 200 0 "-" "WordPress/6.9; https://lucinea.com.br"
57.141.16.45 - - [22/Dec/2025:05:14:13 -0300] "GET /?p=210387854h77g HTTP/2" 404 165201 "-" "meta-externalagent/1.1 (+https://developers.facebook.com/docs/sharing/webmasters/crawler)"
187.33.241.49 - - [22/Dec/2025:05:15:01 -0300] "POST /wp-cron.php?doing_wp_cron=1766391301.6006369590759277343750 HTTP/1.1" 200 0 "-" "WordPress/6.9; https://lucinea.com.br"
57.141.16.9 - - [22/Dec/2025:05:14:56 -0300] "GET /?p=87892520ci28 HTTP/2" 404 165201 "-" "meta-externalagent/1.1 (+https://developers.facebook.com/docs/sharing/webmasters/crawler)"
187.33.241.49 - - [22/Dec/2025:05:15:13 -0300] "POST /wp-cron.php?doing_wp_cron=1766391313.0950400829315185546875 HTTP/1.1" 200 0 "-" "WordPress/6.9; https://lucinea.com.br"
57.141.16.59 - - [22/Dec/2025:05:15:10 -0300] "GET /?p=38590831i395e HTTP/2" 404 165201 "-" "meta-externalagent/1.1 (+https://developers.facebook.com/docs/sharing/webmasters/crawler)"
187.33.241.49 - - [22/Dec/2025:05:15:30 -0300] "POST /wp-cron.php?doing_wp_cron=1766391330.3778619766235351562500 HTTP/1.1" 200 0 "-" "WordPress/6.9; https://lucinea.com.br"
57.141.16.5 - - [22/Dec/2025:05:15:28 -0300] "GET /?p=4113310633hf8 HTTP/2" 404 165201 "-" "meta-externalagent/1.1 (+https://developers.facebook.com/docs/sharing/webmasters/crawler)"
57.141.16.80 - - [22/Dec/2025:05:15:38 -0300] "GET /?p=7184284fah5f HTTP/2" 404 165201 "-" "meta-externalagent/1.1 (+https://developers.facebook.com/docs/sharing/webmasters/crawler)"
66.249.64.75 - - [22/Dec/2025:05:15:43 -0300] "GET /?p=372481a768a4 HTTP/1.1" 404 28615 "-" "Mozilla/5.0 (Linux; Android 6.0.1; Nexus 5X Build/MMB29P) AppleWebKit/537.36 (KHTML, like Gecko) Chrome/141.0.7390.122 Mobile Safari/537.36 (compatible; GoogleOther)"
187.33.241.49 - - [22/Dec/2025:05:15:55 -0300] "POST /wp-cron.php?doing_wp_cron=1766391355.1937561035156250000000 HTTP/1.1" 200 0 "-" "WordPress/6.9; https://lucinea.com.br"
187.33.241.49 - - [22/Dec/2025:05:16:23 -0300] "POST /wp-cron.php?doing_wp_cron=1766391383.5457289218902587890625 HTTP/1.1" 200 0 "-" "WordPress/6.9; https://lucinea.com.br"
57.141.16.3 - - [22/Dec/2025:05:16:51 -0300] "GET /?p=3389651d8ii43 HTTP/2" 404 165201 "-" "meta-externalagent/1.1 (+https://developers.facebook.com/docs/sharing/webmasters/crawler)"
57.141.16.95 - - [22/Dec/2025:05:10:10 -0300] "GET /?p=56000963h31 HTTP/2" 404 165201 "-" "meta-externalagent/1.1 (+https://developers.facebook.com/docs/sharing/webmasters/crawler)"
187.33.241.49 - - [22/Dec/2025:05:11:24 -0300] "POST /wp-cron.php?doing_wp_cron=1766391084.0765919685363769531250 HTTP/1.1" 200 0 "-" "WordPress/6.9; https://lucinea.com.br"
57.141.16.71 - - [22/Dec/2025:05:11:22 -0300] "GET /?p=1982082ji2fgg HTTP/2" 404 165201 "-" "meta-externalagent/1.1 (+https://developers.facebook.com/docs/sharing/webmasters/crawler)"
57.141.16.92 - - [22/Dec/2025:05:12:33 -0300] "GET /?p=3478266524eff HTTP/2" 404 165201 "-" "meta-externalagent/1.1 (+https://developers.facebook.com/docs/sharing/webmasters/crawler)"
187.33.241.49 - - [22/Dec/2025:05:13:03 -0300] "POST /wp-cron.php?doing_wp_cron=1766391183.8695170879364013671875 HTTP/1.1" 200 0 "-" "WordPress/6.9; https://lucinea.com.br"
57.141.16.33 - - [22/Dec/2025:05:13:16 -0300] "GET /?p=97463543a6gi HTTP/2" 404 165201 "-" "meta-externalagent/1.1 (+https://developers.facebook.com/docs/sharing/webmasters/crawler)"
57.141.16.24 - - [22/Dec/2025:05:13:44 -0300] "GET /?p=188977625jeji HTTP/2" 404 165201 "-" "meta-externalagent/1.1 (+https://developers.facebook.com/docs/sharing/webmasters/crawler)"
57.141.16.76 - - [22/Dec/2025:05:13:59 -0300] "GET /?p=3308884aihe4i HTTP/2" 404 165201 "-" "meta-externalagent/1.1 (+https://developers.facebook.com/docs/sharing/webmasters/crawler)"
57.141.16.72 - - [22/Dec/2025:05:14:28 -0300] "GET /?p=289239e7e9a8 HTTP/2" 404 165201 "-" "meta-externalagent/1.1 (+https://developers.facebook.com/docs/sharing/webmasters/crawler)"
57.141.16.77 - - [22/Dec/2025:05:15:53 -0300] "GET /?p=101351418c3i1 HTTP/2" 404 165201 "-" "meta-externalagent/1.1 (+https://developers.facebook.com/docs/sharing/webmasters/crawler)"
187.33.241.49 - - [22/Dec/2025:05:16:09 -0300] "POST /wp-cron.php?doing_wp_cron=1766391369.2977769374847412109375 HTTP/1.1" 200 0 "-" "WordPress/6.9; https://lucinea.com.br"
57.141.16.31 - - [22/Dec/2025:05:16:07 -0300] "GET /?p=2921519d2gj63 HTTP/2" 404 165201 "-" "meta-externalagent/1.1 (+https://developers.facebook.com/docs/sharing/webmasters/crawler)"
57.141.16.87 - - [22/Dec/2025:05:16:22 -0300] "GET /?p=448399194b29f HTTP/2" 404 165201 "-" "meta-externalagent/1.1 (+https://developers.facebook.com/docs/sharing/webmasters/crawler)"
66.249.64.75 - - [22/Dec/2025:05:16:26 -0300] "GET /?p=16463425eh6d4 HTTP/1.1" 404 28615 "-" "Mozilla/5.0 (Linux; Android 6.0.1; Nexus 5X Build/MMB29P) AppleWebKit/537.36 (KHTML, like Gecko) Chrome/141.0.7390.122 Mobile Safari/537.36 (compatible; GoogleOther)"
57.141.16.4 - - [22/Dec/2025:05:16:36 -0300] "GET /?p=1495322fcj8gi HTTP/2" 404 165201 "-" "meta-externalagent/1.1 (+https://developers.facebook.com/docs/sharing/webmasters/crawler)"
187.33.241.49 - - [22/Dec/2025:05:16:52 -0300] "POST /wp-cron.php?doing_wp_cron=1766391412.8459520339965820312500 HTTP/1.1" 200 0 "-" "WordPress/6.9; https://lucinea.com.br"
57.141.16.19 - - [22/Dec/2025:05:17:05 -0300] "GET /?p=1415072i7eaa5 HTTP/2" 404 165201 "-" "meta-externalagent/1.1 (+https://developers.facebook.com/docs/sharing/webmasters/crawler)"
57.141.16.70 - - [22/Dec/2025:05:17:34 -0300] "GET /?p=3664275675i9f HTTP/2" 404 165201 "-" "meta-externalagent/1.1 (+https://developers.facebook.com/docs/sharing/webmasters/crawler)"
187.33.241.49 - - [22/Dec/2025:05:18:04 -0300] "POST /wp-cron.php?doing_wp_cron=1766391484.2820489406585693359375 HTTP/1.1" 200 0 "-" "WordPress/6.9; https://lucinea.com.br"
57.141.16.100 - - [22/Dec/2025:05:18:02 -0300] "GET /?p=325978044c3af HTTP/2" 404 165201 "-" "meta-externalagent/1.1 (+https://developers.facebook.com/docs/sharing/webmasters/crawler)"
45.140.146.180 - - [22/Dec/2025:05:18:53 -0300] "POST /xmlrpc.php HTTP/1.1" 200 179 "-" "Mozilla/5.0 (Windows NT 10.0; Win64; x64) AppleWebKit/537.36 (KHTML, like Gecko) Chrome/114.0.0.0 Safari/537.36"
187.33.241.49 - - [22/Dec/2025:05:17:20 -0300] "POST /wp-cron.php?doing_wp_cron=1766391440.3154640197753906250000 HTTP/1.1" 200 0 "-" "WordPress/6.9; https://lucinea.com.br"
57.141.16.73 - - [22/Dec/2025:05:17:19 -0300] "GET /?p=43728748fc447 HTTP/2" 404 165201 "-" "meta-externalagent/1.1 (+https://developers.facebook.com/docs/sharing/webmasters/crawler)"
57.141.16.27 - - [22/Dec/2025:05:17:48 -0300] "GET /?p=2758842hbg18g HTTP/2" 404 165201 "-" "meta-externalagent/1.1 (+https://developers.facebook.com/docs/sharing/webmasters/crawler)"
57.141.16.48 - - [22/Dec/2025:05:18:17 -0300] "GET /?p=956318fcdcdj HTTP/2" 404 165201 "-" "meta-externalagent/1.1 (+https://developers.facebook.com/docs/sharing/webmasters/crawler)"
57.141.16.100 - - [22/Dec/2025:05:18:44 -0300] "GET /?p=897049eig1fc HTTP/2" 404 165201 "-" "meta-externalagent/1.1 (+https://developers.facebook.com/docs/sharing/webmasters/crawler)"
187.33.241.49 - - [22/Dec/2025:05:09:57 -0300] "POST /wp-cron.php?doing_wp_cron=1766390997.2711319923400878906250 HTTP/1.1" 200 0 "-" "WordPress/6.9; https://lucinea.com.br"
57.141.16.79 - - [22/Dec/2025:05:10:24 -0300] "GET /?p=3258386a2ij11 HTTP/2" 404 165201 "-" "meta-externalagent/1.1 (+https://developers.facebook.com/docs/sharing/webmasters/crawler)"
187.33.241.49 - - [22/Dec/2025:05:10:54 -0300] "POST /wp-cron.php?doing_wp_cron=1766391054.3316500186920166015625 HTTP/1.1" 200 0 "-" "WordPress/6.9; https://lucinea.com.br"
57.141.16.64 - - [22/Dec/2025:05:11:50 -0300] "GET /?p=138073416igd HTTP/2" 404 165201 "-" "meta-externalagent/1.1 (+https://developers.facebook.com/docs/sharing/webmasters/crawler)"
57.141.16.32 - - [22/Dec/2025:05:12:18 -0300] "GET /?p=4009097i1j1e2 HTTP/2" 404 165201 "-" "meta-externalagent/1.1 (+https://developers.facebook.com/docs/sharing/webmasters/crawler)"
57.141.16.94 - - [22/Dec/2025:05:12:47 -0300] "GET /?p=82792675bie3 HTTP/2" 404 165201 "-" "meta-externalagent/1.1 (+https://developers.facebook.com/docs/sharing/webmasters/crawler)"
57.141.16.66 - - [22/Dec/2025:05:13:01 -0300] "GET /?p=100449776f4ae HTTP/2" 404 165201 "-" "meta-externalagent/1.1 (+https://developers.facebook.com/docs/sharing/webmasters/crawler)"
187.33.241.49 - - [22/Dec/2025:05:13:19 -0300] "POST /wp-cron.php?doing_wp_cron=1766391199.2994990348815917968750 HTTP/1.1" 200 0 "-" "WordPress/6.9; https://lucinea.com.br"
57.141.16.20 - - [22/Dec/2025:05:13:30 -0300] "GET /?p=4543039g5fi2c HTTP/2" 404 165201 "-" "meta-externalagent/1.1 (+https://developers.facebook.com/docs/sharing/webmasters/crawler)"
57.141.16.56 - - [22/Dec/2025:05:14:42 -0300] "GET /?p=32066783j6ib3 HTTP/2" 404 165201 "-" "meta-externalagent/1.1 (+https://developers.facebook.com/docs/sharing/webmasters/crawler)"
187.33.241.49 - - [22/Dec/2025:05:18:19 -0300] "POST /wp-cron.php?doing_wp_cron=1766391499.0788760185241699218750 HTTP/1.1" 200 0 "-" "WordPress/6.9; https://lucinea.com.br"
57.141.16.67 - - [22/Dec/2025:05:18:31 -0300] "GET /?p=28764552hhi06 HTTP/2" 404 165201 "-" "meta-externalagent/1.1 (+https://developers.facebook.com/docs/sharing/webmasters/crawler)"
54.193.6.55 - - [22/Dec/2025:05:18:48 -0300] "GET /robots.txt HTTP/1.1" 301 0 "-" "TerraCotta https://github.com/CeramicTeam/CeramicTerracotta"
187.33.241.49 - - [22/Dec/2025:05:18:55 -0300] "POST /wp-cron.php?doing_wp_cron=1766391535.0398190021514892578125 HTTP/1.1" 200 0 "-" "WordPress/6.9; https://lucinea.com.br"
57.141.16.8 - - [22/Dec/2025:05:18:59 -0300] "GET /?p=6583305ci4dc HTTP/2" 404 165201 "-" "meta-externalagent/1.1 (+https://developers.facebook.com/docs/sharing/webmasters/crawler)"
45.140.146.180 - - [22/Dec/2025:05:19:01 -0300] "POST /xmlrpc.php HTTP/1.1" 200 10394 "-" "Mozilla/5.0 (Windows NT 10.0; Win64; x64) AppleWebKit/537.36 (KHTML, like Gecko) Chrome/114.0.0.0 Safari/537.36"
57.141.16.88 - - [22/Dec/2025:05:19:28 -0300] "GET /?p=330320520cdbj HTTP/2" 404 165201 "-" "meta-externalagent/1.1 (+https://developers.facebook.com/docs/sharing/webmasters/crawler)"
187.33.241.49 - - [22/Dec/2025:05:20:26 -0300] "POST /wp-cron.php?doing_wp_cron=1766391626.2293460369110107421875 HTTP/1.1" 200 0 "-" "WordPress/6.9; https://lucinea.com.br"
57.141.16.72 - - [22/Dec/2025:05:20:24 -0300] "GET /?p=2809521bb5081 HTTP/2" 404 165201 "-" "meta-externalagent/1.1 (+https://developers.facebook.com/docs/sharing/webmasters/crawler)"
74.234.147.76 - - [22/Dec/2025:05:20:47 -0300] "POST /xmlrpc.php HTTP/2" 200 209 "-" "Mozilla/5.0 (Windows NT 6.1; WOW64; Trident/7.0; MAAU; rv:11.0) like Gecko"
57.141.16.93 - - [22/Dec/2025:05:21:08 -0300] "GET /?p=4394957300jba HTTP/2" 404 165201 "-" "meta-externalagent/1.1 (+https://developers.facebook.com/docs/sharing/webmasters/crawler)"
57.141.16.65 - - [22/Dec/2025:05:22:05 -0300] "GET /?p=4745054dih8aa HTTP/2" 404 165201 "-" "meta-externalagent/1.1 (+https://developers.facebook.com/docs/sharing/webmasters/crawler)"
187.33.241.49 - - [22/Dec/2025:05:22:21 -0300] "POST /wp-cron.php?doing_wp_cron=1766391741.5962700843811035156250 HTTP/1.1" 200 0 "-" "WordPress/6.9; https://lucinea.com.br"
57.141.16.10 - - [22/Dec/2025:05:22:47 -0300] "GET /?p=2772420a99b9a HTTP/2" 404 165201 "-" "meta-externalagent/1.1 (+https://developers.facebook.com/docs/sharing/webmasters/crawler)"
57.141.16.44 - - [22/Dec/2025:05:23:02 -0300] "GET /?p=1207629h1f608 HTTP/2" 404 165201 "-" "meta-externalagent/1.1 (+https://developers.facebook.com/docs/sharing/webmasters/crawler)"
187.33.241.49 - - [22/Dec/2025:05:23:18 -0300] "POST /wp-cron.php?doing_wp_cron=1766391798.6203351020812988281250 HTTP/1.1" 200 0 "-" "WordPress/6.9; https://lucinea.com.br"
57.141.16.40 - - [22/Dec/2025:05:23:16 -0300] "GET /?p=51540029a2e1 HTTP/2" 404 165201 "-" "meta-externalagent/1.1 (+https://developers.facebook.com/docs/sharing/webmasters/crawler)"
57.141.16.27 - - [22/Dec/2025:05:23:59 -0300] "GET /?p=29724805ai500 HTTP/2" 404 165201 "-" "meta-externalagent/1.1 (+https://developers.facebook.com/docs/sharing/webmasters/crawler)"
57.141.16.68 - - [22/Dec/2025:05:25:10 -0300] "GET /?p=21666476g80j8 HTTP/2" 404 165201 "-" "meta-externalagent/1.1 (+https://developers.facebook.com/docs/sharing/webmasters/crawler)"
187.33.241.49 - - [22/Dec/2025:05:25:26 -0300] "POST /wp-cron.php?doing_wp_cron=1766391926.1962590217590332031250 HTTP/1.1" 200 0 "-" "WordPress/6.9; https://lucinea.com.br"
57.141.16.75 - - [22/Dec/2025:05:25:24 -0300] "GET /?p=41798200c523b HTTP/2" 404 165201 "-" "meta-externalagent/1.1 (+https://developers.facebook.com/docs/sharing/webmasters/crawler)"
57.141.16.100 - - [22/Dec/2025:05:25:38 -0300] "GET /?p=21423739ge5j0 HTTP/2" 404 165201 "-" "meta-externalagent/1.1 (+https://developers.facebook.com/docs/sharing/webmasters/crawler)"
187.33.241.49 - - [22/Dec/2025:05:25:53 -0300] "POST /wp-cron.php?doing_wp_cron=1766391953.4162480831146240234375 HTTP/1.1" 200 0 "-" "WordPress/6.9; https://lucinea.com.br"
187.33.241.49 - - [22/Dec/2025:05:27:04 -0300] "POST /wp-cron.php?doing_wp_cron=1766392024.9780349731445312500000 HTTP/1.1" 200 0 "-" "WordPress/6.9; https://lucinea.com.br"
57.141.16.50 - - [22/Dec/2025:05:27:02 -0300] "GET /?p=3924388h4cceb HTTP/2" 404 165201 "-" "meta-externalagent/1.1 (+https://developers.facebook.com/docs/sharing/webmasters/crawler)"
57.141.16.32 - - [22/Dec/2025:05:27:17 -0300] "GET /?p=3540104fg33j7 HTTP/2" 404 165201 "-" "meta-externalagent/1.1 (+https://developers.facebook.com/docs/sharing/webmasters/crawler)"
57.141.16.35 - - [22/Dec/2025:05:27:45 -0300] "GET /?p=376942529736g HTTP/2" 404 165201 "-" "meta-externalagent/1.1 (+https://developers.facebook.com/docs/sharing/webmasters/crawler)"
49.51.233.95 - - [22/Dec/2025:05:28:00 -0300] "GET / HTTP/2" 401 53 "http://cpcontacts.lucinea.com.br" "Mozilla/5.0 (iPhone; CPU iPhone OS 13_2_3 like Mac OS X) AppleWebKit/605.1.15 (KHTML, like Gecko) Version/13.0.3 Mobile/15E148 Safari/604.1"
187.33.241.49 - - [22/Dec/2025:05:19:15 -0300] "POST /wp-cron.php?doing_wp_cron=1766391555.4095110893249511718750 HTTP/1.1" 200 0 "-" "WordPress/6.9; https://lucinea.com.br"
57.141.16.85 - - [22/Dec/2025:05:19:13 -0300] "GET /?p=1601187gcgg75 HTTP/2" 404 165201 "-" "meta-externalagent/1.1 (+https://developers.facebook.com/docs/sharing/webmasters/crawler)"
57.141.16.83 - - [22/Dec/2025:05:19:42 -0300] "GET /?p=236536450g66i HTTP/2" 404 165201 "-" "meta-externalagent/1.1 (+https://developers.facebook.com/docs/sharing/webmasters/crawler)"
187.33.241.49 - - [22/Dec/2025:05:19:58 -0300] "POST /wp-cron.php?doing_wp_cron=1766391598.0897409915924072265625 HTTP/1.1" 200 0 "-" "WordPress/6.9; https://lucinea.com.br"
57.141.16.44 - - [22/Dec/2025:05:20:54 -0300] "GET /?p=229640497341e HTTP/2" 404 165201 "-" "meta-externalagent/1.1 (+https://developers.facebook.com/docs/sharing/webmasters/crawler)"
187.33.241.49 - - [22/Dec/2025:05:21:24 -0300] "POST /wp-cron.php?doing_wp_cron=1766391684.0936789512634277343750 HTTP/1.1" 200 0 "-" "WordPress/6.9; https://lucinea.com.br"
57.141.16.39 - - [22/Dec/2025:05:21:22 -0300] "GET /?p=3393226ba8e76 HTTP/2" 404 165201 "-" "meta-externalagent/1.1 (+https://developers.facebook.com/docs/sharing/webmasters/crawler)"
57.141.16.74 - - [22/Dec/2025:05:21:37 -0300] "GET /?p=2931432d9c50c HTTP/2" 404 165201 "-" "meta-externalagent/1.1 (+https://developers.facebook.com/docs/sharing/webmasters/crawler)"
187.33.241.49 - - [22/Dec/2025:05:21:53 -0300] "POST /wp-cron.php?doing_wp_cron=1766391713.0254290103912353515625 HTTP/1.1" 200 0 "-" "WordPress/6.9; https://lucinea.com.br"
57.141.16.52 - - [22/Dec/2025:05:22:34 -0300] "GET /?p=55622698i7b7 HTTP/2" 404 165201 "-" "meta-externalagent/1.1 (+https://developers.facebook.com/docs/sharing/webmasters/crawler)"
187.33.241.49 - - [22/Dec/2025:05:23:04 -0300] "POST /wp-cron.php?doing_wp_cron=1766391784.9841001033782958984375 HTTP/1.1" 200 0 "-" "WordPress/6.9; https://lucinea.com.br"
57.141.16.86 - - [22/Dec/2025:05:24:13 -0300] "GET /?p=753819hbf3b2 HTTP/2" 404 165201 "-" "meta-externalagent/1.1 (+https://developers.facebook.com/docs/sharing/webmasters/crawler)"
57.141.16.50 - - [22/Dec/2025:05:24:27 -0300] "GET /?p=41445835agai5 HTTP/2" 404 165201 "-" "meta-externalagent/1.1 (+https://developers.facebook.com/docs/sharing/webmasters/crawler)"
57.141.16.95 - - [22/Dec/2025:05:24:56 -0300] "GET /?p=255971860gjcj HTTP/2" 404 165201 "-" "meta-externalagent/1.1 (+https://developers.facebook.com/docs/sharing/webmasters/crawler)"
57.141.16.100 - - [22/Dec/2025:05:25:52 -0300] "GET /?p=363704031ei4f HTTP/2" 404 165201 "-" "meta-externalagent/1.1 (+https://developers.facebook.com/docs/sharing/webmasters/crawler)"
187.33.241.49 - - [22/Dec/2025:05:26:23 -0300] "POST /wp-cron.php?doing_wp_cron=1766391983.3895590305328369140625 HTTP/1.1" 200 0 "-" "WordPress/6.9; https://lucinea.com.br"
57.141.16.68 - - [22/Dec/2025:05:26:48 -0300] "GET /?p=2197914d41hei HTTP/2" 404 165201 "-" "meta-externalagent/1.1 (+https://developers.facebook.com/docs/sharing/webmasters/crawler)"
187.33.241.49 - - [22/Dec/2025:05:27:19 -0300] "POST /wp-cron.php?doing_wp_cron=1766392039.5714650154113769531250 HTTP/1.1" 200 0 "-" "WordPress/6.9; https://lucinea.com.br"
57.141.16.95 - - [22/Dec/2025:05:27:59 -0300] "GET /?p=28994351e9dd3 HTTP/2" 404 165201 "-" "meta-externalagent/1.1 (+https://developers.facebook.com/docs/sharing/webmasters/crawler)"
57.141.16.32 - - [22/Dec/2025:05:28:13 -0300] "GET /?p=3049528547di1 HTTP/2" 404 165201 "-" "meta-externalagent/1.1 (+https://developers.facebook.com/docs/sharing/webmasters/crawler)"
57.141.16.21 - - [22/Dec/2025:05:28:41 -0300] "GET /?p=1991203d9e28g HTTP/2" 404 165201 "-" "meta-externalagent/1.1 (+https://developers.facebook.com/docs/sharing/webmasters/crawler)"
187.33.241.49 - - [22/Dec/2025:05:28:58 -0300] "POST /wp-cron.php?doing_wp_cron=1766392138.2845170497894287109375 HTTP/1.1" 200 0 "-" "WordPress/6.9; https://lucinea.com.br"
57.141.16.56 - - [22/Dec/2025:05:29:24 -0300] "GET /?p=3434785i2cdh4 HTTP/2" 404 165201 "-" "meta-externalagent/1.1 (+https://developers.facebook.com/docs/sharing/webmasters/crawler)"
187.33.241.49 - - [22/Dec/2025:05:29:55 -0300] "POST /wp-cron.php?doing_wp_cron=1766392195.8805589675903320312500 HTTP/1.1" 200 0 "-" "WordPress/6.9; https://lucinea.com.br"
187.33.241.49 - - [22/Dec/2025:05:30:14 -0300] "POST /wp-cron.php?doing_wp_cron=1766392214.0762090682983398437500 HTTP/1.1" 200 0 "-" "WordPress/6.9; https://lucinea.com.br"
63.141.253.98 - - [22/Dec/2025:05:31:25 -0300] "GET / HTTP/1.1" 200 35643 "-" "Mozilla/5.0 (Windows NT 10.0; Win64; x64) AppleWebKit/537.36 (KHTML, like Gecko) Chrome/103.0.0.0 Safari/537.36"
51.75.119.165 - - [22/Dec/2025:05:31:37 -0300] "GET /robots.txt HTTP/1.1" 200 317 "-" "Mozilla/5.0 (compatible; MJ12bot/v1.4.8; http://mj12bot.com/)"
51.75.119.165 - - [22/Dec/2025:05:31:57 -0300] "GET /bf.php/.htaccess.bk HTTP/1.1" 403 1242 "-" "Mozilla/5.0 (compatible; MJ12bot/v1.4.8; http://mj12bot.com/)"
51.75.119.165 - - [22/Dec/2025:05:32:00 -0300] "GET /bf.php/wp-config-sample.php/wp-load.php HTTP/1.1" 200 4112 "-" "Mozilla/5.0 (compatible; MJ12bot/v1.4.8; http://mj12bot.com/)"
51.75.119.165 - - [22/Dec/2025:05:32:02 -0300] "GET /bf.php/wp-config.php?p=Ahome HTTP/1.1" 200 2454 "-" "Mozilla/5.0 (compatible; MJ12bot/v1.4.8; http://mj12bot.com/)"
51.75.119.165 - - [22/Dec/2025:05:32:04 -0300] "GET /bf.php/wp-config.php?p=AhomeAkelarte1AlucineaIcomIbrAwp-content HTTP/1.1" 200 3412 "-" "Mozilla/5.0 (compatible; MJ12bot/v1.4.8; http://mj12bot.com/)"
51.75.119.165 - - [22/Dec/2025:05:32:07 -0300] "GET /bf.php/wp-config.php?p=AhomeAkelarte1AlucineaIcomIbrAwp-includes HTTP/1.1" 200 17418 "-" "Mozilla/5.0 (compatible; MJ12bot/v1.4.8; http://mj12bot.com/)"
51.75.119.165 - - [22/Dec/2025:05:32:10 -0300] "GET /bf.php/wp-cron.php/.htaccess HTTP/1.1" 403 1242 "-" "Mozilla/5.0 (compatible; MJ12bot/v1.4.8; http://mj12bot.com/)"
51.75.119.165 - - [22/Dec/2025:05:32:12 -0300] "GET /bf.php/wp-cron.php/.user.ini HTTP/1.1" 200 4075 "-" "Mozilla/5.0 (compatible; MJ12bot/v1.4.8; http://mj12bot.com/)"
51.75.119.165 - - [22/Dec/2025:05:32:14 -0300] "GET /bf.php/wp-cron.php/bf.php HTTP/1.1" 200 4085 "-" "Mozilla/5.0 (compatible; MJ12bot/v1.4.8; http://mj12bot.com/)"
51.75.119.165 - - [22/Dec/2025:05:32:16 -0300] "GET /bf.php/wp-cron.php/error_log HTTP/1.1" 200 4083 "-" "Mozilla/5.0 (compatible; MJ12bot/v1.4.8; http://mj12bot.com/)"
57.141.16.0 - - [22/Dec/2025:05:31:45 -0300] "GET /?p=774356b05647 HTTP/2" 404 98304 "-" "meta-externalagent/1.1 (+https://developers.facebook.com/docs/sharing/webmasters/crawler)"
51.75.119.165 - - [22/Dec/2025:05:32:18 -0300] "GET /bf.php/wp-cron.php/index.php HTTP/1.1" 200 4110 "-" "Mozilla/5.0 (compatible; MJ12bot/v1.4.8; http://mj12bot.com/)"
51.75.119.165 - - [22/Dec/2025:05:32:20 -0300] "GET /bf.php/wp-cron.php/license.txt HTTP/1.1" 200 4024 "-" "Mozilla/5.0 (compatible; MJ12bot/v1.4.8; http://mj12bot.com/)"
51.75.119.165 - - [22/Dec/2025:05:32:22 -0300] "GET /bf.php/wp-cron.php/php.ini HTTP/1.1" 200 4112 "-" "Mozilla/5.0 (compatible; MJ12bot/v1.4.8; http://mj12bot.com/)"
57.141.16.64 - - [22/Dec/2025:05:31:59 -0300] "GET /?p=3866317j08i3j HTTP/2" 404 165201 "-" "meta-externalagent/1.1 (+https://developers.facebook.com/docs/sharing/webmasters/crawler)"
51.75.119.165 - - [22/Dec/2025:05:32:24 -0300] "GET /bf.php/wp-cron.php/readme.html HTTP/1.1" 200 4077 "-" "Mozilla/5.0 (compatible; MJ12bot/v1.4.8; http://mj12bot.com/)"
51.75.119.165 - - [22/Dec/2025:05:32:26 -0300] "GET /bf.php/wp-cron.php/wp-activate.php HTTP/1.1" 200 4161 "-" "Mozilla/5.0 (compatible; MJ12bot/v1.4.8; http://mj12bot.com/)"
51.75.119.165 - - [22/Dec/2025:05:32:28 -0300] "GET /bf.php/wp-cron.php/wp-blog-header.php HTTP/1.1" 200 4107 "-" "Mozilla/5.0 (compatible; MJ12bot/v1.4.8; http://mj12bot.com/)"
51.75.119.165 - - [22/Dec/2025:05:32:30 -0300] "GET /bf.php/wp-cron.php/wp-comments-post.php HTTP/1.1" 200 4113 "-" "Mozilla/5.0 (compatible; MJ12bot/v1.4.8; http://mj12bot.com/)"
51.75.119.165 - - [22/Dec/2025:05:32:32 -0300] "GET /bf.php/wp-cron.php/wp-config-sample.php HTTP/1.1" 200 4110 "-" "Mozilla/5.0 (compatible; MJ12bot/v1.4.8; http://mj12bot.com/)"
51.75.119.165 - - [22/Dec/2025:05:32:34 -0300] "GET /bf.php/wp-cron.php/wp-cron.php HTTP/1.1" 200 4076 "-" "Mozilla/5.0 (compatible; MJ12bot/v1.4.8; http://mj12bot.com/)"
57.141.16.90 - - [22/Dec/2025:05:32:27 -0300] "GET /?p=256065834eaj0 HTTP/2" 404 165201 "-" "meta-externalagent/1.1 (+https://developers.facebook.com/docs/sharing/webmasters/crawler)"
51.75.119.165 - - [22/Dec/2025:05:32:36 -0300] "GET /bf.php/wp-cron.php?p=AhomeAkelarte1 HTTP/1.1" 200 6330 "-" "Mozilla/5.0 (compatible; MJ12bot/v1.4.8; http://mj12bot.com/)"
51.75.119.165 - - [22/Dec/2025:05:32:38 -0300] "GET /bf.php/wp-cron.php?p=AhomeAkelarte1AlucineaIcomIbr HTTP/1.1" 200 4085 "-" "Mozilla/5.0 (compatible; MJ12bot/v1.4.8; http://mj12bot.com/)"
51.75.119.165 - - [22/Dec/2025:05:32:39 -0300] "GET /bf.php/wp-cron.php?p=AhomeAkelarte1AlucineaIcomIbr&edit=.htaccess HTTP/1.1" 200 5958 "-" "Mozilla/5.0 (compatible; MJ12bot/v1.4.8; http://mj12bot.com/)"
51.75.119.165 - - [22/Dec/2025:05:32:41 -0300] "GET /bf.php/wp-cron.php?p=AhomeAkelarte1AlucineaIcomIbr&edit=.user.ini HTTP/1.1" 200 2294 "-" "Mozilla/5.0 (compatible; MJ12bot/v1.4.8; http://mj12bot.com/)"
51.75.119.165 - - [22/Dec/2025:05:32:43 -0300] "GET /bf.php/wp-cron.php?p=AhomeAkelarte1AlucineaIcomIbr&edit=bf.php HTTP/1.1" 200 5955 "-" "Mozilla/5.0 (compatible; MJ12bot/v1.4.8; http://mj12bot.com/)"
51.75.119.165 - - [22/Dec/2025:05:32:45 -0300] "GET /bf.php/wp-cron.php?p=AhomeAkelarte1AlucineaIcomIbr&edit=error_log HTTP/1.1" 200 3220 "-" "Mozilla/5.0 (compatible; MJ12bot/v1.4.8; http://mj12bot.com/)"
51.75.119.165 - - [22/Dec/2025:05:32:46 -0300] "GET /bf.php/wp-cron.php?p=AhomeAkelarte1AlucineaIcomIbr&edit=index.php HTTP/1.1" 200 2175 "-" "Mozilla/5.0 (compatible; MJ12bot/v1.4.8; http://mj12bot.com/)"
51.75.119.165 - - [22/Dec/2025:05:32:48 -0300] "GET /bf.php/wp-cron.php?p=AhomeAkelarte1AlucineaIcomIbr&edit=license.txt HTTP/1.1" 200 9362 "-" "Mozilla/5.0 (compatible; MJ12bot/v1.4.8; http://mj12bot.com/)"
51.75.119.165 - - [22/Dec/2025:05:32:50 -0300] "GET /bf.php/wp-cron.php?p=AhomeAkelarte1AlucineaIcomIbr&edit=php.ini HTTP/1.1" 200 2295 "-" "Mozilla/5.0 (compatible; MJ12bot/v1.4.8; http://mj12bot.com/)"
51.75.119.165 - - [22/Dec/2025:05:32:52 -0300] "GET /bf.php/wp-cron.php?p=AhomeAkelarte1AlucineaIcomIbr&edit=readme.html HTTP/1.1" 200 5071 "-" "Mozilla/5.0 (compatible; MJ12bot/v1.4.8; http://mj12bot.com/)"
51.75.119.165 - - [22/Dec/2025:05:32:53 -0300] "GET /bf.php/wp-cron.php?p=AhomeAkelarte1AlucineaIcomIbr&edit=wp-activate.php HTTP/1.1" 200 4631 "-" "Mozilla/5.0 (compatible; MJ12bot/v1.4.8; http://mj12bot.com/)"
51.75.119.165 - - [22/Dec/2025:05:32:55 -0300] "GET /bf.php/wp-cron.php?p=AhomeAkelarte1AlucineaIcomIbr&edit=wp-blog-header.php HTTP/1.1" 200 2153 "-" "Mozilla/5.0 (compatible; MJ12bot/v1.4.8; http://mj12bot.com/)"
51.75.119.165 - - [22/Dec/2025:05:32:57 -0300] "GET /bf.php/wp-cron.php?p=AhomeAkelarte1AlucineaIcomIbr&edit=wp-comments-post.php HTTP/1.1" 200 3068 "-" "Mozilla/5.0 (compatible; MJ12bot/v1.4.8; http://mj12bot.com/)"
51.75.119.165 - - [22/Dec/2025:05:32:58 -0300] "GET /bf.php/wp-cron.php?p=AhomeAkelarte1AlucineaIcomIbr&edit=wp-config-sample.php HTTP/1.1" 200 3321 "-" "Mozilla/5.0 (compatible; MJ12bot/v1.4.8; http://mj12bot.com/)"
51.75.119.165 - - [22/Dec/2025:05:33:00 -0300] "GET /bf.php/wp-cron.php?p=AhomeAkelarte1AlucineaIcomIbr&edit=wp-signup.php HTTP/1.1" 200 10809 "-" "Mozilla/5.0 (compatible; MJ12bot/v1.4.8; http://mj12bot.com/)"
51.75.119.165 - - [22/Dec/2025:05:33:02 -0300] "GET /bf.php/wp-cron.php?p=AhomeAkelarte1AlucineaIcomIbr&edit=xmlrpc.php HTTP/1.1" 200 3494 "-" "Mozilla/5.0 (compatible; MJ12bot/v1.4.8; http://mj12bot.com/)"
51.75.119.165 - - [22/Dec/2025:05:33:04 -0300] "GET /bf.php/wp-cron.php?p=AhomeAkelarte1AlucineaIcomIbrAIwell-known HTTP/1.1" 200 2521 "-" "Mozilla/5.0 (compatible; MJ12bot/v1.4.8; http://mj12bot.com/)"
51.75.119.165 - - [22/Dec/2025:05:33:05 -0300] "GET /bf.php/wp-links-opml.php/wp-config.php HTTP/1.1" 200 4110 "-" "Mozilla/5.0 (compatible; MJ12bot/v1.4.8; http://mj12bot.com/)"
51.75.119.165 - - [22/Dec/2025:05:33:07 -0300] "GET /bf.php/wp-links-opml.php/wp-cron.php HTTP/1.1" 200 4091 "-" "Mozilla/5.0 (compatible; MJ12bot/v1.4.8; http://mj12bot.com/)"
51.75.119.165 - - [22/Dec/2025:05:33:09 -0300] "GET /bf.php/wp-links-opml.php/wp-links-opml.php HTTP/1.1" 200 4121 "-" "Mozilla/5.0 (compatible; MJ12bot/v1.4.8; http://mj12bot.com/)"
51.75.119.165 - - [22/Dec/2025:05:33:11 -0300] "GET /bf.php/wp-links-opml.php/wp-load.php HTTP/1.1" 200 4092 "-" "Mozilla/5.0 (compatible; MJ12bot/v1.4.8; http://mj12bot.com/)"
51.75.119.165 - - [22/Dec/2025:05:33:12 -0300] "GET /bf.php/wp-links-opml.php/wp-mail.php HTTP/1.1" 200 4048 "-" "Mozilla/5.0 (compatible; MJ12bot/v1.4.8; http://mj12bot.com/)"
51.75.119.165 - - [22/Dec/2025:05:33:14 -0300] "GET /bf.php/wp-links-opml.php/wp-settings.php HTTP/1.1" 200 4112 "-" "Mozilla/5.0 (compatible; MJ12bot/v1.4.8; http://mj12bot.com/)"
51.75.119.165 - - [22/Dec/2025:05:33:16 -0300] "GET /bf.php/wp-links-opml.php/wp-trackback.php HTTP/1.1" 200 4091 "-" "Mozilla/5.0 (compatible; MJ12bot/v1.4.8; http://mj12bot.com/)"
51.75.119.165 - - [22/Dec/2025:05:33:17 -0300] "GET /bf.php/wp-links-opml.php?p=Ahome HTTP/1.1" 200 2454 "-" "Mozilla/5.0 (compatible; MJ12bot/v1.4.8; http://mj12bot.com/)"
51.75.119.165 - - [22/Dec/2025:05:33:19 -0300] "GET /bf.php/wp-links-opml.php?p=AhomeAkelarte1 HTTP/1.1" 200 6329 "-" "Mozilla/5.0 (compatible; MJ12bot/v1.4.8; http://mj12bot.com/)"
51.75.119.165 - - [22/Dec/2025:05:33:21 -0300] "GET /bf.php/wp-links-opml.php?p=AhomeAkelarte1AlucineaIcomIbr HTTP/1.1" 200 4080 "-" "Mozilla/5.0 (compatible; MJ12bot/v1.4.8; http://mj12bot.com/)"
51.75.119.165 - - [22/Dec/2025:05:33:22 -0300] "GET /bf.php/wp-links-opml.php?p=AhomeAkelarte1AlucineaIcomIbr&edit=.htaccess HTTP/1.1" 200 5958 "-" "Mozilla/5.0 (compatible; MJ12bot/v1.4.8; http://mj12bot.com/)"
51.75.119.165 - - [22/Dec/2025:05:33:24 -0300] "GET /bf.php/wp-links-opml.php?p=AhomeAkelarte1AlucineaIcomIbr&edit=.user.ini HTTP/1.1" 200 2294 "-" "Mozilla/5.0 (compatible; MJ12bot/v1.4.8; http://mj12bot.com/)"
57.141.16.22 - - [22/Dec/2025:05:33:24 -0300] "GET /?p=28116975g3ji3 HTTP/2" 404 165201 "-" "meta-externalagent/1.1 (+https://developers.facebook.com/docs/sharing/webmasters/crawler)"
51.75.119.165 - - [22/Dec/2025:05:33:26 -0300] "GET /bf.php/wp-links-opml.php?p=AhomeAkelarte1AlucineaIcomIbr&edit=bf.php HTTP/1.1" 200 5955 "-" "Mozilla/5.0 (compatible; MJ12bot/v1.4.8; http://mj12bot.com/)"
51.75.119.165 - - [22/Dec/2025:05:33:27 -0300] "GET /bf.php/wp-links-opml.php?p=AhomeAkelarte1AlucineaIcomIbr&edit=error_log HTTP/1.1" 200 3220 "-" "Mozilla/5.0 (compatible; MJ12bot/v1.4.8; http://mj12bot.com/)"
51.75.119.165 - - [22/Dec/2025:05:33:29 -0300] "GET /bf.php/wp-links-opml.php?p=AhomeAkelarte1AlucineaIcomIbr&edit=index.php HTTP/1.1" 200 2175 "-" "Mozilla/5.0 (compatible; MJ12bot/v1.4.8; http://mj12bot.com/)"
51.75.119.165 - - [22/Dec/2025:05:33:31 -0300] "GET /bf.php/wp-links-opml.php?p=AhomeAkelarte1AlucineaIcomIbr&edit=license.txt HTTP/1.1" 200 9347 "-" "Mozilla/5.0 (compatible; MJ12bot/v1.4.8; http://mj12bot.com/)"
51.75.119.165 - - [22/Dec/2025:05:33:32 -0300] "GET /bf.php/wp-links-opml.php?p=AhomeAkelarte1AlucineaIcomIbr&edit=php.ini HTTP/1.1" 200 2295 "-" "Mozilla/5.0 (compatible; MJ12bot/v1.4.8; http://mj12bot.com/)"
51.75.119.165 - - [22/Dec/2025:05:33:34 -0300] "GET /bf.php/wp-links-opml.php?p=AhomeAkelarte1AlucineaIcomIbr&edit=readme.html HTTP/1.1" 200 5071 "-" "Mozilla/5.0 (compatible; MJ12bot/v1.4.8; http://mj12bot.com/)"
51.75.119.165 - - [22/Dec/2025:05:33:36 -0300] "GET /bf.php/wp-links-opml.php?p=AhomeAkelarte1AlucineaIcomIbr&edit=wp-activate.php HTTP/1.1" 200 4631 "-" "Mozilla/5.0 (compatible; MJ12bot/v1.4.8; http://mj12bot.com/)"
57.141.16.88 - - [22/Dec/2025:05:28:55 -0300] "GET /?p=3690511a93f1c HTTP/2" 404 165201 "-" "meta-externalagent/1.1 (+https://developers.facebook.com/docs/sharing/webmasters/crawler)"
57.141.16.89 - - [22/Dec/2025:05:29:10 -0300] "GET /?p=125185734cgh3 HTTP/2" 404 165201 "-" "meta-externalagent/1.1 (+https://developers.facebook.com/docs/sharing/webmasters/crawler)"
51.75.119.165 - - [22/Dec/2025:05:33:37 -0300] "GET /bf.php/wp-links-opml.php?p=AhomeAkelarte1AlucineaIcomIbr&edit=wp-blog-header.php HTTP/1.1" 200 2153 "-" "Mozilla/5.0 (compatible; MJ12bot/v1.4.8; http://mj12bot.com/)"
51.75.119.165 - - [22/Dec/2025:05:33:39 -0300] "GET /bf.php/wp-links-opml.php?p=AhomeAkelarte1AlucineaIcomIbr&edit=wp-comments-post.php HTTP/1.1" 200 3068 "-" "Mozilla/5.0 (compatible; MJ12bot/v1.4.8; http://mj12bot.com/)"
51.75.119.165 - - [22/Dec/2025:05:33:41 -0300] "GET /bf.php/wp-links-opml.php?p=AhomeAkelarte1AlucineaIcomIbr&edit=wp-config-sample.php HTTP/1.1" 200 3321 "-" "Mozilla/5.0 (compatible; MJ12bot/v1.4.8; http://mj12bot.com/)"
51.75.119.165 - - [22/Dec/2025:05:33:42 -0300] "GET /bf.php/wp-links-opml.php?p=AhomeAkelarte1AlucineaIcomIbr&edit=wp-config.php HTTP/1.1" 200 3749 "-" "Mozilla/5.0 (compatible; MJ12bot/v1.4.8; http://mj12bot.com/)"
51.75.119.165 - - [22/Dec/2025:05:33:44 -0300] "GET /bf.php/wp-links-opml.php?p=AhomeAkelarte1AlucineaIcomIbr&edit=wp-cron.php HTTP/1.1" 200 4137 "-" "Mozilla/5.0 (compatible; MJ12bot/v1.4.8; http://mj12bot.com/)"
51.75.119.165 - - [22/Dec/2025:05:33:45 -0300] "GET /bf.php/wp-links-opml.php?p=AhomeAkelarte1AlucineaIcomIbr&edit=wp-links-opml.php HTTP/1.1" 200 3133 "-" "Mozilla/5.0 (compatible; MJ12bot/v1.4.8; http://mj12bot.com/)"
51.75.119.165 - - [22/Dec/2025:05:33:47 -0300] "GET /bf.php/wp-links-opml.php?p=AhomeAkelarte1AlucineaIcomIbr&edit=wp-load.php HTTP/1.1" 200 3621 "-" "Mozilla/5.0 (compatible; MJ12bot/v1.4.8; http://mj12bot.com/)"
51.75.119.165 - - [22/Dec/2025:05:33:49 -0300] "GET /bf.php/wp-links-opml.php?p=AhomeAkelarte1AlucineaIcomIbr&edit=wp-login.php HTTP/1.1" 200 15968 "-" "Mozilla/5.0 (compatible; MJ12bot/v1.4.8; http://mj12bot.com/)"
51.75.119.165 - - [22/Dec/2025:05:33:51 -0300] "GET /bf.php/wp-links-opml.php?p=AhomeAkelarte1AlucineaIcomIbr&edit=wp-mail.php HTTP/1.1" 200 5233 "-" "Mozilla/5.0 (compatible; MJ12bot/v1.4.8; http://mj12bot.com/)"
51.75.119.165 - - [22/Dec/2025:05:33:52 -0300] "GET /bf.php/wp-links-opml.php?p=AhomeAkelarte1AlucineaIcomIbr&edit=wp-settings.php HTTP/1.1" 200 8410 "-" "Mozilla/5.0 (compatible; MJ12bot/v1.4.8; http://mj12bot.com/)"
57.141.16.76 - - [22/Dec/2025:05:33:52 -0300] "GET /?p=1142576309j24 HTTP/2" 404 165201 "-" "meta-externalagent/1.1 (+https://developers.facebook.com/docs/sharing/webmasters/crawler)"
51.75.119.165 - - [22/Dec/2025:05:33:54 -0300] "GET /bf.php/wp-links-opml.php?p=AhomeAkelarte1AlucineaIcomIbr&edit=wp-signup.php HTTP/1.1" 200 10846 "-" "Mozilla/5.0 (compatible; MJ12bot/v1.4.8; http://mj12bot.com/)"
51.75.119.165 - - [22/Dec/2025:05:33:55 -0300] "GET /bf.php/wp-links-opml.php?p=AhomeAkelarte1AlucineaIcomIbr&edit=wp-trackback.php HTTP/1.1" 200 3992 "-" "Mozilla/5.0 (compatible; MJ12bot/v1.4.8; http://mj12bot.com/)"
51.75.119.165 - - [22/Dec/2025:05:33:57 -0300] "GET /bf.php/wp-links-opml.php?p=AhomeAkelarte1AlucineaIcomIbr&edit=xmlrpc.php HTTP/1.1" 200 3494 "-" "Mozilla/5.0 (compatible; MJ12bot/v1.4.8; http://mj12bot.com/)"
51.75.119.165 - - [22/Dec/2025:05:33:59 -0300] "GET /bf.php/wp-load.php/wp-config-sample.php HTTP/1.1" 200 4100 "-" "Mozilla/5.0 (compatible; MJ12bot/v1.4.8; http://mj12bot.com/)"
51.75.119.165 - - [22/Dec/2025:05:34:00 -0300] "GET /bf.php/wp-load.php/wp-config.php HTTP/1.1" 200 4019 "-" "Mozilla/5.0 (compatible; MJ12bot/v1.4.8; http://mj12bot.com/)"
51.75.119.165 - - [22/Dec/2025:05:34:02 -0300] "GET /bf.php/wp-load.php/wp-cron.php HTTP/1.1" 200 4066 "-" "Mozilla/5.0 (compatible; MJ12bot/v1.4.8; http://mj12bot.com/)"
51.75.119.165 - - [22/Dec/2025:05:34:04 -0300] "GET /bf.php/wp-load.php/wp-links-opml.php HTTP/1.1" 200 4090 "-" "Mozilla/5.0 (compatible; MJ12bot/v1.4.8; http://mj12bot.com/)"
51.75.119.165 - - [22/Dec/2025:05:34:05 -0300] "GET /bf.php/wp-load.php/wp-load.php HTTP/1.1" 200 4061 "-" "Mozilla/5.0 (compatible; MJ12bot/v1.4.8; http://mj12bot.com/)"
51.75.119.165 - - [22/Dec/2025:05:34:07 -0300] "GET /bf.php/wp-load.php/wp-mail.php HTTP/1.1" 200 4076 "-" "Mozilla/5.0 (compatible; MJ12bot/v1.4.8; http://mj12bot.com/)"
187.33.241.49 - - [22/Dec/2025:05:28:00 -0300] "POST /wp-cron.php?doing_wp_cron=1766392080.5297460556030273437500 HTTP/1.1" 200 0 "-" "WordPress/6.9; https://lucinea.com.br"
187.33.241.49 - - [22/Dec/2025:05:28:17 -0300] "POST /wp-cron.php?doing_wp_cron=1766392096.8143019676208496093750 HTTP/1.1" 200 0 "-" "WordPress/6.9; https://lucinea.com.br"
45.140.146.180 - - [22/Dec/2025:05:19:03 -0300] "GET /starburst-video-slot-enjoy-totally-slot-games-casino-login-free-demonstration-game-online/ HTTP/1.1" 200 173468 "-" "Mozilla/5.0 (Windows NT 10.0; Win64; x64; rv:124.0) Gecko/20100101 Firefox/124.0"
57.141.16.100 - - [22/Dec/2025:05:19:57 -0300] "GET /?p=37512404ib9g HTTP/2" 404 165201 "-" "meta-externalagent/1.1 (+https://developers.facebook.com/docs/sharing/webmasters/crawler)"
57.141.16.16 - - [22/Dec/2025:05:20:10 -0300] "GET /?p=388414029i971 HTTP/2" 404 165201 "-" "meta-externalagent/1.1 (+https://developers.facebook.com/docs/sharing/webmasters/crawler)"
57.141.16.31 - - [22/Dec/2025:05:20:40 -0300] "GET /?p=3196839f54i2f HTTP/2" 404 165201 "-" "meta-externalagent/1.1 (+https://developers.facebook.com/docs/sharing/webmasters/crawler)"
187.33.241.49 - - [22/Dec/2025:05:20:55 -0300] "POST /wp-cron.php?doing_wp_cron=1766391655.4977650642395019531250 HTTP/1.1" 200 0 "-" "WordPress/6.9; https://lucinea.com.br"
57.141.16.29 - - [22/Dec/2025:05:21:51 -0300] "GET /?p=17361388jif7b HTTP/2" 404 165201 "-" "meta-externalagent/1.1 (+https://developers.facebook.com/docs/sharing/webmasters/crawler)"
57.141.16.13 - - [22/Dec/2025:05:22:20 -0300] "GET /?p=4477399b54d9i HTTP/2" 404 165201 "-" "meta-externalagent/1.1 (+https://developers.facebook.com/docs/sharing/webmasters/crawler)"
57.141.16.70 - - [22/Dec/2025:05:23:32 -0300] "GET /?p=2456416e473c7 HTTP/2" 200 164892 "-" "meta-externalagent/1.1 (+https://developers.facebook.com/docs/sharing/webmasters/crawler)"
57.141.16.10 - - [22/Dec/2025:05:23:45 -0300] "GET /?p=3185812jib895 HTTP/2" 404 165201 "-" "meta-externalagent/1.1 (+https://developers.facebook.com/docs/sharing/webmasters/crawler)"
187.33.241.49 - - [22/Dec/2025:05:24:01 -0300] "POST /wp-cron.php?doing_wp_cron=1766391841.4900031089782714843750 HTTP/1.1" 200 0 "-" "WordPress/6.9; https://lucinea.com.br"
187.33.241.49 - - [22/Dec/2025:05:24:15 -0300] "POST /wp-cron.php?doing_wp_cron=1766391855.8949940204620361328125 HTTP/1.1" 200 0 "-" "WordPress/6.9; https://lucinea.com.br"
57.141.16.100 - - [22/Dec/2025:05:24:42 -0300] "GET /?p=1875294c363be HTTP/2" 404 165201 "-" "meta-externalagent/1.1 (+https://developers.facebook.com/docs/sharing/webmasters/crawler)"
187.33.241.49 - - [22/Dec/2025:05:24:58 -0300] "POST /wp-cron.php?doing_wp_cron=1766391898.2879939079284667968750 HTTP/1.1" 200 0 "-" "WordPress/6.9; https://lucinea.com.br"
57.141.16.95 - - [22/Dec/2025:05:26:06 -0300] "GET /?p=2564994803i97 HTTP/2" 404 165201 "-" "meta-externalagent/1.1 (+https://developers.facebook.com/docs/sharing/webmasters/crawler)"
57.141.16.78 - - [22/Dec/2025:05:26:20 -0300] "GET /?p=5770774d3feb HTTP/2" 404 165201 "-" "meta-externalagent/1.1 (+https://developers.facebook.com/docs/sharing/webmasters/crawler)"
57.141.16.57 - - [22/Dec/2025:05:26:34 -0300] "GET /?p=45354072ffi0c HTTP/2" 404 165201 "-" "meta-externalagent/1.1 (+https://developers.facebook.com/docs/sharing/webmasters/crawler)"
57.141.16.81 - - [22/Dec/2025:05:27:31 -0300] "GET /?p=4264163jdg511 HTTP/2" 404 165201 "-" "meta-externalagent/1.1 (+https://developers.facebook.com/docs/sharing/webmasters/crawler)"
57.141.16.4 - - [22/Dec/2025:05:28:27 -0300] "GET /?p=795709i7992e HTTP/2" 404 165201 "-" "meta-externalagent/1.1 (+https://developers.facebook.com/docs/sharing/webmasters/crawler)"
51.75.119.165 - - [22/Dec/2025:05:34:09 -0300] "GET /bf.php/wp-load.php/wp-settings.php HTTP/1.1" 200 4127 "-" "Mozilla/5.0 (compatible; MJ12bot/v1.4.8; http://mj12bot.com/)"
51.75.119.165 - - [22/Dec/2025:05:34:10 -0300] "GET /bf.php/wp-load.php/wp-signup.php HTTP/1.1" 200 4064 "-" "Mozilla/5.0 (compatible; MJ12bot/v1.4.8; http://mj12bot.com/)"
51.75.119.165 - - [22/Dec/2025:05:34:12 -0300] "GET /bf.php/wp-load.php/wp-trackback.php HTTP/1.1" 200 4090 "-" "Mozilla/5.0 (compatible; MJ12bot/v1.4.8; http://mj12bot.com/)"
51.75.119.165 - - [22/Dec/2025:05:34:14 -0300] "GET /bf.php/wp-load.php?p=Ahome HTTP/1.1" 200 2454 "-" "Mozilla/5.0 (compatible; MJ12bot/v1.4.8; http://mj12bot.com/)"
51.75.119.165 - - [22/Dec/2025:05:34:16 -0300] "GET /bf.php/wp-load.php?p=AhomeAkelarte1 HTTP/1.1" 200 6331 "-" "Mozilla/5.0 (compatible; MJ12bot/v1.4.8; http://mj12bot.com/)"
51.75.119.165 - - [22/Dec/2025:05:34:17 -0300] "GET /bf.php/wp-load.php?p=AhomeAkelarte1AlucineaIcomIbr HTTP/1.1" 200 4085 "-" "Mozilla/5.0 (compatible; MJ12bot/v1.4.8; http://mj12bot.com/)"
51.75.119.165 - - [22/Dec/2025:05:34:19 -0300] "GET /bf.php/wp-load.php?p=AhomeAkelarte1AlucineaIcomIbr&edit=.htaccess HTTP/1.1" 200 5958 "-" "Mozilla/5.0 (compatible; MJ12bot/v1.4.8; http://mj12bot.com/)"
51.75.119.165 - - [22/Dec/2025:05:34:21 -0300] "GET /bf.php/wp-load.php?p=AhomeAkelarte1AlucineaIcomIbr&edit=.user.ini HTTP/1.1" 200 2294 "-" "Mozilla/5.0 (compatible; MJ12bot/v1.4.8; http://mj12bot.com/)"
51.75.119.165 - - [22/Dec/2025:05:34:22 -0300] "GET /bf.php/wp-load.php?p=AhomeAkelarte1AlucineaIcomIbr&edit=bf.php HTTP/1.1" 200 5955 "-" "Mozilla/5.0 (compatible; MJ12bot/v1.4.8; http://mj12bot.com/)"
51.75.119.165 - - [22/Dec/2025:05:34:24 -0300] "GET /bf.php/wp-load.php?p=AhomeAkelarte1AlucineaIcomIbr&edit=error_log HTTP/1.1" 200 3220 "-" "Mozilla/5.0 (compatible; MJ12bot/v1.4.8; http://mj12bot.com/)"
51.75.119.165 - - [22/Dec/2025:05:34:26 -0300] "GET /bf.php/wp-load.php?p=AhomeAkelarte1AlucineaIcomIbr&edit=index.php HTTP/1.1" 200 2175 "-" "Mozilla/5.0 (compatible; MJ12bot/v1.4.8; http://mj12bot.com/)"
51.75.119.165 - - [22/Dec/2025:05:34:27 -0300] "GET /bf.php/wp-load.php?p=AhomeAkelarte1AlucineaIcomIbr&edit=license.txt HTTP/1.1" 200 9362 "-" "Mozilla/5.0 (compatible; MJ12bot/v1.4.8; http://mj12bot.com/)"
51.75.119.165 - - [22/Dec/2025:05:34:29 -0300] "GET /bf.php/wp-load.php?p=AhomeAkelarte1AlucineaIcomIbr&edit=php.ini HTTP/1.1" 200 2295 "-" "Mozilla/5.0 (compatible; MJ12bot/v1.4.8; http://mj12bot.com/)"
51.75.119.165 - - [22/Dec/2025:05:34:31 -0300] "GET /bf.php/wp-load.php?p=AhomeAkelarte1AlucineaIcomIbr&edit=readme.html HTTP/1.1" 200 5071 "-" "Mozilla/5.0 (compatible; MJ12bot/v1.4.8; http://mj12bot.com/)"
51.75.119.165 - - [22/Dec/2025:05:34:32 -0300] "GET /bf.php/wp-load.php?p=AhomeAkelarte1AlucineaIcomIbr&edit=wp-activate.php HTTP/1.1" 200 4631 "-" "Mozilla/5.0 (compatible; MJ12bot/v1.4.8; http://mj12bot.com/)"
51.75.119.165 - - [22/Dec/2025:05:34:34 -0300] "GET /bf.php/wp-load.php?p=AhomeAkelarte1AlucineaIcomIbr&edit=wp-blog-header.php HTTP/1.1" 200 2153 "-" "Mozilla/5.0 (compatible; MJ12bot/v1.4.8; http://mj12bot.com/)"
57.141.16.30 - - [22/Dec/2025:05:34:34 -0300] "GET /?p=1248052d3a507 HTTP/2" 404 165201 "-" "meta-externalagent/1.1 (+https://developers.facebook.com/docs/sharing/webmasters/crawler)"
51.75.119.165 - - [22/Dec/2025:05:34:36 -0300] "GET /bf.php/wp-load.php?p=AhomeAkelarte1AlucineaIcomIbr&edit=wp-comments-post.php HTTP/1.1" 200 3068 "-" "Mozilla/5.0 (compatible; MJ12bot/v1.4.8; http://mj12bot.com/)"
51.75.119.165 - - [22/Dec/2025:05:34:37 -0300] "GET /bf.php/wp-load.php?p=AhomeAkelarte1AlucineaIcomIbr&edit=wp-config-sample.php HTTP/1.1" 200 3321 "-" "Mozilla/5.0 (compatible; MJ12bot/v1.4.8; http://mj12bot.com/)"
51.75.119.165 - - [22/Dec/2025:05:34:39 -0300] "GET /bf.php/wp-load.php?p=AhomeAkelarte1AlucineaIcomIbr&edit=wp-config.php HTTP/1.1" 200 3749 "-" "Mozilla/5.0 (compatible; MJ12bot/v1.4.8; http://mj12bot.com/)"
51.75.119.165 - - [22/Dec/2025:05:34:41 -0300] "GET /bf.php/wp-load.php?p=AhomeAkelarte1AlucineaIcomIbr&edit=wp-cron.php HTTP/1.1" 200 4137 "-" "Mozilla/5.0 (compatible; MJ12bot/v1.4.8; http://mj12bot.com/)"
51.75.119.165 - - [22/Dec/2025:05:34:42 -0300] "GET /bf.php/wp-load.php?p=AhomeAkelarte1AlucineaIcomIbr&edit=wp-links-opml.php HTTP/1.1" 200 3174 "-" "Mozilla/5.0 (compatible; MJ12bot/v1.4.8; http://mj12bot.com/)"
51.75.119.165 - - [22/Dec/2025:05:34:44 -0300] "GET /bf.php/wp-load.php?p=AhomeAkelarte1AlucineaIcomIbr&edit=wp-load.php HTTP/1.1" 200 3669 "-" "Mozilla/5.0 (compatible; MJ12bot/v1.4.8; http://mj12bot.com/)"
51.75.119.165 - - [22/Dec/2025:05:34:46 -0300] "GET /bf.php/wp-load.php?p=AhomeAkelarte1AlucineaIcomIbr&edit=wp-login.php HTTP/1.1" 200 15968 "-" "Mozilla/5.0 (compatible; MJ12bot/v1.4.8; http://mj12bot.com/)"
51.75.119.165 - - [22/Dec/2025:05:34:48 -0300] "GET /bf.php/wp-load.php?p=AhomeAkelarte1AlucineaIcomIbr&edit=wp-mail.php HTTP/1.1" 200 5233 "-" "Mozilla/5.0 (compatible; MJ12bot/v1.4.8; http://mj12bot.com/)"
51.75.119.165 - - [22/Dec/2025:05:34:49 -0300] "GET /bf.php/wp-load.php?p=AhomeAkelarte1AlucineaIcomIbr&edit=wp-settings.php HTTP/1.1" 200 8410 "-" "Mozilla/5.0 (compatible; MJ12bot/v1.4.8; http://mj12bot.com/)"
51.75.119.165 - - [22/Dec/2025:05:34:51 -0300] "GET /bf.php/wp-load.php?p=AhomeAkelarte1AlucineaIcomIbr&edit=wp-signup.php HTTP/1.1" 200 10846 "-" "Mozilla/5.0 (compatible; MJ12bot/v1.4.8; http://mj12bot.com/)"
51.75.119.165 - - [22/Dec/2025:05:34:53 -0300] "GET /bf.php/wp-load.php?p=AhomeAkelarte1AlucineaIcomIbr&edit=wp-trackback.php HTTP/1.1" 200 3992 "-" "Mozilla/5.0 (compatible; MJ12bot/v1.4.8; http://mj12bot.com/)"
51.75.119.165 - - [22/Dec/2025:05:34:54 -0300] "GET /bf.php/wp-load.php?p=AhomeAkelarte1AlucineaIcomIbr&edit=xmlrpc.php HTTP/1.1" 200 3494 "-" "Mozilla/5.0 (compatible; MJ12bot/v1.4.8; http://mj12bot.com/)"
51.75.119.165 - - [22/Dec/2025:05:34:56 -0300] "GET /bf.php/wp-load.php?p=AhomeAkelarte1AlucineaIcomIbrAIwell-known HTTP/1.1" 200 2521 "-" "Mozilla/5.0 (compatible; MJ12bot/v1.4.8; http://mj12bot.com/)"
51.75.119.165 - - [22/Dec/2025:05:34:58 -0300] "GET /bf.php/wp-load.php?p=AhomeAkelarte1AlucineaIcomIbrAwp-admin HTTP/1.1" 200 7976 "-" "Mozilla/5.0 (compatible; MJ12bot/v1.4.8; http://mj12bot.com/)"
51.75.119.165 - - [22/Dec/2025:05:34:59 -0300] "GET /bf.php/wp-load.php?p=AhomeAkelarte1AlucineaIcomIbrAwp-content HTTP/1.1" 200 3354 "-" "Mozilla/5.0 (compatible; MJ12bot/v1.4.8; http://mj12bot.com/)"
51.75.119.165 - - [22/Dec/2025:05:35:01 -0300] "GET /bf.php/wp-load.php?p=AhomeAkelarte1AlucineaIcomIbrAwp-includes HTTP/1.1" 200 17287 "-" "Mozilla/5.0 (compatible; MJ12bot/v1.4.8; http://mj12bot.com/)"
51.75.119.165 - - [22/Dec/2025:05:35:03 -0300] "GET /bf.php/wp-mail.php/.htaccess HTTP/1.1" 403 1242 "-" "Mozilla/5.0 (compatible; MJ12bot/v1.4.8; http://mj12bot.com/)"
51.75.119.165 - - [22/Dec/2025:05:35:05 -0300] "GET /bf.php/wp-mail.php/.user.ini HTTP/1.1" 200 4082 "-" "Mozilla/5.0 (compatible; MJ12bot/v1.4.8; http://mj12bot.com/)"
51.75.119.165 - - [22/Dec/2025:05:35:06 -0300] "GET /bf.php/wp-mail.php/bf.php HTTP/1.1" 200 4036 "-" "Mozilla/5.0 (compatible; MJ12bot/v1.4.8; http://mj12bot.com/)"
51.75.119.165 - - [22/Dec/2025:05:35:08 -0300] "GET /bf.php/wp-mail.php/error_log HTTP/1.1" 200 4061 "-" "Mozilla/5.0 (compatible; MJ12bot/v1.4.8; http://mj12bot.com/)"
51.75.119.165 - - [22/Dec/2025:05:35:09 -0300] "GET /bf.php/wp-mail.php/index.php HTTP/1.1" 200 4069 "-" "Mozilla/5.0 (compatible; MJ12bot/v1.4.8; http://mj12bot.com/)"
51.75.119.165 - - [22/Dec/2025:05:35:11 -0300] "GET /bf.php/wp-mail.php/license.txt HTTP/1.1" 200 4070 "-" "Mozilla/5.0 (compatible; MJ12bot/v1.4.8; http://mj12bot.com/)"
51.75.119.165 - - [22/Dec/2025:05:35:13 -0300] "GET /bf.php/wp-mail.php/php.ini HTTP/1.1" 200 4093 "-" "Mozilla/5.0 (compatible; MJ12bot/v1.4.8; http://mj12bot.com/)"
51.75.119.165 - - [22/Dec/2025:05:35:15 -0300] "GET /bf.php/wp-mail.php/readme.html HTTP/1.1" 200 4023 "-" "Mozilla/5.0 (compatible; MJ12bot/v1.4.8; http://mj12bot.com/)"
51.75.119.165 - - [22/Dec/2025:05:35:27 -0300] "GET /bf.php/wp-mail.php/wp-cron.php HTTP/1.1" 200 4027 "-" "Mozilla/5.0 (compatible; MJ12bot/v1.4.8; http://mj12bot.com/)"
51.75.119.165 - - [22/Dec/2025:05:35:28 -0300] "GET /bf.php/wp-mail.php/wp-links-opml.php HTTP/1.1" 200 4089 "-" "Mozilla/5.0 (compatible; MJ12bot/v1.4.8; http://mj12bot.com/)"
187.33.241.49 - - [22/Dec/2025:05:35:25 -0300] "POST /wp-cron.php?doing_wp_cron=1766392525.7701330184936523437500 HTTP/1.1" 200 0 "-" "WordPress/6.9; https://lucinea.com.br"
51.75.119.165 - - [22/Dec/2025:05:35:31 -0300] "GET /bf.php/wp-mail.php/wp-load.php HTTP/1.1" 200 4027 "-" "Mozilla/5.0 (compatible; MJ12bot/v1.4.8; http://mj12bot.com/)"
51.75.119.165 - - [22/Dec/2025:05:35:33 -0300] "GET /bf.php?p=AhomeAkelarte1AlucineaIcomIbrAwp-content&edit=.htaccess HTTP/1.1" 200 1975 "-" "Mozilla/5.0 (compatible; MJ12bot/v1.4.8; http://mj12bot.com/)"
45.140.146.180 - - [22/Dec/2025:05:35:31 -0300] "POST /xmlrpc.php HTTP/1.1" 200 10427 "-" "Mozilla/5.0 (Windows NT 10.0; Win64; x64) AppleWebKit/537.36 (KHTML, like Gecko) Chrome/114.0.0.0 Safari/537.36"
57.141.16.45 - - [22/Dec/2025:05:35:31 -0300] "GET /?p=1060012f8d003 HTTP/2" 404 165201 "-" "meta-externalagent/1.1 (+https://developers.facebook.com/docs/sharing/webmasters/crawler)"
51.75.119.165 - - [22/Dec/2025:05:35:36 -0300] "GET /bf.php?p=AhomeAkelarte1AlucineaIcomIbrAwp-content&edit=.htaccess.bk HTTP/1.1" 200 3300 "-" "Mozilla/5.0 (compatible; MJ12bot/v1.4.8; http://mj12bot.com/)"
45.140.146.180 - - [22/Dec/2025:05:35:34 -0300] "GET /2-hundred-no-deposit-added-bonus-two-hundred-free-revolves-real-money-the-brand-new/ HTTP/1.1" 200 173492 "-" "Mozilla/5.0 (Windows NT 10.0; Win64; x64) AppleWebKit/537.36 (KHTML, like Gecko) Chrome/109.0.0.0 Safari/537.36"
57.141.16.100 - - [22/Dec/2025:05:30:20 -0300] "GET /?p=2139661153ach HTTP/2" 404 165201 "-" "meta-externalagent/1.1 (+https://developers.facebook.com/docs/sharing/webmasters/crawler)"
187.33.241.49 - - [22/Dec/2025:05:31:05 -0300] "POST /wp-cron.php?doing_wp_cron=1766392265.3771030902862548828125 HTTP/1.1" 200 0 "-" "WordPress/6.9; https://lucinea.com.br"
57.141.16.58 - - [22/Dec/2025:05:31:16 -0300] "GET /?p=2256398h790ic HTTP/2" 404 165201 "-" "meta-externalagent/1.1 (+https://developers.facebook.com/docs/sharing/webmasters/crawler)"
187.33.241.49 - - [22/Dec/2025:05:31:53 -0300] "POST /wp-cron.php?doing_wp_cron=1766392313.6766119003295898437500 HTTP/1.1" 200 0 "-" "WordPress/6.9; https://lucinea.com.br"
187.33.241.49 - - [22/Dec/2025:05:32:16 -0300] "POST /wp-cron.php?doing_wp_cron=1766392336.5745139122009277343750 HTTP/1.1" 200 0 "-" "WordPress/6.9; https://lucinea.com.br"
187.33.241.49 - - [22/Dec/2025:05:32:29 -0300] "POST /wp-cron.php?doing_wp_cron=1766392348.9761281013488769531250 HTTP/1.1" 200 0 "-" "WordPress/6.9; https://lucinea.com.br"
