57.141.16.79 - - [22/Dec/2025:05:32:12 -0300] "GET /?p=3328171a0da9 HTTP/2" 404 165201 "-" "meta-externalagent/1.1 (+https://developers.facebook.com/docs/sharing/webmasters/crawler)"
57.141.16.100 - - [22/Dec/2025:05:32:55 -0300] "GET /?p=3462599f7fc4e HTTP/2" 404 165201 "-" "meta-externalagent/1.1 (+https://developers.facebook.com/docs/sharing/webmasters/crawler)"
187.33.241.49 - - [22/Dec/2025:05:33:39 -0300] "POST /wp-cron.php?doing_wp_cron=1766392419.9048058986663818359375 HTTP/1.1" 200 0 "-" "WordPress/6.9; https://lucinea.com.br"
187.33.241.49 - - [22/Dec/2025:05:33:53 -0300] "POST /wp-cron.php?doing_wp_cron=1766392433.2858839035034179687500 HTTP/1.1" 200 0 "-" "WordPress/6.9; https://lucinea.com.br"
187.33.241.49 - - [22/Dec/2025:05:34:21 -0300] "POST /wp-cron.php?doing_wp_cron=1766392461.0789990425109863281250 HTTP/1.1" 200 0 "-" "WordPress/6.9; https://lucinea.com.br"
57.141.16.8 - - [22/Dec/2025:05:34:20 -0300] "GET /?p=4184834c8he7j HTTP/2" 404 165201 "-" "meta-externalagent/1.1 (+https://developers.facebook.com/docs/sharing/webmasters/crawler)"
57.141.16.20 - - [22/Dec/2025:05:34:48 -0300] "GET /?p=39059094a7777 HTTP/2" 404 165201 "-" "meta-externalagent/1.1 (+https://developers.facebook.com/docs/sharing/webmasters/crawler)"
57.141.16.2 - - [22/Dec/2025:05:35:02 -0300] "GET /?p=2586519f4i1gc HTTP/2" 404 165201 "-" "meta-externalagent/1.1 (+https://developers.facebook.com/docs/sharing/webmasters/crawler)"
51.75.119.165 - - [22/Dec/2025:05:35:22 -0300] "GET /bf.php/wp-mail.php/wp-config-sample.php HTTP/1.1" 200 4104 "-" "Mozilla/5.0 (compatible; MJ12bot/v1.4.8; http://mj12bot.com/)"
51.75.119.165 - - [22/Dec/2025:05:35:16 -0300] "GET /bf.php/wp-mail.php/wp-activate.php HTTP/1.1" 200 4127 "-" "Mozilla/5.0 (compatible; MJ12bot/v1.4.8; http://mj12bot.com/)"
187.33.241.49 - - [22/Dec/2025:05:35:17 -0300] "POST /wp-cron.php?doing_wp_cron=1766392517.8217699527740478515625 HTTP/1.1" 200 0 "-" "WordPress/6.9; https://lucinea.com.br"
51.75.119.165 - - [22/Dec/2025:05:35:20 -0300] "GET /bf.php/wp-mail.php/wp-comments-post.php HTTP/1.1" 200 4101 "-" "Mozilla/5.0 (compatible; MJ12bot/v1.4.8; http://mj12bot.com/)"
45.140.146.180 - - [22/Dec/2025:05:35:24 -0300] "POST /xmlrpc.php HTTP/1.1" 200 179 "-" "Mozilla/5.0 (Windows NT 10.0; Win64; x64) AppleWebKit/537.36 (KHTML, like Gecko) Chrome/114.0.0.0 Safari/537.36"
187.33.241.49 - - [22/Dec/2025:05:29:25 -0300] "POST /wp-cron.php?doing_wp_cron=1766392165.9693770408630371093750 HTTP/1.1" 200 0 "-" "WordPress/6.9; https://lucinea.com.br"
57.141.16.84 - - [22/Dec/2025:05:29:38 -0300] "GET /?p=24610216dji4g HTTP/2" 404 165201 "-" "meta-externalagent/1.1 (+https://developers.facebook.com/docs/sharing/webmasters/crawler)"
57.141.16.60 - - [22/Dec/2025:05:29:52 -0300] "GET /?p=13877837ecd9h HTTP/2" 404 165201 "-" "meta-externalagent/1.1 (+https://developers.facebook.com/docs/sharing/webmasters/crawler)"
57.141.16.65 - - [22/Dec/2025:05:30:06 -0300] "GET /?p=266987ae7506 HTTP/2" 404 165201 "-" "meta-externalagent/1.1 (+https://developers.facebook.com/docs/sharing/webmasters/crawler)"
57.141.16.44 - - [22/Dec/2025:05:30:34 -0300] "GET /?p=1887347fdd5ei HTTP/2" 404 165201 "-" "meta-externalagent/1.1 (+https://developers.facebook.com/docs/sharing/webmasters/crawler)"
57.141.16.99 - - [22/Dec/2025:05:30:49 -0300] "GET /?p=45925044c9gf0 HTTP/2" 404 165201 "-" "meta-externalagent/1.1 (+https://developers.facebook.com/docs/sharing/webmasters/crawler)"
57.141.16.40 - - [22/Dec/2025:05:31:02 -0300] "GET /?p=87559922de20 HTTP/2" 404 165201 "-" "meta-externalagent/1.1 (+https://developers.facebook.com/docs/sharing/webmasters/crawler)"
187.33.241.49 - - [22/Dec/2025:05:31:18 -0300] "POST /wp-cron.php?doing_wp_cron=1766392278.5018320083618164062500 HTTP/1.1" 200 0 "-" "WordPress/6.9; https://lucinea.com.br"
63.141.253.98 - - [22/Dec/2025:05:31:26 -0300] "GET / HTTP/1.1" 200 35643 "-" "Googlebot/2.1 (+http://www.googlebot.com/bot.html)"
57.141.16.68 - - [22/Dec/2025:05:31:30 -0300] "GET /?p=4110337e09bd1 HTTP/2" 404 165201 "-" "meta-externalagent/1.1 (+https://developers.facebook.com/docs/sharing/webmasters/crawler)"
57.141.16.38 - - [22/Dec/2025:05:32:41 -0300] "GET /?p=3964335gcc730 HTTP/2" 404 165201 "-" "meta-externalagent/1.1 (+https://developers.facebook.com/docs/sharing/webmasters/crawler)"
57.141.16.4 - - [22/Dec/2025:05:33:09 -0300] "GET /?p=2467850969a5b HTTP/2" 404 165201 "-" "meta-externalagent/1.1 (+https://developers.facebook.com/docs/sharing/webmasters/crawler)"
57.141.16.86 - - [22/Dec/2025:05:33:38 -0300] "GET /?p=1212674c96bbf HTTP/2" 404 165201 "-" "meta-externalagent/1.1 (+https://developers.facebook.com/docs/sharing/webmasters/crawler)"
57.141.16.2 - - [22/Dec/2025:05:34:05 -0300] "GET /?p=3075310h7j9c3 HTTP/2" 404 165201 "-" "meta-externalagent/1.1 (+https://developers.facebook.com/docs/sharing/webmasters/crawler)"
187.33.241.49 - - [22/Dec/2025:05:35:04 -0300] "POST /wp-cron.php?doing_wp_cron=1766392504.2031900882720947265625 HTTP/1.1" 200 0 "-" "WordPress/6.9; https://lucinea.com.br"
57.141.16.26 - - [22/Dec/2025:05:35:16 -0300] "GET /?p=42237832cj8j6 HTTP/2" 404 165201 "-" "meta-externalagent/1.1 (+https://developers.facebook.com/docs/sharing/webmasters/crawler)"
51.75.119.165 - - [22/Dec/2025:05:35:24 -0300] "GET /bf.php/wp-mail.php/wp-config.php HTTP/1.1" 200 4074 "-" "Mozilla/5.0 (compatible; MJ12bot/v1.4.8; http://mj12bot.com/)"
51.75.119.165 - - [22/Dec/2025:05:35:39 -0300] "GET /bf.php?p=AhomeAkelarte1AlucineaIcomIbrAwp-contentAai1wm-backups HTTP/1.1" 200 2831 "-" "Mozilla/5.0 (compatible; MJ12bot/v1.4.8; http://mj12bot.com/)"
51.75.119.165 - - [22/Dec/2025:05:35:41 -0300] "GET /bf.php?p=AhomeAkelarte1AlucineaIcomIbrAwp-contentAlanguages HTTP/1.1" 200 12604 "-" "Mozilla/5.0 (compatible; MJ12bot/v1.4.8; http://mj12bot.com/)"
51.75.119.165 - - [22/Dec/2025:05:35:43 -0300] "GET /bf.php?p=AhomeAkelarte1AlucineaIcomIbrAwp-contentAmaintenance HTTP/1.1" 200 2699 "-" "Mozilla/5.0 (compatible; MJ12bot/v1.4.8; http://mj12bot.com/)"
51.75.119.165 - - [22/Dec/2025:05:35:45 -0300] "GET /bf.php?p=AhomeAkelarte1AlucineaIcomIbrAwp-contentAmu-plugins HTTP/1.1" 200 84 "-" "Mozilla/5.0 (compatible; MJ12bot/v1.4.8; http://mj12bot.com/)"
57.141.16.30 - - [22/Dec/2025:05:35:44 -0300] "GET /?p=4288179d08h02 HTTP/2" 404 165201 "-" "meta-externalagent/1.1 (+https://developers.facebook.com/docs/sharing/webmasters/crawler)"
51.75.119.165 - - [22/Dec/2025:05:35:46 -0300] "GET /bf.php?p=AhomeAkelarte1AlucineaIcomIbrAwp-contentAplugins HTTP/1.1" 200 4233 "-" "Mozilla/5.0 (compatible; MJ12bot/v1.4.8; http://mj12bot.com/)"
51.75.119.165 - - [22/Dec/2025:05:35:48 -0300] "GET /bf.php?p=AhomeAkelarte1AlucineaIcomIbrAwp-contentAthemes HTTP/1.1" 200 2818 "-" "Mozilla/5.0 (compatible; MJ12bot/v1.4.8; http://mj12bot.com/)"
51.75.119.165 - - [22/Dec/2025:05:35:50 -0300] "GET /bf.php?p=AhomeAkelarte1AlucineaIcomIbrAwp-contentAupgrade HTTP/1.1" 200 2224 "-" "Mozilla/5.0 (compatible; MJ12bot/v1.4.8; http://mj12bot.com/)"
51.75.119.165 - - [22/Dec/2025:05:35:51 -0300] "GET /bf.php?p=AhomeAkelarte1AlucineaIcomIbrAwp-contentAupgrade-temp-backup HTTP/1.1" 200 2231 "-" "Mozilla/5.0 (compatible; MJ12bot/v1.4.8; http://mj12bot.com/)"
51.75.119.165 - - [22/Dec/2025:05:35:53 -0300] "GET /bf.php?p=AhomeAkelarte1AlucineaIcomIbrAwp-contentAuploads HTTP/1.1" 200 4038 "-" "Mozilla/5.0 (compatible; MJ12bot/v1.4.8; http://mj12bot.com/)"
51.75.119.165 - - [22/Dec/2025:05:35:55 -0300] "GET /bf.php?p=AhomeAkelarte1AlucineaIcomIbrAwp-contentAwebp-express HTTP/1.1" 200 2720 "-" "Mozilla/5.0 (compatible; MJ12bot/v1.4.8; http://mj12bot.com/)"
51.75.119.165 - - [22/Dec/2025:05:35:57 -0300] "GET /bf.php?p=AhomeAkelarte1AlucineaIcomIbrAwp-contentAwflogs HTTP/1.1" 200 3175 "-" "Mozilla/5.0 (compatible; MJ12bot/v1.4.8; http://mj12bot.com/)"
51.75.119.165 - - [22/Dec/2025:05:35:58 -0300] "GET /bf.php?p=AhomeAkelarte1AlucineaIcomIbrAwp-contentAwp-rocket-config HTTP/1.1" 200 2767 "-" "Mozilla/5.0 (compatible; MJ12bot/v1.4.8; http://mj12bot.com/)"
187.33.241.49 - - [22/Dec/2025:05:36:14 -0300] "POST /wp-cron.php?doing_wp_cron=1766392574.3613920211791992187500 HTTP/1.1" 200 0 "-" "WordPress/6.9; https://lucinea.com.br"
57.141.16.100 - - [22/Dec/2025:05:36:12 -0300] "GET /?p=4267043edga56 HTTP/2" 404 165201 "-" "meta-externalagent/1.1 (+https://developers.facebook.com/docs/sharing/webmasters/crawler)"
57.141.16.100 - - [22/Dec/2025:05:35:58 -0300] "GET /?p=8852027j4idj HTTP/2" 404 165201 "-" "meta-externalagent/1.1 (+https://developers.facebook.com/docs/sharing/webmasters/crawler)"
57.141.16.100 - - [22/Dec/2025:05:36:41 -0300] "GET /?p=3178395f34gi HTTP/2" 404 165201 "-" "meta-externalagent/1.1 (+https://developers.facebook.com/docs/sharing/webmasters/crawler)"
187.33.241.49 - - [22/Dec/2025:05:36:56 -0300] "POST /wp-cron.php?doing_wp_cron=1766392616.4016261100769042968750 HTTP/1.1" 200 0 "-" "WordPress/6.9; https://lucinea.com.br"
57.141.16.85 - - [22/Dec/2025:05:37:09 -0300] "GET /?p=734289eb209f HTTP/2" 404 165201 "-" "meta-externalagent/1.1 (+https://developers.facebook.com/docs/sharing/webmasters/crawler)"
57.141.16.10 - - [22/Dec/2025:05:37:23 -0300] "GET /?p=1020287eib7ic HTTP/2" 404 165201 "-" "meta-externalagent/1.1 (+https://developers.facebook.com/docs/sharing/webmasters/crawler)"
57.141.16.44 - - [22/Dec/2025:05:37:37 -0300] "GET /?p=481478ffghb0 HTTP/2" 404 165201 "-" "meta-externalagent/1.1 (+https://developers.facebook.com/docs/sharing/webmasters/crawler)"
187.33.241.49 - - [22/Dec/2025:05:37:52 -0300] "POST /wp-cron.php?doing_wp_cron=1766392672.8102359771728515625000 HTTP/1.1" 200 0 "-" "WordPress/6.9; https://lucinea.com.br"
187.33.241.49 - - [22/Dec/2025:05:35:59 -0300] "POST /wp-cron.php?doing_wp_cron=1766392559.9907400608062744140625 HTTP/1.1" 200 0 "-" "WordPress/6.9; https://lucinea.com.br"
57.141.16.65 - - [22/Dec/2025:05:36:26 -0300] "GET /?p=1985450d8acb0 HTTP/2" 404 165201 "-" "meta-externalagent/1.1 (+https://developers.facebook.com/docs/sharing/webmasters/crawler)"
57.141.16.80 - - [22/Dec/2025:05:36:55 -0300] "GET /?p=5756155a24a9 HTTP/2" 404 165201 "-" "meta-externalagent/1.1 (+https://developers.facebook.com/docs/sharing/webmasters/crawler)"
187.33.241.49 - - [22/Dec/2025:05:37:24 -0300] "POST /wp-cron.php?doing_wp_cron=1766392644.9129350185394287109375 HTTP/1.1" 200 0 "-" "WordPress/6.9; https://lucinea.com.br"
57.141.16.37 - - [22/Dec/2025:05:37:51 -0300] "GET /?p=2207246bfcc2e HTTP/2" 404 165201 "-" "meta-externalagent/1.1 (+https://developers.facebook.com/docs/sharing/webmasters/crawler)"
57.141.16.23 - - [22/Dec/2025:05:38:05 -0300] "GET /?p=6019037gh23h HTTP/2" 404 165201 "-" "meta-externalagent/1.1 (+https://developers.facebook.com/docs/sharing/webmasters/crawler)"
57.141.16.40 - - [22/Dec/2025:05:38:19 -0300] "GET /?p=79565110h288 HTTP/2" 404 165201 "-" "meta-externalagent/1.1 (+https://developers.facebook.com/docs/sharing/webmasters/crawler)"
104.208.66.28 - - [22/Dec/2025:05:38:28 -0300] "GET /wp-good.php HTTP/2" 401 53 "https://www.google.fr/" "Mozilla/5.0 (Linux; Android 14; Pixel 8 Pro) AppleWebKit/537.36 (KHTML, like Gecko) Chrome/119.0.0.0 Mobile Safari/537.36"
104.208.66.28 - - [22/Dec/2025:05:38:29 -0300] "GET /ioxi-o.php HTTP/2" 401 53 "https://www.google.com/" "Mozilla/5.0 (iPhone; CPU iPhone OS 16_0 like Mac OS X) AppleWebKit/605.1.15 (KHTML, like Gecko) FxiOS/118.0 Mobile/15E148 Safari/605.1.15"
104.208.66.28 - - [22/Dec/2025:05:38:30 -0300] "GET /file.php HTTP/2" 401 53 "https://www.google.com/" "Mozilla/5.0 (iPad; CPU OS 17_0_3 like Mac OS X) AppleWebKit/605.1.15 (KHTML, like Gecko) Version/17.0.1 Mobile/15E148 Safari/604.1"
104.208.66.28 - - [22/Dec/2025:05:38:31 -0300] "GET /wp-admin/css/colors/blue HTTP/2" 401 53 "https://www.google.co.uk/" "Mozilla/5.0 (Linux; Android 11; CPH2251) AppleWebKit/537.36 (KHTML, like Gecko) Chrome/116.0.0.0 Mobile Safari/537.36"
104.208.66.28 - - [22/Dec/2025:05:38:32 -0300] "GET /wp-signin.php HTTP/2" 401 53 "https://www.google.de/" "Mozilla/5.0 (Linux; Android 13; SM-S908E) AppleWebKit/537.36 (KHTML, like Gecko) Chrome/116.0.0.0 Mobile Safari/537.36"
104.208.66.28 - - [22/Dec/2025:05:38:33 -0300] "GET /abcd.php HTTP/2" 401 53 "https://duckduckgo.com/" "Mozilla/5.0 (Linux; Android 14; Pixel 8 Pro) AppleWebKit/537.36 (KHTML, like Gecko) Chrome/119.0.0.0 Mobile Safari/537.36"
104.208.66.28 - - [22/Dec/2025:05:38:34 -0300] "GET /wp-includes/block-bindings HTTP/2" 401 53 "https://www.google.co.uk/" "Mozilla/5.0 (Linux; Android 10; K) AppleWebKit/537.36 (KHTML, like Gecko) Chrome/117.0.0.0 Mobile Safari/537.36"
104.208.66.28 - - [22/Dec/2025:05:38:35 -0300] "GET /about.php HTTP/2" 401 53 "https://www.bing.com/" "Mozilla/5.0 (iPhone; CPU iPhone OS 17_1 like Mac OS X) AppleWebKit/605.1.15 (KHTML, like Gecko) CriOS/119.0.6045.109 Mobile/15E148 Safari/604.1"
104.208.66.28 - - [22/Dec/2025:05:38:36 -0300] "GET /bless.php HTTP/2" 401 53 "https://www.bing.com/" "Mozilla/5.0 (iPad; CPU OS 16_7_2 like Mac OS X) AppleWebKit/605.1.15 (KHTML, like Gecko) Version/16.6 Mobile/15E148 Safari/604.1"
104.208.66.28 - - [22/Dec/2025:05:38:37 -0300] "GET /images/install.php HTTP/2" 401 53 "https://www.google.co.uk/" "Mozilla/5.0 (Linux; Android 12; 2201116SG) AppleWebKit/537.36 (KHTML, like Gecko) Chrome/116.0.0.0 Mobile Safari/537.36"
104.208.66.28 - - [22/Dec/2025:05:38:38 -0300] "GET /num.php HTTP/2" 401 53 "https://www.bing.com/" "Mozilla/5.0 (iPhone; CPU iPhone OS 17_1 like Mac OS X) AppleWebKit/605.1.15 (KHTML, like Gecko) CriOS/119.0.6045.109 Mobile/15E148 Safari/604.1"
104.208.66.28 - - [22/Dec/2025:05:38:39 -0300] "GET /txets.php HTTP/2" 401 53 "https://www.yahoo.com/" "Mozilla/5.0 (iPhone; CPU iPhone OS 17_1_1 like Mac OS X) AppleWebKit/605.1.15 (KHTML, like Gecko) Version/17.1 Mobile/15E148 Safari/604.1"
104.208.66.28 - - [22/Dec/2025:05:38:39 -0300] "GET /wp-blog.php HTTP/2" 401 53 "https://www.google.com/" "Mozilla/5.0 (Linux; Android 12; V2134) AppleWebKit/537.36 (KHTML, like Gecko) Chrome/116.0.0.0 Mobile Safari/537.36"
104.208.66.28 - - [22/Dec/2025:05:38:40 -0300] "GET /wp-content/admin-header.php HTTP/2" 401 53 "https://www.google.fr/" "Mozilla/5.0 (iPhone; CPU iPhone OS 16_6_1 like Mac OS X) AppleWebKit/605.1.15 (KHTML, like Gecko) Version/16.6 Mobile/15E148 Safari/604.1"
104.208.66.28 - - [22/Dec/2025:05:38:41 -0300] "GET /wp-content/themes/about.php HTTP/2" 401 53 "https://www.google.fr/" "Mozilla/5.0 (iPhone; CPU iPhone OS 16_6_1 like Mac OS X) AppleWebKit/605.1.15 (KHTML, like Gecko) Version/16.6 Mobile/15E148 Safari/604.1"
104.208.66.28 - - [22/Dec/2025:05:38:42 -0300] "GET /wp-includes/js/dist HTTP/2" 401 53 "https://www.google.com/" "Mozilla/5.0 (Linux; Android 13; SM-S908E) AppleWebKit/537.36 (KHTML, like Gecko) Chrome/116.0.0.0 Mobile Safari/537.36"
104.208.66.28 - - [22/Dec/2025:05:38:43 -0300] "GET /wp-includes/rest-api/fields HTTP/2" 401 53 "https://www.google.co.uk/" "Mozilla/5.0 (Linux; Android 12; 2201116SG) AppleWebKit/537.36 (KHTML, like Gecko) Chrome/116.0.0.0 Mobile Safari/537.36"
104.208.66.28 - - [22/Dec/2025:05:38:44 -0300] "GET /wp.php HTTP/2" 401 53 "https://www.google.de/" "Mozilla/5.0 (Linux; Android 12; V2134) AppleWebKit/537.36 (KHTML, like Gecko) Chrome/116.0.0.0 Mobile Safari/537.36"
104.208.66.28 - - [22/Dec/2025:05:38:44 -0300] "GET /admin.php HTTP/2" 401 53 "https://www.google.fr/" "Mozilla/5.0 (iPad; CPU OS 17_0_3 like Mac OS X) AppleWebKit/605.1.15 (KHTML, like Gecko) Version/17.0.1 Mobile/15E148 Safari/604.1"
104.208.66.28 - - [22/Dec/2025:05:38:45 -0300] "GET /adminfuns.php HTTP/2" 401 53 "https://www.google.de/" "Mozilla/5.0 (Linux; Android 13; SM-G991U) AppleWebKit/537.36 (KHTML, like Gecko) Chrome/117.0.0.0 Mobile Safari/537.36"
104.208.66.28 - - [22/Dec/2025:05:38:46 -0300] "GET /chosen.php HTTP/2" 401 53 "https://duckduckgo.com/" "Mozilla/5.0 (iPhone; CPU iPhone OS 16_0 like Mac OS X) AppleWebKit/605.1.15 (KHTML, like Gecko) FxiOS/118.0 Mobile/15E148 Safari/605.1.15"
104.208.66.28 - - [22/Dec/2025:05:38:47 -0300] "GET /classwithtostring.php HTTP/2" 401 53 "https://duckduckgo.com/" "Mozilla/5.0 (Linux; Android 13; M2101K6G) AppleWebKit/537.36 (KHTML, like Gecko) Chrome/116.0.0.0 Mobile Safari/537.36"
104.208.66.28 - - [22/Dec/2025:05:38:48 -0300] "GET /edit.php HTTP/2" 401 53 "https://www.yahoo.com/" "Mozilla/5.0 (iPad; CPU OS 17_0_3 like Mac OS X) AppleWebKit/605.1.15 (KHTML, like Gecko) Version/17.0.1 Mobile/15E148 Safari/604.1"
104.208.66.28 - - [22/Dec/2025:05:38:49 -0300] "GET /goods.php HTTP/2" 401 53 "https://www.bing.com/" "Mozilla/5.0 (iPhone; CPU iPhone OS 17_0_3 like Mac OS X) AppleWebKit/605.1.15 (KHTML, like Gecko) Version/17.0.1 Mobile/15E148 Safari/604.1"
104.208.66.28 - - [22/Dec/2025:05:38:50 -0300] "GET /k.php HTTP/2" 401 53 "https://duckduckgo.com/" "Mozilla/5.0 (Linux; Android 10; K) AppleWebKit/537.36 (KHTML, like Gecko) Chrome/117.0.0.0 Mobile Safari/537.36"
57.141.16.52 - - [22/Dec/2025:05:38:48 -0300] "GET /?p=1912534chj507 HTTP/2" 404 165201 "-" "meta-externalagent/1.1 (+https://developers.facebook.com/docs/sharing/webmasters/crawler)"
104.208.66.28 - - [22/Dec/2025:05:38:51 -0300] "GET /mah/function.php HTTP/2" 401 53 "https://www.google.fr/" "Mozilla/5.0 (Linux; Android 10; K) AppleWebKit/537.36 (KHTML, like Gecko) Chrome/117.0.0.0 Mobile Safari/537.36"
104.208.66.28 - - [22/Dec/2025:05:38:51 -0300] "GET /wp-conflg/function.php HTTP/2" 401 53 "https://www.yahoo.com/" "Mozilla/5.0 (Linux; Android 12; SM-A525F) AppleWebKit/537.36 (KHTML, like Gecko) Chrome/117.0.0.0 Mobile Safari/537.36"
104.208.66.28 - - [22/Dec/2025:05:38:52 -0300] "GET /wp-content/admin.php HTTP/2" 401 53 "https://www.google.com/" "Mozilla/5.0 (iPad; CPU OS 17_0_3 like Mac OS X) AppleWebKit/605.1.15 (KHTML, like Gecko) Version/17.0.1 Mobile/15E148 Safari/604.1"
104.208.66.28 - - [22/Dec/2025:05:38:53 -0300] "GET /wp-content/languages/index.php HTTP/2" 401 53 "https://www.yahoo.com/" "Mozilla/5.0 (Linux; Android 11; 21081111RG) AppleWebKit/537.36 (KHTML, like Gecko) Chrome/116.0.0.0 Mobile Safari/537.36"
104.208.66.28 - - [22/Dec/2025:05:38:55 -0300] "GET /wp-includes/PHPMailer/index.php HTTP/2" 401 53 "https://www.yahoo.com/" "Mozilla/5.0 (Linux; Android 13; SM-G991U) AppleWebKit/537.36 (KHTML, like Gecko) Chrome/117.0.0.0 Mobile Safari/537.36"
104.208.66.28 - - [22/Dec/2025:05:38:55 -0300] "GET /wp-includes/images HTTP/2" 401 53 "https://duckduckgo.com/" "Mozilla/5.0 (Linux; Android 11; 21081111RG) AppleWebKit/537.36 (KHTML, like Gecko) Chrome/116.0.0.0 Mobile Safari/537.36"
104.208.66.28 - - [22/Dec/2025:05:38:57 -0300] "GET /wp-includes/images/index.php HTTP/2" 401 53 "https://duckduckgo.com/" "Mozilla/5.0 (Linux; Android 10; LM-Q720) AppleWebKit/537.36 (KHTML, like Gecko) Chrome/116.0.0.0 Mobile Safari/537.36"
104.208.66.28 - - [22/Dec/2025:05:38:58 -0300] "GET /wp-includes/js/dist/development HTTP/2" 401 53 "https://www.bing.com/" "Mozilla/5.0 (Linux; Android 11; 21081111RG) AppleWebKit/537.36 (KHTML, like Gecko) Chrome/116.0.0.0 Mobile Safari/537.36"
104.208.66.28 - - [22/Dec/2025:05:38:59 -0300] "GET /wp-user.php HTTP/2" 401 53 "https://www.yahoo.com/" "Mozilla/5.0 (Linux; Android 12; SM-A525F) AppleWebKit/537.36 (KHTML, like Gecko) Chrome/117.0.0.0 Mobile Safari/537.36"
104.208.66.28 - - [22/Dec/2025:05:38:59 -0300] "GET /404.php HTTP/2" 401 53 "https://www.google.co.uk/" "Mozilla/5.0 (iPhone; CPU iPhone OS 17_0_3 like Mac OS X) AppleWebKit/605.1.15 (KHTML, like Gecko) Version/17.0.1 Mobile/15E148 Safari/604.1"
104.208.66.28 - - [22/Dec/2025:05:39:00 -0300] "GET /akcc.php HTTP/2" 401 53 "https://www.google.com/" "Mozilla/5.0 (iPad; CPU OS 17_0_3 like Mac OS X) AppleWebKit/605.1.15 (KHTML, like Gecko) Version/17.0.1 Mobile/15E148 Safari/604.1"
104.208.66.28 - - [22/Dec/2025:05:39:01 -0300] "GET /gg.php HTTP/2" 401 53 "https://www.google.co.uk/" "Mozilla/5.0 (iPhone; CPU iPhone OS 17_0_3 like Mac OS X) AppleWebKit/605.1.15 (KHTML, like Gecko) Version/17.0.1 Mobile/15E148 Safari/604.1"
104.208.66.28 - - [22/Dec/2025:05:39:02 -0300] "GET /mah.php HTTP/2" 401 53 "https://www.google.fr/" "Mozilla/5.0 (Linux; Android 14; Pixel 8 Pro) AppleWebKit/537.36 (KHTML, like Gecko) Chrome/119.0.0.0 Mobile Safari/537.36"
104.208.66.28 - - [22/Dec/2025:05:39:03 -0300] "GET /new.php HTTP/2" 401 53 "https://www.google.fr/" "Mozilla/5.0 (Linux; Android 11; 21081111RG) AppleWebKit/537.36 (KHTML, like Gecko) Chrome/116.0.0.0 Mobile Safari/537.36"
104.208.66.28 - - [22/Dec/2025:05:39:04 -0300] "GET /themes.php HTTP/2" 401 53 "https://www.yahoo.com/" "Mozilla/5.0 (Linux; Android 10; LM-Q720) AppleWebKit/537.36 (KHTML, like Gecko) Chrome/116.0.0.0 Mobile Safari/537.36"
187.33.241.49 - - [22/Dec/2025:05:39:04 -0300] "POST /wp-cron.php?doing_wp_cron=1766392744.2873139381408691406250 HTTP/1.1" 200 0 "-" "WordPress/6.9; https://lucinea.com.br"
104.208.66.28 - - [22/Dec/2025:05:39:05 -0300] "GET /uploads/index.php HTTP/2" 401 53 "https://www.google.co.uk/" "Mozilla/5.0 (Linux; Android 12; V2134) AppleWebKit/537.36 (KHTML, like Gecko) Chrome/116.0.0.0 Mobile Safari/537.36"
104.208.66.28 - - [22/Dec/2025:05:39:05 -0300] "GET /wp-admin HTTP/2" 401 53 "https://www.yahoo.com/" "Mozilla/5.0 (iPhone; CPU iPhone OS 17_0_3 like Mac OS X) AppleWebKit/605.1.15 (KHTML, like Gecko) Version/17.0.1 Mobile/15E148 Safari/604.1"
104.208.66.28 - - [22/Dec/2025:05:39:06 -0300] "GET /wp-admin/classwithtostring.php HTTP/2" 401 53 "https://www.bing.com/" "Mozilla/5.0 (Linux; Android 12; SM-A525F) AppleWebKit/537.36 (KHTML, like Gecko) Chrome/117.0.0.0 Mobile Safari/537.36"
104.208.66.28 - - [22/Dec/2025:05:39:07 -0300] "GET /wp-admin/css HTTP/2" 401 53 "https://www.google.com/" "Mozilla/5.0 (iPhone; CPU iPhone OS 16_0 like Mac OS X) AppleWebKit/605.1.15 (KHTML, like Gecko) FxiOS/118.0 Mobile/15E148 Safari/605.1.15"
104.208.66.28 - - [22/Dec/2025:05:39:08 -0300] "GET /wp-admin/css/about.php HTTP/2" 401 53 "https://duckduckgo.com/" "Mozilla/5.0 (iPhone; CPU iPhone OS 17_1_1 like Mac OS X) AppleWebKit/605.1.15 (KHTML, like Gecko) Version/17.1 Mobile/15E148 Safari/604.1"
104.208.66.28 - - [22/Dec/2025:05:39:09 -0300] "GET /wp-admin/includes/colour.php HTTP/2" 401 53 "https://www.google.fr/" "Mozilla/5.0 (Linux; Android 12; 2201116SG) AppleWebKit/537.36 (KHTML, like Gecko) Chrome/116.0.0.0 Mobile Safari/537.36"
104.208.66.28 - - [22/Dec/2025:05:39:10 -0300] "GET /wp-admin/js HTTP/2" 401 53 "https://www.google.com/" "Mozilla/5.0 (iPad; CPU OS 17_0_3 like Mac OS X) AppleWebKit/605.1.15 (KHTML, like Gecko) Version/17.0.1 Mobile/15E148 Safari/604.1"
104.208.66.28 - - [22/Dec/2025:05:39:10 -0300] "GET /wp-admin/js/autoload_classmap.php HTTP/2" 401 53 "https://www.google.co.uk/" "Mozilla/5.0 (iPhone; CPU iPhone OS 16_6_1 like Mac OS X) AppleWebKit/605.1.15 (KHTML, like Gecko) Version/16.6 Mobile/15E148 Safari/604.1"
104.208.66.28 - - [22/Dec/2025:05:39:11 -0300] "GET /wp-admin/js/widgets HTTP/2" 401 53 "https://www.google.com/" "Mozilla/5.0 (iPhone; CPU iPhone OS 16_6_1 like Mac OS X) AppleWebKit/605.1.15 (KHTML, like Gecko) Version/16.6 Mobile/15E148 Safari/604.1"
104.208.66.28 - - [22/Dec/2025:05:39:12 -0300] "GET /wp-content/autoload_classmap.php HTTP/2" 401 53 "https://www.google.de/" "Mozilla/5.0 (iPhone; CPU iPhone OS 17_1_1 like Mac OS X) AppleWebKit/605.1.15 (KHTML, like Gecko) Version/17.1 Mobile/15E148 Safari/604.1"
104.208.66.28 - - [22/Dec/2025:05:39:13 -0300] "GET /wp-content/backups-dup-lite HTTP/2" 401 53 "https://www.google.fr/" "Mozilla/5.0 (Linux; Android 14; Pixel 8 Pro) AppleWebKit/537.36 (KHTML, like Gecko) Chrome/119.0.0.0 Mobile Safari/537.36"
104.208.66.28 - - [22/Dec/2025:05:39:14 -0300] "GET /wp-content/languages HTTP/2" 401 53 "https://www.google.fr/" "Mozilla/5.0 (iPad; CPU OS 16_7_2 like Mac OS X) AppleWebKit/605.1.15 (KHTML, like Gecko) Version/16.6 Mobile/15E148 Safari/604.1"
104.208.66.28 - - [22/Dec/2025:05:39:15 -0300] "GET /wp-content/plugins/admin.php HTTP/2" 401 53 "https://www.bing.com/" "Mozilla/5.0 (iPad; CPU OS 16_7_2 like Mac OS X) AppleWebKit/605.1.15 (KHTML, like Gecko) Version/16.6 Mobile/15E148 Safari/604.1"
104.208.66.28 - - [22/Dec/2025:05:39:15 -0300] "GET /wp-content/themes/admin.php HTTP/2" 401 53 "https://www.bing.com/" "Mozilla/5.0 (Linux; Android 11; CPH2251) AppleWebKit/537.36 (KHTML, like Gecko) Chrome/116.0.0.0 Mobile Safari/537.36"
104.208.66.28 - - [22/Dec/2025:05:39:16 -0300] "GET /wp-content/uploads HTTP/2" 401 53 "https://www.google.de/" "Mozilla/5.0 (Linux; Android 14; Pixel 8 Pro) AppleWebKit/537.36 (KHTML, like Gecko) Chrome/119.0.0.0 Mobile Safari/537.36"
104.208.66.28 - - [22/Dec/2025:05:39:17 -0300] "GET /wp-content/uploads/2025 HTTP/2" 401 53 "https://www.google.fr/" "Mozilla/5.0 (iPad; CPU OS 17_0_3 like Mac OS X) AppleWebKit/605.1.15 (KHTML, like Gecko) Version/17.0.1 Mobile/15E148 Safari/604.1"
104.208.66.28 - - [22/Dec/2025:05:39:18 -0300] "GET /wp-includes/IXR HTTP/2" 401 53 "https://www.yahoo.com/" "Mozilla/5.0 (Linux; Android 11; CPH2251) AppleWebKit/537.36 (KHTML, like Gecko) Chrome/116.0.0.0 Mobile Safari/537.36"
104.208.66.28 - - [22/Dec/2025:05:39:19 -0300] "GET /wp-includes/IXR/index.php HTTP/2" 401 53 "https://www.yahoo.com/" "Mozilla/5.0 (iPad; CPU OS 17_0_3 like Mac OS X) AppleWebKit/605.1.15 (KHTML, like Gecko) Version/17.0.1 Mobile/15E148 Safari/604.1"
104.208.66.28 - - [22/Dec/2025:05:39:20 -0300] "GET /wp-includes/SimplePie/index.php HTTP/2" 401 53 "https://www.google.de/" "Mozilla/5.g (Linux; Android 13; Pixel 7) AppleWebKit/537.36 (KHTML, like Gecko) Chrome/116.0.0.0 Mobile Safari/537.36"
104.208.66.28 - - [22/Dec/2025:05:39:20 -0300] "GET /wp-includes/Text HTTP/2" 401 53 "https://www.google.co.uk/" "Mozilla/5.0 (iPad; CPU OS 16_7_2 like Mac OS X) AppleWebKit/605.1.15 (KHTML, like Gecko) Version/16.6 Mobile/15E148 Safari/604.1"
104.208.66.28 - - [22/Dec/2025:05:39:21 -0300] "GET /wp-includes/Text/Diff/Engine HTTP/2" 401 53 "https://www.google.de/" "Mozilla/5.0 (Linux; Android 11; 21081111RG) AppleWebKit/537.36 (KHTML, like Gecko) Chrome/116.0.0.0 Mobile Safari/537.36"
104.208.66.28 - - [22/Dec/2025:05:39:22 -0300] "GET /wp-includes/block-bindings/index.php HTTP/2" 401 53 "https://www.bing.com/" "Mozilla/5.0 (Linux; Android 11; CPH2251) AppleWebKit/537.36 (KHTML, like Gecko) Chrome/116.0.0.0 Mobile Safari/537.36"
104.208.66.28 - - [22/Dec/2025:05:39:23 -0300] "GET /wp-includes/block-supports HTTP/2" 401 53 "https://www.google.com/" "Mozilla/5.0 (Linux; Android 12; 2201116SG) AppleWebKit/537.36 (KHTML, like Gecko) Chrome/116.0.0.0 Mobile Safari/537.36"
104.208.66.28 - - [22/Dec/2025:05:39:24 -0300] "GET /wp-includes/blocks/code HTTP/2" 401 53 "https://duckduckgo.com/" "Mozilla/5.0 (Linux; Android 10; LM-Q720) AppleWebKit/537.36 (KHTML, like Gecko) Chrome/116.0.0.0 Mobile Safari/537.36"
104.208.66.28 - - [22/Dec/2025:05:39:25 -0300] "GET /wp-includes/customize/chosen.php HTTP/2" 401 53 "https://www.yahoo.com/" "Mozilla/5.0 (Linux; Android 14; Pixel 8 Pro) AppleWebKit/537.36 (KHTML, like Gecko) Chrome/119.0.0.0 Mobile Safari/537.36"
104.208.66.28 - - [22/Dec/2025:05:39:25 -0300] "GET /wp-includes/html-api/index.php HTTP/2" 401 53 "https://www.bing.com/" "Mozilla/5.0 (iPhone; CPU iPhone OS 17_1_1 like Mac OS X) AppleWebKit/605.1.15 (KHTML, like Gecko) Version/17.1 Mobile/15E148 Safari/604.1"
104.208.66.28 - - [22/Dec/2025:05:39:26 -0300] "GET /wp-includes/index.php HTTP/2" 401 53 "https://duckduckgo.com/" "Mozilla/5.0 (Linux; Android 14; Pixel 8 Pro) AppleWebKit/537.36 (KHTML, like Gecko) Chrome/119.0.0.0 Mobile Safari/537.36"
104.208.66.28 - - [22/Dec/2025:05:39:27 -0300] "GET /wp-includes/js/dist/development/index.php HTTP/2" 401 53 "https://www.bing.com/" "Mozilla/5.0 (Linux; Android 13; SM-G991U) AppleWebKit/537.36 (KHTML, like Gecko) Chrome/117.0.0.0 Mobile Safari/537.36"
104.208.66.28 - - [22/Dec/2025:05:39:28 -0300] "GET /wp-includes/pomo/index.php HTTP/2" 401 53 "https://www.bing.com/" "Mozilla/5.0 (Linux; Android 13; SM-G991U) AppleWebKit/537.36 (KHTML, like Gecko) Chrome/117.0.0.0 Mobile Safari/537.36"
104.208.66.28 - - [22/Dec/2025:05:39:29 -0300] "GET /wp-includes/rest-api HTTP/2" 401 53 "https://duckduckgo.com/" "Mozilla/5.0 (Linux; Android 12; V2134) AppleWebKit/537.36 (KHTML, like Gecko) Chrome/116.0.0.0 Mobile Safari/537.36"
104.208.66.28 - - [22/Dec/2025:05:39:30 -0300] "GET /wp-includes/sitemaps/autoload_classmap.php HTTP/2" 401 53 "https://duckduckgo.com/" "Mozilla/5.0 (iPad; CPU OS 17_0_3 like Mac OS X) AppleWebKit/605.1.15 (KHTML, like Gecko) Version/17.0.1 Mobile/15E148 Safari/604.1"
104.208.66.28 - - [22/Dec/2025:05:39:31 -0300] "GET /wp-includes/theme-compat HTTP/2" 401 53 "https://www.google.co.uk/" "Mozilla/5.0 (iPad; CPU OS 16_7_2 like Mac OS X) AppleWebKit/605.1.15 (KHTML, like Gecko) Version/16.6 Mobile/15E148 Safari/604.1"
57.141.16.30 - - [22/Dec/2025:05:39:44 -0300] "GET /?p=1912601612934 HTTP/2" 404 165201 "-" "meta-externalagent/1.1 (+https://developers.facebook.com/docs/sharing/webmasters/crawler)"
57.141.16.46 - - [22/Dec/2025:05:39:58 -0300] "GET /?p=26034537gihc3 HTTP/2" 404 165201 "-" "meta-externalagent/1.1 (+https://developers.facebook.com/docs/sharing/webmasters/crawler)"
187.33.241.49 - - [22/Dec/2025:05:40:57 -0300] "POST /wp-cron.php?doing_wp_cron=1766392857.5780251026153564453125 HTTP/1.1" 200 0 "-" "WordPress/6.9; https://lucinea.com.br"
187.33.241.49 - - [22/Dec/2025:05:41:25 -0300] "POST /wp-cron.php?doing_wp_cron=1766392885.6865499019622802734375 HTTP/1.1" 200 0 "-" "WordPress/6.9; https://lucinea.com.br"
187.33.241.49 - - [22/Dec/2025:05:41:52 -0300] "POST /wp-cron.php?doing_wp_cron=1766392912.7964589595794677734375 HTTP/1.1" 200 0 "-" "WordPress/6.9; https://lucinea.com.br"
187.33.241.49 - - [22/Dec/2025:05:43:16 -0300] "POST /wp-cron.php?doing_wp_cron=1766392996.9043409824371337890625 HTTP/1.1" 200 0 "-" "WordPress/6.9; https://lucinea.com.br"
57.141.16.83 - - [22/Dec/2025:05:43:15 -0300] "GET /?p=964634ii67j3 HTTP/2" 404 165201 "-" "meta-externalagent/1.1 (+https://developers.facebook.com/docs/sharing/webmasters/crawler)"
57.141.16.76 - - [22/Dec/2025:05:43:44 -0300] "GET /?p=170338867j525 HTTP/2" 404 165201 "-" "meta-externalagent/1.1 (+https://developers.facebook.com/docs/sharing/webmasters/crawler)"
187.33.241.49 - - [22/Dec/2025:05:43:59 -0300] "POST /wp-cron.php?doing_wp_cron=1766393039.5205459594726562500000 HTTP/1.1" 200 0 "-" "WordPress/6.9; https://lucinea.com.br"
187.33.241.49 - - [22/Dec/2025:05:44:14 -0300] "POST /wp-cron.php?doing_wp_cron=1766393054.0697619915008544921875 HTTP/1.1" 200 0 "-" "WordPress/6.9; https://lucinea.com.br"
57.141.16.4 - - [22/Dec/2025:05:44:40 -0300] "GET /?p=485533632c356 HTTP/2" 404 165201 "-" "meta-externalagent/1.1 (+https://developers.facebook.com/docs/sharing/webmasters/crawler)"
187.33.241.49 - - [22/Dec/2025:05:38:20 -0300] "POST /wp-cron.php?doing_wp_cron=1766392700.6567969322204589843750 HTTP/1.1" 200 0 "-" "WordPress/6.9; https://lucinea.com.br"
187.33.241.49 - - [22/Dec/2025:05:39:17 -0300] "POST /wp-cron.php?doing_wp_cron=1766392757.7520101070404052734375 HTTP/1.1" 200 0 "-" "WordPress/6.9; https://lucinea.com.br"
57.141.16.71 - - [22/Dec/2025:05:39:16 -0300] "GET /?p=12321491hc9a5 HTTP/2" 404 165201 "-" "meta-externalagent/1.1 (+https://developers.facebook.com/docs/sharing/webmasters/crawler)"
187.33.241.49 - - [22/Dec/2025:05:40:01 -0300] "POST /wp-cron.php?doing_wp_cron=1766392801.8580210208892822265625 HTTP/1.1" 200 0 "-" "WordPress/6.9; https://lucinea.com.br"
187.33.241.49 - - [22/Dec/2025:05:40:13 -0300] "POST /wp-cron.php?doing_wp_cron=1766392813.3913431167602539062500 HTTP/1.1" 200 0 "-" "WordPress/6.9; https://lucinea.com.br"
66.249.64.76 - - [22/Dec/2025:05:40:44 -0300] "GET /?p=2644995ab4gah HTTP/1.1" 404 28615 "-" "Mozilla/5.0 (Linux; Android 6.0.1; Nexus 5X Build/MMB29P) AppleWebKit/537.36 (KHTML, like Gecko) Chrome/141.0.7390.122 Mobile Safari/537.36 (compatible; GoogleOther)"
57.141.16.61 - - [22/Dec/2025:05:40:55 -0300] "GET /?p=38810837dhcd3 HTTP/2" 404 165201 "-" "meta-externalagent/1.1 (+https://developers.facebook.com/docs/sharing/webmasters/crawler)"
57.141.16.100 - - [22/Dec/2025:05:41:09 -0300] "GET /?p=14597341b57fj HTTP/2" 404 165201 "-" "meta-externalagent/1.1 (+https://developers.facebook.com/docs/sharing/webmasters/crawler)"
138.122.71.215 - - [22/Dec/2025:05:41:23 -0300] "GET /wp-login.php HTTP/2" 200 3050 "-" "Mozilla/5.0 (Windows NT 6.1; WOW64; Trident/7.0; NP08; NP08; MAAU; rv:11.0) like Gecko"
138.122.71.215 - - [22/Dec/2025:05:41:26 -0300] "POST /wp-login.php HTTP/2" 200 3234 "https://lucinea.com.br/wp-login.php" "Mozilla/5.0 (Windows NT 6.1; WOW64; Trident/7.0; NP08; NP08; MAAU; rv:11.0) like Gecko"
57.141.16.100 - - [22/Dec/2025:05:41:51 -0300] "GET /?p=3059556cbaiib HTTP/2" 404 165201 "-" "meta-externalagent/1.1 (+https://developers.facebook.com/docs/sharing/webmasters/crawler)"
57.141.16.67 - - [22/Dec/2025:05:42:04 -0300] "GET /?p=4759934a3d6g HTTP/2" 404 165201 "-" "meta-externalagent/1.1 (+https://developers.facebook.com/docs/sharing/webmasters/crawler)"
57.141.16.31 - - [22/Dec/2025:05:42:33 -0300] "GET /?p=93638g6a54c HTTP/2" 404 165201 "-" "meta-externalagent/1.1 (+https://developers.facebook.com/docs/sharing/webmasters/crawler)"
57.141.16.61 - - [22/Dec/2025:05:42:47 -0300] "GET /?p=3343564e2f4ie HTTP/2" 404 165201 "-" "meta-externalagent/1.1 (+https://developers.facebook.com/docs/sharing/webmasters/crawler)"
57.141.16.45 - - [22/Dec/2025:05:43:01 -0300] "GET /?p=37470843ba0a2 HTTP/2" 404 165201 "-" "meta-externalagent/1.1 (+https://developers.facebook.com/docs/sharing/webmasters/crawler)"
57.141.16.59 - - [22/Dec/2025:05:43:58 -0300] "GET /?p=773762jgd5f5 HTTP/2" 404 165201 "-" "meta-externalagent/1.1 (+https://developers.facebook.com/docs/sharing/webmasters/crawler)"
187.33.241.49 - - [22/Dec/2025:05:44:56 -0300] "POST /wp-cron.php?doing_wp_cron=1766393096.4941289424896240234375 HTTP/1.1" 200 0 "-" "WordPress/6.9; https://lucinea.com.br"
187.33.241.49 - - [22/Dec/2025:05:45:25 -0300] "POST /wp-cron.php?doing_wp_cron=1766393124.9874958992004394531250 HTTP/1.1" 200 0 "-" "WordPress/6.9; https://lucinea.com.br"
57.141.16.84 - - [22/Dec/2025:05:45:52 -0300] "GET /?p=3626696ch79d3 HTTP/2" 404 165201 "-" "meta-externalagent/1.1 (+https://developers.facebook.com/docs/sharing/webmasters/crawler)"
187.33.241.49 - - [22/Dec/2025:05:47:03 -0300] "POST /wp-cron.php?doing_wp_cron=1766393223.7016429901123046875000 HTTP/1.1" 200 0 "-" "WordPress/6.9; https://lucinea.com.br"
187.33.241.49 - - [22/Dec/2025:05:47:19 -0300] "POST /wp-cron.php?doing_wp_cron=1766393239.1984601020812988281250 HTTP/1.1" 200 0 "-" "WordPress/6.9; https://lucinea.com.br"
57.141.16.97 - - [22/Dec/2025:05:47:29 -0300] "GET /?p=3690383h8cfai HTTP/2" 404 165201 "-" "meta-externalagent/1.1 (+https://developers.facebook.com/docs/sharing/webmasters/crawler)"
57.141.16.45 - - [22/Dec/2025:05:38:34 -0300] "GET /?p=455348667872 HTTP/2" 404 165201 "-" "meta-externalagent/1.1 (+https://developers.facebook.com/docs/sharing/webmasters/crawler)"
57.141.16.61 - - [22/Dec/2025:05:39:02 -0300] "GET /?p=138223094bb94 HTTP/2" 404 165201 "-" "meta-externalagent/1.1 (+https://developers.facebook.com/docs/sharing/webmasters/crawler)"
57.141.16.79 - - [22/Dec/2025:05:39:30 -0300] "GET /?p=3435910ha10b9 HTTP/2" 404 165201 "-" "meta-externalagent/1.1 (+https://developers.facebook.com/docs/sharing/webmasters/crawler)"
57.141.16.89 - - [22/Dec/2025:05:40:12 -0300] "GET /?p=3398594879a52 HTTP/2" 404 165201 "-" "meta-externalagent/1.1 (+https://developers.facebook.com/docs/sharing/webmasters/crawler)"
57.141.16.100 - - [22/Dec/2025:05:40:26 -0300] "GET /?p=30058532ajfhg HTTP/2" 404 165201 "-" "meta-externalagent/1.1 (+https://developers.facebook.com/docs/sharing/webmasters/crawler)"
57.141.16.75 - - [22/Dec/2025:05:40:41 -0300] "GET /?p=2085449gbdi9g HTTP/2" 404 165201 "-" "meta-externalagent/1.1 (+https://developers.facebook.com/docs/sharing/webmasters/crawler)"
57.141.16.62 - - [22/Dec/2025:05:41:23 -0300] "GET /?p=1116071eja3g3 HTTP/2" 404 165201 "-" "meta-externalagent/1.1 (+https://developers.facebook.com/docs/sharing/webmasters/crawler)"
66.249.64.64 - - [22/Dec/2025:05:41:26 -0300] "GET /?p=1991316692275 HTTP/1.1" 404 28615 "-" "Mozilla/5.0 (Linux; Android 6.0.1; Nexus 5X Build/MMB29P) AppleWebKit/537.36 (KHTML, like Gecko) Chrome/141.0.7390.122 Mobile Safari/537.36 (compatible; GoogleOther)"
57.141.16.16 - - [22/Dec/2025:05:41:36 -0300] "GET /?p=31840432d7j1c HTTP/2" 404 165201 "-" "meta-externalagent/1.1 (+https://developers.facebook.com/docs/sharing/webmasters/crawler)"
187.33.241.49 - - [22/Dec/2025:05:42:21 -0300] "POST /wp-cron.php?doing_wp_cron=1766392941.2091770172119140625000 HTTP/1.1" 200 0 "-" "WordPress/6.9; https://lucinea.com.br"
57.141.16.86 - - [22/Dec/2025:05:42:19 -0300] "GET /?p=466636304jca6 HTTP/2" 404 165201 "-" "meta-externalagent/1.1 (+https://developers.facebook.com/docs/sharing/webmasters/crawler)"
187.33.241.49 - - [22/Dec/2025:05:43:02 -0300] "POST /wp-cron.php?doing_wp_cron=1766392982.9429559707641601562500 HTTP/1.1" 200 0 "-" "WordPress/6.9; https://lucinea.com.br"
57.141.16.27 - - [22/Dec/2025:05:43:30 -0300] "GET /?p=1503180d9id7h HTTP/2" 404 165201 "-" "meta-externalagent/1.1 (+https://developers.facebook.com/docs/sharing/webmasters/crawler)"
57.141.16.18 - - [22/Dec/2025:05:44:12 -0300] "GET /?p=1683232je21je HTTP/2" 404 165201 "-" "meta-externalagent/1.1 (+https://developers.facebook.com/docs/sharing/webmasters/crawler)"
57.141.16.1 - - [22/Dec/2025:05:44:26 -0300] "GET /?p=2401039ccf8f0 HTTP/2" 404 165201 "-" "meta-externalagent/1.1 (+https://developers.facebook.com/docs/sharing/webmasters/crawler)"
57.141.16.34 - - [22/Dec/2025:05:44:54 -0300] "GET /?p=3668057j29g7i HTTP/2" 404 165201 "-" "meta-externalagent/1.1 (+https://developers.facebook.com/docs/sharing/webmasters/crawler)"
57.141.16.4 - - [22/Dec/2025:05:45:23 -0300] "GET /?p=1345299b90ce7 HTTP/2" 404 165201 "-" "meta-externalagent/1.1 (+https://developers.facebook.com/docs/sharing/webmasters/crawler)"
187.33.241.49 - - [22/Dec/2025:05:46:21 -0300] "POST /wp-cron.php?doing_wp_cron=1766393181.0741438865661621093750 HTTP/1.1" 200 0 "-" "WordPress/6.9; https://lucinea.com.br"
57.141.16.72 - - [22/Dec/2025:05:46:19 -0300] "GET /?p=201564367h5g0 HTTP/2" 404 165201 "-" "meta-externalagent/1.1 (+https://developers.facebook.com/docs/sharing/webmasters/crawler)"
57.141.16.46 - - [22/Dec/2025:05:46:33 -0300] "GET /?p=3554542dcic6j HTTP/2" 404 165201 "-" "meta-externalagent/1.1 (+https://developers.facebook.com/docs/sharing/webmasters/crawler)"
57.141.16.43 - - [22/Dec/2025:05:47:44 -0300] "GET /?p=269235026c3j8 HTTP/2" 404 165201 "-" "meta-externalagent/1.1 (+https://developers.facebook.com/docs/sharing/webmasters/crawler)"
57.141.16.92 - - [22/Dec/2025:05:47:58 -0300] "GET /?p=434924837je3j HTTP/2" 404 165201 "-" "meta-externalagent/1.1 (+https://developers.facebook.com/docs/sharing/webmasters/crawler)"
187.33.241.49 - - [22/Dec/2025:05:48:00 -0300] "POST /wp-cron.php?doing_wp_cron=1766393279.9717919826507568359375 HTTP/1.1" 200 0 "-" "WordPress/6.9; https://lucinea.com.br"
187.33.241.49 - - [22/Dec/2025:05:48:26 -0300] "POST /wp-cron.php?doing_wp_cron=1766393306.6212038993835449218750 HTTP/1.1" 200 0 "-" "WordPress/6.9; https://lucinea.com.br"
185.153.196.107 - - [22/Dec/2025:05:48:32 -0300] "POST /xmlrpc.php HTTP/1.1" 200 8394 "-" "Mozilla/5.0 (Windows NT 10.0; Win64; x64) AppleWebKit/537.36 (KHTML, like Gecko) Chrome/114.0.0.0 Safari/537.36"
57.141.16.100 - - [22/Dec/2025:05:48:39 -0300] "GET /?p=36653935hhj68 HTTP/2" 404 165201 "-" "meta-externalagent/1.1 (+https://developers.facebook.com/docs/sharing/webmasters/crawler)"
57.141.16.100 - - [22/Dec/2025:05:45:09 -0300] "GET /?p=2525982jc7g97 HTTP/2" 404 165201 "-" "meta-externalagent/1.1 (+https://developers.facebook.com/docs/sharing/webmasters/crawler)"
57.141.16.100 - - [22/Dec/2025:05:45:36 -0300] "GET /?p=24541177c6gj3 HTTP/2" 404 165201 "-" "meta-externalagent/1.1 (+https://developers.facebook.com/docs/sharing/webmasters/crawler)"
187.33.241.49 - - [22/Dec/2025:05:45:53 -0300] "POST /wp-cron.php?doing_wp_cron=1766393153.5079588890075683593750 HTTP/1.1" 200 0 "-" "WordPress/6.9; https://lucinea.com.br"
57.141.16.66 - - [22/Dec/2025:05:46:05 -0300] "GET /?p=2169394f30i34 HTTP/2" 404 165201 "-" "meta-externalagent/1.1 (+https://developers.facebook.com/docs/sharing/webmasters/crawler)"
57.141.16.100 - - [22/Dec/2025:05:46:48 -0300] "GET /?p=228385669154 HTTP/2" 404 165201 "-" "meta-externalagent/1.1 (+https://developers.facebook.com/docs/sharing/webmasters/crawler)"
57.141.16.78 - - [22/Dec/2025:05:47:02 -0300] "GET /?p=38203736ddhh1 HTTP/2" 404 165201 "-" "meta-externalagent/1.1 (+https://developers.facebook.com/docs/sharing/webmasters/crawler)"
57.141.16.51 - - [22/Dec/2025:05:47:16 -0300] "GET /?p=4430719iij6j1 HTTP/2" 404 165201 "-" "meta-externalagent/1.1 (+https://developers.facebook.com/docs/sharing/webmasters/crawler)"
185.153.196.107 - - [22/Dec/2025:05:48:24 -0300] "POST /xmlrpc.php HTTP/1.1" 200 179 "-" "Mozilla/5.0 (Windows NT 10.0; Win64; x64) AppleWebKit/537.36 (KHTML, like Gecko) Chrome/114.0.0.0 Safari/537.36"
187.33.241.49 - - [22/Dec/2025:05:48:18 -0300] "POST /wp-cron.php?doing_wp_cron=1766393298.5892109870910644531250 HTTP/1.1" 200 0 "-" "WordPress/6.9; https://lucinea.com.br"
57.141.16.59 - - [22/Dec/2025:05:48:13 -0300] "GET /?p=37910467iifh6 HTTP/2" 404 165201 "-" "meta-externalagent/1.1 (+https://developers.facebook.com/docs/sharing/webmasters/crawler)"
57.141.16.9 - - [22/Dec/2025:05:48:25 -0300] "GET /?p=3052771c2962g HTTP/2" 404 165201 "-" "meta-externalagent/1.1 (+https://developers.facebook.com/docs/sharing/webmasters/crawler)"
185.153.196.107 - - [22/Dec/2025:05:48:35 -0300] "GET /how-to-claim-brand-new-totality-of-a-casino-extra-during-the-new-jersey/ HTTP/1.1" 200 171516 "-" "Mozilla/5.0 (Windows NT 10.0; Win64; x64) AppleWebKit/537.36 (KHTML, like Gecko) Chrome/123.0.0.0 Safari/537.36 OPR/109.0.0.0"
57.141.16.93 - - [22/Dec/2025:05:49:22 -0300] "GET /?p=1029434jef4a6 HTTP/2" 404 165201 "-" "meta-externalagent/1.1 (+https://developers.facebook.com/docs/sharing/webmasters/crawler)"
185.153.196.107 - - [22/Dec/2025:05:50:09 -0300] "POST /xmlrpc.php HTTP/1.1" 200 179 "-" "Mozilla/5.0 (Windows NT 10.0; Win64; x64) AppleWebKit/537.36 (KHTML, like Gecko) Chrome/114.0.0.0 Safari/537.36"
185.153.196.107 - - [22/Dec/2025:05:50:20 -0300] "POST /xmlrpc.php HTTP/1.1" 200 8390 "-" "Mozilla/5.0 (Windows NT 10.0; Win64; x64) AppleWebKit/537.36 (KHTML, like Gecko) Chrome/114.0.0.0 Safari/537.36"
57.141.16.53 - - [22/Dec/2025:05:50:33 -0300] "GET /?p=234325880b813 HTTP/2" 404 165201 "-" "meta-externalagent/1.1 (+https://developers.facebook.com/docs/sharing/webmasters/crawler)"
57.141.16.52 - - [22/Dec/2025:05:50:47 -0300] "GET /?p=8069577bjb6f HTTP/2" 404 165201 "-" "meta-externalagent/1.1 (+https://developers.facebook.com/docs/sharing/webmasters/crawler)"
187.33.241.49 - - [22/Dec/2025:05:51:06 -0300] "POST /wp-cron.php?doing_wp_cron=1766393465.7895729541778564453125 HTTP/1.1" 200 0 "-" "WordPress/6.9; https://lucinea.com.br"
57.141.16.100 - - [22/Dec/2025:05:51:15 -0300] "GET /?p=263095433ej18 HTTP/2" 404 165201 "-" "meta-externalagent/1.1 (+https://developers.facebook.com/docs/sharing/webmasters/crawler)"
185.153.196.107 - - [22/Dec/2025:05:51:56 -0300] "POST /xmlrpc.php HTTP/1.1" 200 179 "-" "Mozilla/5.0 (Windows NT 10.0; Win64; x64) AppleWebKit/537.36 (KHTML, like Gecko) Chrome/114.0.0.0 Safari/537.36"
185.153.196.107 - - [22/Dec/2025:05:52:06 -0300] "POST /xmlrpc.php HTTP/1.1" 200 8574 "-" "Mozilla/5.0 (Windows NT 10.0; Win64; x64) AppleWebKit/537.36 (KHTML, like Gecko) Chrome/114.0.0.0 Safari/537.36"
185.153.196.107 - - [22/Dec/2025:05:52:09 -0300] "GET /evaluating-widely-known-internet-casino-incentives-obtainable-in-canada/ HTTP/1.1" 200 171655 "-" "Mozilla/5.0 (Windows NT 10.0; Win64; x64; rv:124.0) Gecko/20100101 Firefox/124.0"
57.141.16.100 - - [22/Dec/2025:05:52:11 -0300] "GET /?p=815227dd6gi7 HTTP/2" 404 165201 "-" "meta-externalagent/1.1 (+https://developers.facebook.com/docs/sharing/webmasters/crawler)"
57.141.16.3 - - [22/Dec/2025:05:52:25 -0300] "GET /?p=217055251c6h7 HTTP/2" 404 165201 "-" "meta-externalagent/1.1 (+https://developers.facebook.com/docs/sharing/webmasters/crawler)"
45.195.54.76 - - [22/Dec/2025:05:52:43 -0300] "GET /bf.php HTTP/1.1" 200 4759 "-" "Mozilla/5.0 (Windows NT 10.0; Win64; x64) AppleWebKit/537.36 (KHTML, like Gecko) Chrome/105.0.0.0 Safari/537.36"
45.195.54.76 - - [22/Dec/2025:05:52:43 -0300] "POST /bf.php HTTP/1.1" 302 0 "-" "Mozilla/5.0 (Windows NT 10.0; Win64; x64) AppleWebKit/537.36 (KHTML, like Gecko) Chrome/105.0.0.0 Safari/537.36"
45.195.54.76 - - [22/Dec/2025:05:52:44 -0300] "GET /bf.php?p=AhomeAkelarte1AlucineaIcomIbr HTTP/1.1" 200 4821 "-" "Mozilla/5.0 (Windows NT 10.0; Win64; x64) AppleWebKit/537.36 (KHTML, like Gecko) Chrome/105.0.0.0 Safari/537.36"
45.140.146.180 - - [22/Dec/2025:05:52:40 -0300] "POST /xmlrpc.php HTTP/1.1" 200 19562 "-" "Mozilla/5.0 (Windows NT 10.0; Win64; x64) AppleWebKit/537.36 (KHTML, like Gecko) Chrome/114.0.0.0 Safari/537.36"
45.195.54.76 - - [22/Dec/2025:05:52:45 -0300] "GET /txets.php HTTP/1.1" 200 31 "-" "Mozilla/5.0 (Windows NT 10.0; Win64; x64) AppleWebKit/537.36 (KHTML, like Gecko) Chrome/105.0.0.0 Safari/537.36"
187.33.241.49 - - [22/Dec/2025:05:53:16 -0300] "POST /wp-cron.php?doing_wp_cron=1766393596.3807799816131591796875 HTTP/1.1" 200 0 "-" "WordPress/6.9; https://lucinea.com.br"
57.141.16.65 - - [22/Dec/2025:05:53:07 -0300] "GET /?p=302054460hj6a HTTP/2" 404 165201 "-" "meta-externalagent/1.1 (+https://developers.facebook.com/docs/sharing/webmasters/crawler)"
185.153.196.107 - - [22/Dec/2025:05:53:25 -0300] "POST /xmlrpc.php HTTP/1.1" 200 179 "-" "Mozilla/5.0 (Windows NT 10.0; Win64; x64) AppleWebKit/537.36 (KHTML, like Gecko) Chrome/114.0.0.0 Safari/537.36"
57.141.16.90 - - [22/Dec/2025:05:54:32 -0300] "GET /?p=1392371dcj31h HTTP/2" 404 165201 "-" "meta-externalagent/1.1 (+https://developers.facebook.com/docs/sharing/webmasters/crawler)"
187.33.241.49 - - [22/Dec/2025:05:48:56 -0300] "POST /wp-cron.php?doing_wp_cron=1766393336.1846759319305419921875 HTTP/1.1" 200 0 "-" "WordPress/6.9; https://lucinea.com.br"
57.141.16.23 - - [22/Dec/2025:05:49:36 -0300] "GET /?p=2147416369g4g HTTP/2" 404 165201 "-" "meta-externalagent/1.1 (+https://developers.facebook.com/docs/sharing/webmasters/crawler)"
187.33.241.49 - - [22/Dec/2025:05:49:54 -0300] "POST /wp-cron.php?doing_wp_cron=1766393394.0037410259246826171875 HTTP/1.1" 200 0 "-" "WordPress/6.9; https://lucinea.com.br"
57.141.16.24 - - [22/Dec/2025:05:50:05 -0300] "GET /?p=1350162227b3f HTTP/2" 404 165201 "-" "meta-externalagent/1.1 (+https://developers.facebook.com/docs/sharing/webmasters/crawler)"
187.33.241.49 - - [22/Dec/2025:05:50:14 -0300] "POST /wp-cron.php?doing_wp_cron=1766393414.4805879592895507812500 HTTP/1.1" 200 0 "-" "WordPress/6.9; https://lucinea.com.br"
57.141.16.86 - - [22/Dec/2025:05:51:01 -0300] "GET /?p=173967377ej58 HTTP/2" 404 165201 "-" "meta-externalagent/1.1 (+https://developers.facebook.com/docs/sharing/webmasters/crawler)"
187.33.241.49 - - [22/Dec/2025:05:51:19 -0300] "POST /wp-cron.php?doing_wp_cron=1766393479.0894849300384521484375 HTTP/1.1" 200 0 "-" "WordPress/6.9; https://lucinea.com.br"
57.141.16.85 - - [22/Dec/2025:05:51:58 -0300] "GET /?p=4189041h1i4c9 HTTP/2" 404 165201 "-" "meta-externalagent/1.1 (+https://developers.facebook.com/docs/sharing/webmasters/crawler)"
187.33.241.49 - - [22/Dec/2025:05:52:15 -0300] "POST /wp-cron.php?doing_wp_cron=1766393535.1834189891815185546875 HTTP/1.1" 200 0 "-" "WordPress/6.9; https://lucinea.com.br"
45.140.146.180 - - [22/Dec/2025:05:52:45 -0300] "GET /17000-juegos-de-casino-sin-cargo-sobre-mexico-sin-asignacion/ HTTP/1.1" 200 182321 "-" "Mozilla/5.0 (Windows NT 10.0; Win64; x64; rv:125.0) Gecko/20100101 Firefox/125.0"
57.141.16.41 - - [22/Dec/2025:05:52:54 -0300] "GET /?p=2822174844gie HTTP/2" 404 165201 "-" "meta-externalagent/1.1 (+https://developers.facebook.com/docs/sharing/webmasters/crawler)"
57.141.16.23 - - [22/Dec/2025:05:53:22 -0300] "GET /?p=1736019e974 HTTP/2" 200 172656 "-" "meta-externalagent/1.1 (+https://developers.facebook.com/docs/sharing/webmasters/crawler)"
187.33.241.49 - - [22/Dec/2025:05:53:30 -0300] "POST /wp-cron.php?doing_wp_cron=1766393610.8727180957794189453125 HTTP/1.1" 200 0 "-" "WordPress/6.9; https://lucinea.com.br"
185.153.196.107 - - [22/Dec/2025:05:53:36 -0300] "POST /xmlrpc.php HTTP/1.1" 200 8454 "-" "Mozilla/5.0 (Windows NT 10.0; Win64; x64) AppleWebKit/537.36 (KHTML, like Gecko) Chrome/114.0.0.0 Safari/537.36"
57.141.16.11 - - [22/Dec/2025:05:53:36 -0300] "GET /?p=8488622dgah5 HTTP/2" 404 165201 "-" "meta-externalagent/1.1 (+https://developers.facebook.com/docs/sharing/webmasters/crawler)"
185.153.196.107 - - [22/Dec/2025:05:53:42 -0300] "GET /gooey-incentives-of-course-can-be-more-advanced-and-you-may-probably-complicated-than-simply-non-gooey-choice/ HTTP/1.1" 200 171835 "-" "Mozilla/5.0 (Windows NT 10.0; Win64; x64) AppleWebKit/537.36 (KHTML, like Gecko) Chrome/123.0.0.0 Safari/537.36 OPR/109.0.0.0"
57.141.16.81 - - [22/Dec/2025:05:54:18 -0300] "GET /?p=184297766ai2 HTTP/2" 404 165201 "-" "meta-externalagent/1.1 (+https://developers.facebook.com/docs/sharing/webmasters/crawler)"
187.33.241.49 - - [22/Dec/2025:05:55:04 -0300] "POST /wp-cron.php?doing_wp_cron=1766393704.3819370269775390625000 HTTP/1.1" 200 0 "-" "WordPress/6.9; https://lucinea.com.br"
57.141.16.63 - - [22/Dec/2025:05:54:59 -0300] "GET /?p=888010a1gi8c HTTP/2" 404 165201 "-" "meta-externalagent/1.1 (+https://developers.facebook.com/docs/sharing/webmasters/crawler)"
185.153.196.107 - - [22/Dec/2025:05:55:05 -0300] "GET /evaluating-a-real-income-live-agent-online-casinos-vs-sweepstakes/ HTTP/1.1" 200 171456 "-" "Mozilla/5.0 (Windows NT 10.0; Win64; x64) AppleWebKit/537.36 (KHTML, like Gecko) Chrome/124.0.0.0 Safari/537.36"
57.141.16.90 - - [22/Dec/2025:05:48:54 -0300] "GET /?p=4039659fajbic HTTP/2" 404 165201 "-" "meta-externalagent/1.1 (+https://developers.facebook.com/docs/sharing/webmasters/crawler)"
