147.135.214.239 - - [22/Dec/2025:04:04:12 -0300] "GET /bf.php/capabilities.php/.spamassassindisabled HTTP/1.1" 200 4112 "-" "Mozilla/5.0 (compatible; MJ12bot/v1.4.8; http://mj12bot.com/)"
147.135.214.239 - - [22/Dec/2025:04:04:14 -0300] "GET /bf.php/capabilities.php/.wget-hsts HTTP/1.1" 200 4133 "-" "Mozilla/5.0 (compatible; MJ12bot/v1.4.8; http://mj12bot.com/)"
147.135.214.239 - - [22/Dec/2025:04:04:16 -0300] "GET /bf.php/capabilities.php/.wp-toolkit-identifier HTTP/1.1" 200 4120 "-" "Mozilla/5.0 (compatible; MJ12bot/v1.4.8; http://mj12bot.com/)"
147.135.214.239 - - [22/Dec/2025:04:04:18 -0300] "GET /bf.php/capabilities.php/wp-settings.php HTTP/1.1" 200 4105 "-" "Mozilla/5.0 (compatible; MJ12bot/v1.4.8; http://mj12bot.com/)"
187.33.241.49 - - [22/Dec/2025:04:04:19 -0300] "POST /wp-cron.php?doing_wp_cron=1766387059.7362709045410156250000 HTTP/1.1" 200 0 "-" "WordPress/6.9; https://lucinea.com.br"
147.135.214.239 - - [22/Dec/2025:04:04:19 -0300] "GET /bf.php/capabilities.php/wp-signup.php HTTP/1.1" 200 4074 "-" "Mozilla/5.0 (compatible; MJ12bot/v1.4.8; http://mj12bot.com/)"
147.135.214.239 - - [22/Dec/2025:04:04:21 -0300] "GET /bf.php/capabilities.php?p=AhomeAkelarte1&edit=.bash_profile HTTP/1.1" 200 2054 "-" "Mozilla/5.0 (compatible; MJ12bot/v1.4.8; http://mj12bot.com/)"
147.135.214.239 - - [22/Dec/2025:04:04:23 -0300] "GET /bf.php/capabilities.php?p=AhomeAkelarte1&edit=.bashrc HTTP/1.1" 200 2083 "-" "Mozilla/5.0 (compatible; MJ12bot/v1.4.8; http://mj12bot.com/)"
147.135.214.239 - - [22/Dec/2025:04:04:25 -0300] "GET /bf.php/capabilities.php?p=AhomeAkelarte1&edit=.clamavconnector.status HTTP/1.1" 200 2066 "-" "Mozilla/5.0 (compatible; MJ12bot/v1.4.8; http://mj12bot.com/)"
147.135.214.239 - - [22/Dec/2025:04:04:26 -0300] "GET /bf.php/capabilities.php?p=AhomeAkelarte1&edit=.htaccess HTTP/1.1" 200 1929 "-" "Mozilla/5.0 (compatible; MJ12bot/v1.4.8; http://mj12bot.com/)"
147.135.214.239 - - [22/Dec/2025:04:04:28 -0300] "GET /bf.php/capabilities.php?p=AhomeAkelarte1&edit=.imunify_patch_id HTTP/1.1" 200 2011 "-" "Mozilla/5.0 (compatible; MJ12bot/v1.4.8; http://mj12bot.com/)"
147.135.214.239 - - [22/Dec/2025:04:04:29 -0300] "GET /bf.php/capabilities.php?p=AhomeAkelarte1&edit=.jetbackup-well-known HTTP/1.1" 200 1964 "-" "Mozilla/5.0 (compatible; MJ12bot/v1.4.8; http://mj12bot.com/)"
147.135.214.239 - - [22/Dec/2025:04:04:31 -0300] "GET /bf.php/capabilities.php?p=AhomeAkelarte1&edit=.lastlogin HTTP/1.1" 200 2162 "-" "Mozilla/5.0 (compatible; MJ12bot/v1.4.8; http://mj12bot.com/)"
147.135.214.239 - - [22/Dec/2025:04:04:33 -0300] "GET /bf.php/capabilities.php?p=AhomeAkelarte1&edit=.lsphp_restart.txt HTTP/1.1" 200 1942 "-" "Mozilla/5.0 (compatible; MJ12bot/v1.4.8; http://mj12bot.com/)"
147.135.214.239 - - [22/Dec/2025:04:04:34 -0300] "GET /bf.php/capabilities.php?p=AhomeAkelarte1&edit=.mailscannercfg HTTP/1.1" 200 1943 "-" "Mozilla/5.0 (compatible; MJ12bot/v1.4.8; http://mj12bot.com/)"
147.135.214.239 - - [22/Dec/2025:04:04:36 -0300] "GET /bf.php/capabilities.php?p=AhomeAkelarte1&edit=.myimunify_id HTTP/1.1" 200 2004 "-" "Mozilla/5.0 (compatible; MJ12bot/v1.4.8; http://mj12bot.com/)"
147.135.214.239 - - [22/Dec/2025:04:04:38 -0300] "GET /bf.php/capabilities.php?p=AhomeAkelarte1&edit=.pearrc HTTP/1.1" 200 2182 "-" "Mozilla/5.0 (compatible; MJ12bot/v1.4.8; http://mj12bot.com/)"
147.135.214.239 - - [22/Dec/2025:04:04:39 -0300] "GET /bf.php/capabilities.php?p=AhomeAkelarte1&edit=.spamassassindisabled HTTP/1.1" 200 1929 "-" "Mozilla/5.0 (compatible; MJ12bot/v1.4.8; http://mj12bot.com/)"
147.135.214.239 - - [22/Dec/2025:04:04:41 -0300] "GET /bf.php/capabilities.php?p=AhomeAkelarte1&edit=.wget-hsts HTTP/1.1" 200 2068 "-" "Mozilla/5.0 (compatible; MJ12bot/v1.4.8; http://mj12bot.com/)"
147.135.214.239 - - [22/Dec/2025:04:04:43 -0300] "GET /bf.php/capabilities.php?p=AhomeAkelarte1&edit=.wp-toolkit-identifier HTTP/1.1" 200 2534 "-" "Mozilla/5.0 (compatible; MJ12bot/v1.4.8; http://mj12bot.com/)"
147.135.214.239 - - [22/Dec/2025:04:04:44 -0300] "GET /bf.php/capabilities.php?p=AhomeAkelarte1&edit=error_log HTTP/1.1" 200 2259 "-" "Mozilla/5.0 (compatible; MJ12bot/v1.4.8; http://mj12bot.com/)"
147.135.214.239 - - [22/Dec/2025:04:04:46 -0300] "GET /bf.php/capabilities.php?p=AhomeAkelarte1AIautorespond HTTP/1.1" 200 2558 "-" "Mozilla/5.0 (compatible; MJ12bot/v1.4.8; http://mj12bot.com/)"
147.135.214.239 - - [22/Dec/2025:04:04:48 -0300] "GET /bf.php/capabilities.php?p=AhomeAkelarte1AIcagefs HTTP/1.1" 200 2589 "-" "Mozilla/5.0 (compatible; MJ12bot/v1.4.8; http://mj12bot.com/)"
147.135.214.239 - - [22/Dec/2025:04:04:49 -0300] "GET /bf.php/capabilities.php?p=AhomeAkelarte1AIcaldav HTTP/1.1" 200 3236 "-" "Mozilla/5.0 (compatible; MJ12bot/v1.4.8; http://mj12bot.com/)"
147.135.214.239 - - [22/Dec/2025:04:04:51 -0300] "GET /bf.php/capabilities.php?p=AhomeAkelarte1AIclIselector HTTP/1.1" 200 2720 "-" "Mozilla/5.0 (compatible; MJ12bot/v1.4.8; http://mj12bot.com/)"
147.135.214.239 - - [22/Dec/2025:04:04:52 -0300] "GET /bf.php/capabilities.php?p=AhomeAkelarte1AIclwpos HTTP/1.1" 200 2184 "-" "Mozilla/5.0 (compatible; MJ12bot/v1.4.8; http://mj12bot.com/)"
147.135.214.239 - - [22/Dec/2025:04:04:54 -0300] "GET /bf.php/capabilities.php?p=AhomeAkelarte1AIcpan HTTP/1.1" 200 2186 "-" "Mozilla/5.0 (compatible; MJ12bot/v1.4.8; http://mj12bot.com/)"
147.135.214.239 - - [22/Dec/2025:04:04:56 -0300] "GET /bf.php/capabilities.php?p=AhomeAkelarte1AIcpanel HTTP/1.1" 200 3146 "-" "Mozilla/5.0 (compatible; MJ12bot/v1.4.8; http://mj12bot.com/)"
147.135.214.239 - - [22/Dec/2025:04:04:57 -0300] "GET /bf.php/capabilities.php?p=AhomeAkelarte1AIcphorde HTTP/1.1" 200 2721 "-" "Mozilla/5.0 (compatible; MJ12bot/v1.4.8; http://mj12bot.com/)"
147.135.214.239 - - [22/Dec/2025:04:04:59 -0300] "GET /bf.php/capabilities.php?p=AhomeAkelarte1AIhtpasswds HTTP/1.1" 200 3213 "-" "Mozilla/5.0 (compatible; MJ12bot/v1.4.8; http://mj12bot.com/)"
54.37.118.93 - - [22/Dec/2025:04:05:00 -0300] "GET /wp-includes/widgets/class-wp-widget-media-video.php HTTP/2" 500 0 "-" "Mozilla/5.0 (compatible; AhrefsBot/7.0; +http://ahrefs.com/robot/)"
147.135.214.239 - - [22/Dec/2025:04:05:01 -0300] "GET /bf.php/capabilities.php?p=AhomeAkelarte1AIjbm HTTP/1.1" 200 2480 "-" "Mozilla/5.0 (compatible; MJ12bot/v1.4.8; http://mj12bot.com/)"
147.135.214.239 - - [22/Dec/2025:04:05:02 -0300] "GET /bf.php/capabilities.php?p=AhomeAkelarte1AIkoality HTTP/1.1" 200 2550 "-" "Mozilla/5.0 (compatible; MJ12bot/v1.4.8; http://mj12bot.com/)"
147.135.214.239 - - [22/Dec/2025:04:05:04 -0300] "GET /bf.php/capabilities.php?p=AhomeAkelarte1AImc_sessions HTTP/1.1" 200 2555 "-" "Mozilla/5.0 (compatible; MJ12bot/v1.4.8; http://mj12bot.com/)"
147.135.214.239 - - [22/Dec/2025:04:05:06 -0300] "GET /bf.php/capabilities.php?p=AhomeAkelarte1AIpki HTTP/1.1" 200 2482 "-" "Mozilla/5.0 (compatible; MJ12bot/v1.4.8; http://mj12bot.com/)"
147.135.214.239 - - [22/Dec/2025:04:05:07 -0300] "GET /bf.php/capabilities.php?p=AhomeAkelarte1AIsoftaculous HTTP/1.1" 200 3290 "-" "Mozilla/5.0 (compatible; MJ12bot/v1.4.8; http://mj12bot.com/)"
147.135.214.239 - - [22/Dec/2025:04:05:09 -0300] "GET /bf.php/capabilities.php?p=AhomeAkelarte1AIspamassassin HTTP/1.1" 200 2718 "-" "Mozilla/5.0 (compatible; MJ12bot/v1.4.8; http://mj12bot.com/)"
147.135.214.239 - - [22/Dec/2025:04:05:11 -0300] "GET /bf.php/capabilities.php?p=AhomeAkelarte1AIsubaccounts HTTP/1.1" 200 2553 "-" "Mozilla/5.0 (compatible; MJ12bot/v1.4.8; http://mj12bot.com/)"
147.135.214.239 - - [22/Dec/2025:04:05:12 -0300] "GET /bf.php/capabilities.php?p=AhomeAkelarte1AItrash HTTP/1.1" 200 2660 "-" "Mozilla/5.0 (compatible; MJ12bot/v1.4.8; http://mj12bot.com/)"
147.135.214.239 - - [22/Dec/2025:04:05:14 -0300] "GET /bf.php/capabilities.php?p=AhomeAkelarte1AIwp-toolkit HTTP/1.1" 200 2189 "-" "Mozilla/5.0 (compatible; MJ12bot/v1.4.8; http://mj12bot.com/)"
147.135.214.239 - - [22/Dec/2025:04:05:16 -0300] "GET /bf.php/capabilities.php?p=AhomeAkelarte1Aaccess-logs HTTP/1.1" 200 4764 "-" "Mozilla/5.0 (compatible; MJ12bot/v1.4.8; http://mj12bot.com/)"
147.135.214.239 - - [22/Dec/2025:04:05:17 -0300] "GET /bf.php/capabilities.php?p=AhomeAkelarte1AalevaIalicehelenarIcomIbr HTTP/1.1" 200 4053 "-" "Mozilla/5.0 (compatible; MJ12bot/v1.4.8; http://mj12bot.com/)"
147.135.214.239 - - [22/Dec/2025:04:05:19 -0300] "GET /bf.php/capabilities.php?p=AhomeAkelarte1AalevaIkelartesIcomIbr HTTP/1.1" 200 2765 "-" "Mozilla/5.0 (compatible; MJ12bot/v1.4.8; http://mj12bot.com/)"
147.135.214.239 - - [22/Dec/2025:04:05:21 -0300] "GET /bf.php/capabilities.php?p=AhomeAkelarte1AalicehelenarIcom HTTP/1.1" 200 2812 "-" "Mozilla/5.0 (compatible; MJ12bot/v1.4.8; http://mj12bot.com/)"
57.141.16.11 - - [22/Dec/2025:04:05:20 -0300] "GET /?p=1782781836f6j HTTP/2" 404 165201 "-" "meta-externalagent/1.1 (+https://developers.facebook.com/docs/sharing/webmasters/crawler)"
147.135.214.239 - - [22/Dec/2025:04:05:22 -0300] "GET /bf.php/capabilities.php?p=AhomeAkelarte1AalicehelenarIcomIbr HTTP/1.1" 200 2831 "-" "Mozilla/5.0 (compatible; MJ12bot/v1.4.8; http://mj12bot.com/)"
147.135.214.239 - - [22/Dec/2025:04:05:24 -0300] "GET /bf.php/capabilities.php?p=AhomeAkelarte1AapimeuchatIkelartesIcomIbr HTTP/1.1" 200 2763 "-" "Mozilla/5.0 (compatible; MJ12bot/v1.4.8; http://mj12bot.com/)"
147.135.214.239 - - [22/Dec/2025:04:05:25 -0300] "GET /bf.php/capabilities.php?p=AhomeAkelarte1Abin HTTP/1.1" 200 2179 "-" "Mozilla/5.0 (compatible; MJ12bot/v1.4.8; http://mj12bot.com/)"
147.135.214.239 - - [22/Dec/2025:04:05:27 -0300] "GET /bf.php/capabilities.php?p=AhomeAkelarte1AclinimessiasIcom HTTP/1.1" 200 4055 "-" "Mozilla/5.0 (compatible; MJ12bot/v1.4.8; http://mj12bot.com/)"
147.135.214.239 - - [22/Dec/2025:04:05:29 -0300] "GET /bf.php/capabilities.php?p=AhomeAkelarte1AcmmozartIcomIbr HTTP/1.1" 200 4255 "-" "Mozilla/5.0 (compatible; MJ12bot/v1.4.8; http://mj12bot.com/)"
147.135.214.239 - - [22/Dec/2025:04:05:30 -0300] "GET /bf.php/capabilities.php?p=AhomeAkelarte1Aetc HTTP/1.1" 200 2954 "-" "Mozilla/5.0 (compatible; MJ12bot/v1.4.8; http://mj12bot.com/)"
147.135.214.239 - - [22/Dec/2025:04:05:32 -0300] "GET /bf.php/capabilities.php?p=AhomeAkelarte1AfaiserIkelartesIcomIbr HTTP/1.1" 200 2771 "-" "Mozilla/5.0 (compatible; MJ12bot/v1.4.8; http://mj12bot.com/)"
147.135.214.239 - - [22/Dec/2025:04:05:34 -0300] "GET /bf.php/capabilities.php?p=AhomeAkelarte1Alogs HTTP/1.1" 200 4863 "-" "Mozilla/5.0 (compatible; MJ12bot/v1.4.8; http://mj12bot.com/)"
147.135.214.239 - - [22/Dec/2025:04:05:35 -0300] "GET /bf.php/capabilities.php?p=AhomeAkelarte1AlojaIkelartesIcomIbr HTTP/1.1" 200 2911 "-" "Mozilla/5.0 (compatible; MJ12bot/v1.4.8; http://mj12bot.com/)"
147.135.214.239 - - [22/Dec/2025:04:05:37 -0300] "GET /bf.php/capabilities.php?p=AhomeAkelarte1AlojaluIkelartesIcomIbr HTTP/1.1" 200 2832 "-" "Mozilla/5.0 (compatible; MJ12bot/v1.4.8; http://mj12bot.com/)"
147.135.214.239 - - [22/Dec/2025:04:05:39 -0300] "GET /bf.php/capabilities.php?p=AhomeAkelarte1AlojalucineaacessoriosIkelartesIcomIbr HTTP/1.1" 200 2985 "-" "Mozilla/5.0 (compatible; MJ12bot/v1.4.8; http://mj12bot.com/)"
147.135.214.239 - - [22/Dec/2025:04:05:40 -0300] "GET /bf.php/capabilities.php?p=AhomeAkelarte1Alscache HTTP/1.1" 200 2963 "-" "Mozilla/5.0 (compatible; MJ12bot/v1.4.8; http://mj12bot.com/)"
147.135.214.239 - - [22/Dec/2025:04:05:42 -0300] "GET /bf.php/capabilities.php?p=AhomeAkelarte1AlscmData HTTP/1.1" 200 84 "-" "Mozilla/5.0 (compatible; MJ12bot/v1.4.8; http://mj12bot.com/)"
147.135.214.239 - - [22/Dec/2025:04:05:44 -0300] "GET /bf.php/capabilities.php?p=AhomeAkelarte1AlucineaIacessorios HTTP/1.1" 200 2742 "-" "Mozilla/5.0 (compatible; MJ12bot/v1.4.8; http://mj12bot.com/)"
147.135.214.239 - - [22/Dec/2025:04:05:45 -0300] "GET /bf.php/capabilities.php?p=AhomeAkelarte1Amail HTTP/1.1" 200 4569 "-" "Mozilla/5.0 (compatible; MJ12bot/v1.4.8; http://mj12bot.com/)"
147.135.214.239 - - [22/Dec/2025:04:05:47 -0300] "GET /bf.php/capabilities.php?p=AhomeAkelarte1AmarketingIkelartesIcomIbr HTTP/1.1" 200 2769 "-" "Mozilla/5.0 (compatible; MJ12bot/v1.4.8; http://mj12bot.com/)"
147.135.214.239 - - [22/Dec/2025:04:05:49 -0300] "GET /bf.php/capabilities.php?p=AhomeAkelarte1AmauticIkelartesIcomIbr HTTP/1.1" 200 2831 "-" "Mozilla/5.0 (compatible; MJ12bot/v1.4.8; http://mj12bot.com/)"
147.135.214.239 - - [22/Dec/2025:04:05:51 -0300] "GET /bf.php/capabilities.php?p=AhomeAkelarte1AmedassefIcomIbr HTTP/1.1" 200 3971 "-" "Mozilla/5.0 (compatible; MJ12bot/v1.4.8; http://mj12bot.com/)"
147.135.214.239 - - [22/Dec/2025:04:05:52 -0300] "GET /bf.php/capabilities.php?p=AhomeAkelarte1AmeuzapIkelartesIcomIbr HTTP/1.1" 200 2771 "-" "Mozilla/5.0 (compatible; MJ12bot/v1.4.8; http://mj12bot.com/)"
147.135.214.239 - - [22/Dec/2025:04:05:54 -0300] "GET /bf.php/capabilities.php?p=AhomeAkelarte1AmktIkelartesIcomIbr HTTP/1.1" 200 2201 "-" "Mozilla/5.0 (compatible; MJ12bot/v1.4.8; http://mj12bot.com/)"
147.135.214.239 - - [22/Dec/2025:04:05:56 -0300] "GET /bf.php/capabilities.php?p=AhomeAkelarte1An9nIclinimessiasIcom HTTP/1.1" 200 2763 "-" "Mozilla/5.0 (compatible; MJ12bot/v1.4.8; http://mj12bot.com/)"
147.135.214.239 - - [22/Dec/2025:04:05:57 -0300] "GET /bf.php/capabilities.php?p=AhomeAkelarte1An9nIkelartesIcomIbr HTTP/1.1" 200 2767 "-" "Mozilla/5.0 (compatible; MJ12bot/v1.4.8; http://mj12bot.com/)"
147.135.214.239 - - [22/Dec/2025:04:05:59 -0300] "GET /bf.php/capabilities.php?p=AhomeAkelarte1AnovoIcmmozartIcomIbr HTTP/1.1" 200 2768 "-" "Mozilla/5.0 (compatible; MJ12bot/v1.4.8; http://mj12bot.com/)"
147.135.214.239 - - [22/Dec/2025:04:06:01 -0300] "GET /bf.php/capabilities.php?p=AhomeAkelarte1ApagesIcmmozartIcomIbr HTTP/1.1" 200 4190 "-" "Mozilla/5.0 (compatible; MJ12bot/v1.4.8; http://mj12bot.com/)"
147.135.214.239 - - [22/Dec/2025:04:06:02 -0300] "GET /bf.php/capabilities.php?p=AhomeAkelarte1ApagesIkelartesIcomIbr HTTP/1.1" 200 4081 "-" "Mozilla/5.0 (compatible; MJ12bot/v1.4.8; http://mj12bot.com/)"
147.135.214.239 - - [22/Dec/2025:04:06:04 -0300] "GET /bf.php/capabilities.php?p=AhomeAkelarte1Aperl HTTP/1.1" 200 2179 "-" "Mozilla/5.0 (compatible; MJ12bot/v1.4.8; http://mj12bot.com/)"
147.135.214.239 - - [22/Dec/2025:04:06:06 -0300] "GET /bf.php/capabilities.php?p=AhomeAkelarte1Aphp HTTP/1.1" 200 2942 "-" "Mozilla/5.0 (compatible; MJ12bot/v1.4.8; http://mj12bot.com/)"
147.135.214.239 - - [22/Dec/2025:04:06:07 -0300] "GET /bf.php/capabilities.php?p=AhomeAkelarte1AportainerIkelartesIcomIbr HTTP/1.1" 200 2771 "-" "Mozilla/5.0 (compatible; MJ12bot/v1.4.8; http://mj12bot.com/)"
147.135.214.239 - - [22/Dec/2025:04:06:09 -0300] "GET /bf.php/capabilities.php?p=AhomeAkelarte1ApropostaIkelartesIcomIbr HTTP/1.1" 200 3919 "-" "Mozilla/5.0 (compatible; MJ12bot/v1.4.8; http://mj12bot.com/)"
147.135.214.239 - - [22/Dec/2025:04:06:11 -0300] "GET /bf.php/capabilities.php?p=AhomeAkelarte1Apublic_ftp HTTP/1.1" 200 2184 "-" "Mozilla/5.0 (compatible; MJ12bot/v1.4.8; http://mj12bot.com/)"
57.141.16.49 - - [22/Dec/2025:03:58:24 -0300] "GET /?p=443279324209i HTTP/2" 404 165201 "-" "meta-externalagent/1.1 (+https://developers.facebook.com/docs/sharing/webmasters/crawler)"
187.33.241.49 - - [22/Dec/2025:03:58:56 -0300] "POST /wp-cron.php?doing_wp_cron=1766386736.1849958896636962890625 HTTP/1.1" 200 0 "-" "WordPress/6.9; https://lucinea.com.br"
57.141.16.22 - - [22/Dec/2025:03:58:55 -0300] "GET /?p=2742989186f6a HTTP/2" 404 165201 "-" "meta-externalagent/1.1 (+https://developers.facebook.com/docs/sharing/webmasters/crawler)"
57.141.16.37 - - [22/Dec/2025:03:59:11 -0300] "GET /?p=27679283c70hi HTTP/2" 404 165201 "-" "meta-externalagent/1.1 (+https://developers.facebook.com/docs/sharing/webmasters/crawler)"
187.33.241.49 - - [22/Dec/2025:03:59:27 -0300] "POST /wp-cron.php?doing_wp_cron=1766386767.1364409923553466796875 HTTP/1.1" 200 0 "-" "WordPress/6.9; https://lucinea.com.br"
57.141.16.59 - - [22/Dec/2025:03:59:26 -0300] "GET /?p=3996723b1c23j HTTP/2" 404 165201 "-" "meta-externalagent/1.1 (+https://developers.facebook.com/docs/sharing/webmasters/crawler)"
57.141.16.36 - - [22/Dec/2025:03:59:57 -0300] "GET /?p=2531378617415 HTTP/2" 404 165201 "-" "meta-externalagent/1.1 (+https://developers.facebook.com/docs/sharing/webmasters/crawler)"
187.33.241.49 - - [22/Dec/2025:04:00:13 -0300] "POST /wp-cron.php?doing_wp_cron=1766386813.4454689025878906250000 HTTP/1.1" 200 0 "-" "WordPress/6.9; https://lucinea.com.br"
57.141.16.98 - - [22/Dec/2025:04:00:28 -0300] "GET /?p=2587402f0gi0c HTTP/2" 404 165201 "-" "meta-externalagent/1.1 (+https://developers.facebook.com/docs/sharing/webmasters/crawler)"
57.141.16.2 - - [22/Dec/2025:04:00:44 -0300] "GET /?p=6487075bgci8 HTTP/2" 404 165201 "-" "meta-externalagent/1.1 (+https://developers.facebook.com/docs/sharing/webmasters/crawler)"
187.33.241.49 - - [22/Dec/2025:04:00:59 -0300] "POST /wp-cron.php?doing_wp_cron=1766386859.9534530639648437500000 HTTP/1.1" 200 0 "-" "WordPress/6.9; https://lucinea.com.br"
57.141.16.84 - - [22/Dec/2025:04:01:45 -0300] "GET /?p=8559379aeg90 HTTP/2" 404 165201 "-" "meta-externalagent/1.1 (+https://developers.facebook.com/docs/sharing/webmasters/crawler)"
187.33.241.49 - - [22/Dec/2025:04:02:16 -0300] "POST /wp-cron.php?doing_wp_cron=1766386936.8694059848785400390625 HTTP/1.1" 200 0 "-" "WordPress/6.9; https://lucinea.com.br"
57.141.16.88 - - [22/Dec/2025:04:02:46 -0300] "GET /?p=39193124jef5a HTTP/2" 404 165201 "-" "meta-externalagent/1.1 (+https://developers.facebook.com/docs/sharing/webmasters/crawler)"
57.141.16.18 - - [22/Dec/2025:04:03:17 -0300] "GET /?p=805314hbch84 HTTP/2" 404 165201 "-" "meta-externalagent/1.1 (+https://developers.facebook.com/docs/sharing/webmasters/crawler)"
57.141.16.20 - - [22/Dec/2025:04:03:32 -0300] "GET /?p=90153104948 HTTP/2" 404 165201 "-" "meta-externalagent/1.1 (+https://developers.facebook.com/docs/sharing/webmasters/crawler)"
57.141.16.16 - - [22/Dec/2025:04:04:19 -0300] "GET /?p=3435295j9ch87 HTTP/2" 404 165201 "-" "meta-externalagent/1.1 (+https://developers.facebook.com/docs/sharing/webmasters/crawler)"
57.141.16.55 - - [22/Dec/2025:04:04:50 -0300] "GET /?p=276927j35b04 HTTP/2" 404 165201 "-" "meta-externalagent/1.1 (+https://developers.facebook.com/docs/sharing/webmasters/crawler)"
57.141.16.87 - - [22/Dec/2025:04:05:51 -0300] "GET /?p=4709266ea9a28 HTTP/2" 404 165201 "-" "meta-externalagent/1.1 (+https://developers.facebook.com/docs/sharing/webmasters/crawler)"
187.33.241.49 - - [22/Dec/2025:03:58:24 -0300] "POST /wp-cron.php?doing_wp_cron=1766386704.7767579555511474609375 HTTP/1.1" 200 0 "-" "WordPress/6.9; https://lucinea.com.br"
57.141.16.66 - - [22/Dec/2025:03:59:41 -0300] "GET /?p=22011873hdj1j HTTP/2" 404 165201 "-" "meta-externalagent/1.1 (+https://developers.facebook.com/docs/sharing/webmasters/crawler)"
57.141.16.86 - - [22/Dec/2025:04:00:12 -0300] "GET /?p=1821169110b80 HTTP/2" 404 165201 "-" "meta-externalagent/1.1 (+https://developers.facebook.com/docs/sharing/webmasters/crawler)"
187.33.241.49 - - [22/Dec/2025:04:01:14 -0300] "POST /wp-cron.php?doing_wp_cron=1766386874.5616929531097412109375 HTTP/1.1" 200 0 "-" "WordPress/6.9; https://lucinea.com.br"
187.33.241.49 - - [22/Dec/2025:04:02:02 -0300] "POST /wp-cron.php?doing_wp_cron=1766386922.3465330600738525390625 HTTP/1.1" 200 0 "-" "WordPress/6.9; https://lucinea.com.br"
57.141.16.95 - - [22/Dec/2025:04:02:16 -0300] "GET /?p=443790666d9e2 HTTP/2" 404 165201 "-" "meta-externalagent/1.1 (+https://developers.facebook.com/docs/sharing/webmasters/crawler)"
187.33.241.49 - - [22/Dec/2025:04:04:04 -0300] "POST /wp-cron.php?doing_wp_cron=1766387044.7634749412536621093750 HTTP/1.1" 200 0 "-" "WordPress/6.9; https://lucinea.com.br"
57.141.16.40 - - [22/Dec/2025:04:04:03 -0300] "GET /?p=2170235ea2663 HTTP/2" 404 165201 "-" "meta-externalagent/1.1 (+https://developers.facebook.com/docs/sharing/webmasters/crawler)"
57.141.16.60 - - [22/Dec/2025:04:04:34 -0300] "GET /?p=587187f7cj22 HTTP/2" 404 165201 "-" "meta-externalagent/1.1 (+https://developers.facebook.com/docs/sharing/webmasters/crawler)"
187.33.241.49 - - [22/Dec/2025:04:05:05 -0300] "POST /wp-cron.php?doing_wp_cron=1766387105.8777329921722412109375 HTTP/1.1" 200 0 "-" "WordPress/6.9; https://lucinea.com.br"
57.141.16.23 - - [22/Dec/2025:04:05:05 -0300] "GET /?p=717393h513c0 HTTP/2" 404 165201 "-" "meta-externalagent/1.1 (+https://developers.facebook.com/docs/sharing/webmasters/crawler)"
187.33.241.49 - - [22/Dec/2025:04:05:21 -0300] "POST /wp-cron.php?doing_wp_cron=1766387121.8672239780426025390625 HTTP/1.1" 200 0 "-" "WordPress/6.9; https://lucinea.com.br"
57.141.16.67 - - [22/Dec/2025:04:05:35 -0300] "GET /?p=23736944c9jjd HTTP/2" 404 165201 "-" "meta-externalagent/1.1 (+https://developers.facebook.com/docs/sharing/webmasters/crawler)"
187.33.241.49 - - [22/Dec/2025:04:06:04 -0300] "POST /wp-cron.php?doing_wp_cron=1766387163.7230679988861083984375 HTTP/1.1" 200 0 "-" "WordPress/6.9; https://lucinea.com.br"
57.141.16.66 - - [22/Dec/2025:04:06:22 -0300] "GET /?p=1711706j383je HTTP/2" 404 165201 "-" "meta-externalagent/1.1 (+https://developers.facebook.com/docs/sharing/webmasters/crawler)"
57.141.16.87 - - [22/Dec/2025:04:06:37 -0300] "GET /?p=240654a7bbgj HTTP/2" 404 165201 "-" "meta-externalagent/1.1 (+https://developers.facebook.com/docs/sharing/webmasters/crawler)"
147.135.214.239 - - [22/Dec/2025:04:06:13 -0300] "GET /bf.php/capabilities.php?p=AhomeAkelarte1Apublic_html HTTP/1.1" 200 4362 "-" "Mozilla/5.0 (compatible; MJ12bot/v1.4.8; http://mj12bot.com/)"
147.135.214.239 - - [22/Dec/2025:04:06:14 -0300] "GET /bf.php/capabilities.php?p=AhomeAkelarte1AredirectIkelartesIcomIbr HTTP/1.1" 200 2804 "-" "Mozilla/5.0 (compatible; MJ12bot/v1.4.8; http://mj12bot.com/)"
147.135.214.239 - - [22/Dec/2025:04:06:16 -0300] "GET /bf.php/capabilities.php?p=AhomeAkelarte1ArrimportcalcadosIcomIbr HTTP/1.1" 200 2751 "-" "Mozilla/5.0 (compatible; MJ12bot/v1.4.8; http://mj12bot.com/)"
147.135.214.239 - - [22/Dec/2025:04:06:18 -0300] "GET /bf.php/capabilities.php?p=AhomeAkelarte1AsitenovoIcmmozartIcomIbr HTTP/1.1" 200 2765 "-" "Mozilla/5.0 (compatible; MJ12bot/v1.4.8; http://mj12bot.com/)"
57.141.16.29 - - [22/Dec/2025:04:06:06 -0300] "GET /?p=1922618f6f3hb HTTP/2" 404 165201 "-" "meta-externalagent/1.1 (+https://developers.facebook.com/docs/sharing/webmasters/crawler)"
147.135.214.239 - - [22/Dec/2025:04:06:19 -0300] "GET /bf.php/capabilities.php?p=AhomeAkelarte1Asoftaculous_backups HTTP/1.1" 200 2968 "-" "Mozilla/5.0 (compatible; MJ12bot/v1.4.8; http://mj12bot.com/)"
147.135.214.239 - - [22/Dec/2025:04:06:21 -0300] "GET /bf.php/capabilities.php?p=AhomeAkelarte1Assl HTTP/1.1" 200 2816 "-" "Mozilla/5.0 (compatible; MJ12bot/v1.4.8; http://mj12bot.com/)"
187.33.241.49 - - [22/Dec/2025:04:06:28 -0300] "POST /wp-cron.php?doing_wp_cron=1766387188.2323679924011230468750 HTTP/1.1" 200 0 "-" "WordPress/6.9; https://lucinea.com.br"
187.33.241.49 - - [22/Dec/2025:04:07:24 -0300] "POST /wp-cron.php?doing_wp_cron=1766387244.8345708847045898437500 HTTP/1.1" 200 0 "-" "WordPress/6.9; https://lucinea.com.br"
57.141.16.62 - - [22/Dec/2025:04:07:24 -0300] "GET /?p=71439299h6bb HTTP/2" 404 165201 "-" "meta-externalagent/1.1 (+https://developers.facebook.com/docs/sharing/webmasters/crawler)"
57.141.16.46 - - [22/Dec/2025:04:08:10 -0300] "GET /?p=2768942b9fch1 HTTP/2" 404 165201 "-" "meta-externalagent/1.1 (+https://developers.facebook.com/docs/sharing/webmasters/crawler)"
187.33.241.49 - - [22/Dec/2025:04:08:26 -0300] "POST /wp-cron.php?doing_wp_cron=1766387306.6265940666198730468750 HTTP/1.1" 200 0 "-" "WordPress/6.9; https://lucinea.com.br"
57.141.16.35 - - [22/Dec/2025:04:08:26 -0300] "GET /?p=95740994923f HTTP/2" 404 165201 "-" "meta-externalagent/1.1 (+https://developers.facebook.com/docs/sharing/webmasters/crawler)"
57.141.16.96 - - [22/Dec/2025:04:08:56 -0300] "GET /?p=3236733ff0hfa HTTP/2" 404 165201 "-" "meta-externalagent/1.1 (+https://developers.facebook.com/docs/sharing/webmasters/crawler)"
57.141.16.65 - - [22/Dec/2025:04:09:12 -0300] "GET /?p=2072733393c1j HTTP/2" 404 165201 "-" "meta-externalagent/1.1 (+https://developers.facebook.com/docs/sharing/webmasters/crawler)"
57.141.16.92 - - [22/Dec/2025:04:09:27 -0300] "GET /?p=2496846e580hb HTTP/2" 200 164665 "-" "meta-externalagent/1.1 (+https://developers.facebook.com/docs/sharing/webmasters/crawler)"
187.33.241.49 - - [22/Dec/2025:04:10:29 -0300] "POST /wp-cron.php?doing_wp_cron=1766387429.2631518840789794921875 HTTP/1.1" 200 0 "-" "WordPress/6.9; https://lucinea.com.br"
57.141.16.91 - - [22/Dec/2025:04:07:39 -0300] "GET /?p=354138129ejci HTTP/2" 404 165201 "-" "meta-externalagent/1.1 (+https://developers.facebook.com/docs/sharing/webmasters/crawler)"
187.33.241.49 - - [22/Dec/2025:04:07:56 -0300] "POST /wp-cron.php?doing_wp_cron=1766387276.2353549003601074218750 HTTP/1.1" 200 0 "-" "WordPress/6.9; https://lucinea.com.br"
57.141.16.87 - - [22/Dec/2025:04:08:40 -0300] "GET /?p=3292441dbhjgi HTTP/2" 404 165201 "-" "meta-externalagent/1.1 (+https://developers.facebook.com/docs/sharing/webmasters/crawler)"
187.33.241.49 - - [22/Dec/2025:04:08:57 -0300] "POST /wp-cron.php?doing_wp_cron=1766387337.6407880783081054687500 HTTP/1.1" 200 0 "-" "WordPress/6.9; https://lucinea.com.br"
187.33.241.49 - - [22/Dec/2025:04:10:59 -0300] "POST /wp-cron.php?doing_wp_cron=1766387459.4071059226989746093750 HTTP/1.1" 200 0 "-" "WordPress/6.9; https://lucinea.com.br"
57.141.16.100 - - [22/Dec/2025:04:10:58 -0300] "GET /?p=14940547de8h6 HTTP/2" 404 165201 "-" "meta-externalagent/1.1 (+https://developers.facebook.com/docs/sharing/webmasters/crawler)"
187.33.241.49 - - [22/Dec/2025:04:06:53 -0300] "POST /wp-cron.php?doing_wp_cron=1766387213.4509398937225341796875 HTTP/1.1" 200 0 "-" "WordPress/6.9; https://lucinea.com.br"
57.141.16.80 - - [22/Dec/2025:04:06:52 -0300] "GET /?p=2094042d0da9f HTTP/2" 404 165201 "-" "meta-externalagent/1.1 (+https://developers.facebook.com/docs/sharing/webmasters/crawler)"
57.141.16.0 - - [22/Dec/2025:04:07:08 -0300] "GET /?p=29670363h9277 HTTP/2" 404 165201 "-" "meta-externalagent/1.1 (+https://developers.facebook.com/docs/sharing/webmasters/crawler)"
57.141.16.95 - - [22/Dec/2025:04:07:55 -0300] "GET /?p=1877390dgi5d4 HTTP/2" 404 165201 "-" "meta-externalagent/1.1 (+https://developers.facebook.com/docs/sharing/webmasters/crawler)"
187.33.241.49 - - [22/Dec/2025:04:09:27 -0300] "POST /wp-cron.php?doing_wp_cron=1766387367.7726080417633056640625 HTTP/1.1" 200 0 "-" "WordPress/6.9; https://lucinea.com.br"
57.141.16.24 - - [22/Dec/2025:04:09:42 -0300] "GET /?p=1708394ig129e HTTP/2" 404 165201 "-" "meta-externalagent/1.1 (+https://developers.facebook.com/docs/sharing/webmasters/crawler)"
185.191.171.2 - - [22/Dec/2025:04:09:52 -0300] "GET /categoria-produto/oculos-de-sol/ HTTP/1.1" 200 35889 "-" "Mozilla/5.0 (compatible; SemrushBot/7~bl; +http://www.semrush.com/bot.html)"
187.33.241.49 - - [22/Dec/2025:04:09:59 -0300] "POST /wp-cron.php?doing_wp_cron=1766387399.3463959693908691406250 HTTP/1.1" 200 0 "-" "WordPress/6.9; https://lucinea.com.br"
57.141.16.74 - - [22/Dec/2025:04:09:58 -0300] "GET /?p=1734120ebbi4f HTTP/2" 404 165201 "-" "meta-externalagent/1.1 (+https://developers.facebook.com/docs/sharing/webmasters/crawler)"
57.141.16.39 - - [22/Dec/2025:04:10:12 -0300] "GET /?p=17880477eca31 HTTP/2" 404 165201 "-" "meta-externalagent/1.1 (+https://developers.facebook.com/docs/sharing/webmasters/crawler)"
57.141.16.59 - - [22/Dec/2025:04:10:28 -0300] "GET /?p=31575503d66ea HTTP/2" 404 165201 "-" "meta-externalagent/1.1 (+https://developers.facebook.com/docs/sharing/webmasters/crawler)"
57.141.16.100 - - [22/Dec/2025:04:10:43 -0300] "GET /?p=1483244d6d8j9 HTTP/2" 404 165201 "-" "meta-externalagent/1.1 (+https://developers.facebook.com/docs/sharing/webmasters/crawler)"
57.141.16.61 - - [22/Dec/2025:04:11:28 -0300] "GET /?p=1873588i7c516 HTTP/2" 404 165201 "-" "meta-externalagent/1.1 (+https://developers.facebook.com/docs/sharing/webmasters/crawler)"
187.33.241.49 - - [22/Dec/2025:04:12:01 -0300] "POST /wp-cron.php?doing_wp_cron=1766387521.1495099067687988281250 HTTP/1.1" 200 0 "-" "WordPress/6.9; https://lucinea.com.br"
187.33.241.49 - - [22/Dec/2025:04:12:59 -0300] "POST /wp-cron.php?doing_wp_cron=1766387579.9796450138092041015625 HTTP/1.1" 200 0 "-" "WordPress/6.9; https://lucinea.com.br"
57.141.16.38 - - [22/Dec/2025:04:12:59 -0300] "GET /?p=4324472dc5cag HTTP/2" 404 165201 "-" "meta-externalagent/1.1 (+https://developers.facebook.com/docs/sharing/webmasters/crawler)"
57.141.16.31 - - [22/Dec/2025:04:13:31 -0300] "GET /?p=1967335ffgde4 HTTP/2" 404 165201 "-" "meta-externalagent/1.1 (+https://developers.facebook.com/docs/sharing/webmasters/crawler)"
187.33.241.49 - - [22/Dec/2025:04:14:01 -0300] "POST /wp-cron.php?doing_wp_cron=1766387641.8341650962829589843750 HTTP/1.1" 200 0 "-" "WordPress/6.9; https://lucinea.com.br"
57.141.16.20 - - [22/Dec/2025:04:14:45 -0300] "GET /?p=1405750ff974d HTTP/2" 404 165201 "-" "meta-externalagent/1.1 (+https://developers.facebook.com/docs/sharing/webmasters/crawler)"
57.141.16.80 - - [22/Dec/2025:04:17:17 -0300] "GET /?p=44846505idf3d HTTP/2" 404 165201 "-" "meta-externalagent/1.1 (+https://developers.facebook.com/docs/sharing/webmasters/crawler)"
57.141.16.55 - - [22/Dec/2025:04:17:32 -0300] "GET /?p=2592711g2ddgd HTTP/2" 404 165201 "-" "meta-externalagent/1.1 (+https://developers.facebook.com/docs/sharing/webmasters/crawler)"
187.33.241.49 - - [22/Dec/2025:04:18:03 -0300] "POST /wp-cron.php?doing_wp_cron=1766387883.1922099590301513671875 HTTP/1.1" 200 0 "-" "WordPress/6.9; https://lucinea.com.br"
98.98.66.40 - - [22/Dec/2025:04:18:09 -0300] "GET / HTTP/2" 200 32636 "-" "Mozilla/5.0 (Windows NT 10.0; Win64; x64; rv:147.0) Gecko/20100101 Firefox/147.0"
57.141.16.22 - - [22/Dec/2025:04:18:18 -0300] "GET /?p=43031280bhbg2 HTTP/2" 404 165201 "-" "meta-externalagent/1.1 (+https://developers.facebook.com/docs/sharing/webmasters/crawler)"
98.98.66.40 - - [22/Dec/2025:04:18:25 -0300] "GET /wp-content/uploads/2023/12/Lexend-Regular.woff2 HTTP/2" 200 28160 "http://lucinea.com.br/" "Mozilla/5.0 (Windows NT 10.0; Win64; x64; rv:147.0) Gecko/20100101 Firefox/147.0"
98.98.66.40 - - [22/Dec/2025:04:18:25 -0300] "GET /wp-content/uploads/2023/12/Lexend-Medium.woff2 HTTP/2" 200 29536 "http://lucinea.com.br/" "Mozilla/5.0 (Windows NT 10.0; Win64; x64; rv:147.0) Gecko/20100101 Firefox/147.0"
98.98.66.40 - - [22/Dec/2025:04:18:25 -0300] "GET /wp-content/uploads/2023/12/Lexend-SemiBold.woff2 HTTP/2" 200 29624 "http://lucinea.com.br/" "Mozilla/5.0 (Windows NT 10.0; Win64; x64; rv:147.0) Gecko/20100101 Firefox/147.0"
98.98.66.40 - - [22/Dec/2025:04:18:25 -0300] "GET /wp-content/uploads/2023/12/Fahkwang-Medium.woff2 HTTP/2" 200 31532 "http://lucinea.com.br/" "Mozilla/5.0 (Windows NT 10.0; Win64; x64; rv:147.0) Gecko/20100101 Firefox/147.0"
98.98.66.40 - - [22/Dec/2025:04:18:30 -0300] "GET /wp-content/uploads/2023/12/Lexend-Regular.woff2 HTTP/2" 200 28160 "http://lucinea.com.br/" "Mozilla/5.0 (Windows NT 10.0; Win64; x64; rv:147.0) Gecko/20100101 Firefox/147.0"
98.98.66.40 - - [22/Dec/2025:04:18:30 -0300] "GET /wp-content/uploads/2023/12/Lexend-Medium.woff2 HTTP/2" 200 29536 "http://lucinea.com.br/" "Mozilla/5.0 (Windows NT 10.0; Win64; x64; rv:147.0) Gecko/20100101 Firefox/147.0"
98.98.66.40 - - [22/Dec/2025:04:18:30 -0300] "GET /wp-content/uploads/2023/12/Lexend-SemiBold.woff2 HTTP/2" 200 29624 "http://lucinea.com.br/" "Mozilla/5.0 (Windows NT 10.0; Win64; x64; rv:147.0) Gecko/20100101 Firefox/147.0"
98.98.66.40 - - [22/Dec/2025:04:18:30 -0300] "GET /wp-content/uploads/2023/12/Fahkwang-Medium.woff2 HTTP/2" 200 31532 "http://lucinea.com.br/" "Mozilla/5.0 (Windows NT 10.0; Win64; x64; rv:147.0) Gecko/20100101 Firefox/147.0"
187.33.241.49 - - [22/Dec/2025:04:11:15 -0300] "POST /wp-cron.php?doing_wp_cron=1766387475.0514008998870849609375 HTTP/1.1" 200 0 "-" "WordPress/6.9; https://lucinea.com.br"
57.141.16.36 - - [22/Dec/2025:04:11:13 -0300] "GET /?p=252623691hjh0 HTTP/2" 404 165201 "-" "meta-externalagent/1.1 (+https://developers.facebook.com/docs/sharing/webmasters/crawler)"
57.141.16.89 - - [22/Dec/2025:04:12:14 -0300] "GET /?p=2602553j4374 HTTP/2" 404 165201 "-" "meta-externalagent/1.1 (+https://developers.facebook.com/docs/sharing/webmasters/crawler)"
57.130.20.252 - - [22/Dec/2025:04:12:39 -0300] "POST /xmlrpc.php HTTP/2" 200 209 "-" "Mozilla/5.0 (Windows NT 10.0; Win64; x64) AppleWebKit/537.36 (KHTML, like Gecko) Chrome/67.0.3396.79 Safari/537.36"
57.141.16.65 - - [22/Dec/2025:04:12:45 -0300] "GET /?p=48522822e93f9 HTTP/2" 404 165201 "-" "meta-externalagent/1.1 (+https://developers.facebook.com/docs/sharing/webmasters/crawler)"
187.33.241.49 - - [22/Dec/2025:04:13:15 -0300] "POST /wp-cron.php?doing_wp_cron=1766387595.4409670829772949218750 HTTP/1.1" 200 0 "-" "WordPress/6.9; https://lucinea.com.br"
57.141.16.61 - - [22/Dec/2025:04:13:14 -0300] "GET /?p=1880356je2afe HTTP/2" 404 165201 "-" "meta-externalagent/1.1 (+https://developers.facebook.com/docs/sharing/webmasters/crawler)"
57.141.16.59 - - [22/Dec/2025:04:15:01 -0300] "GET /?p=3280261ee1a48 HTTP/2" 404 165201 "-" "meta-externalagent/1.1 (+https://developers.facebook.com/docs/sharing/webmasters/crawler)"
187.33.241.49 - - [22/Dec/2025:04:16:02 -0300] "POST /wp-cron.php?doing_wp_cron=1766387762.4531459808349609375000 HTTP/1.1" 200 0 "-" "WordPress/6.9; https://lucinea.com.br"
57.141.16.56 - - [22/Dec/2025:04:16:01 -0300] "GET /?p=598923ij512h HTTP/2" 404 165201 "-" "meta-externalagent/1.1 (+https://developers.facebook.com/docs/sharing/webmasters/crawler)"
57.141.16.100 - - [22/Dec/2025:04:16:46 -0300] "GET /?p=43647742h33ej HTTP/2" 404 165201 "-" "meta-externalagent/1.1 (+https://developers.facebook.com/docs/sharing/webmasters/crawler)"
187.33.241.49 - - [22/Dec/2025:04:17:17 -0300] "POST /wp-cron.php?doing_wp_cron=1766387837.8147571086883544921875 HTTP/1.1" 200 0 "-" "WordPress/6.9; https://lucinea.com.br"
98.98.66.40 - - [22/Dec/2025:04:18:01 -0300] "GET /ant.php HTTP/2" 404 28615 "-" "Mozilla/5.0 (Windows NT 10.0; Win64; x64; rv:147.0) Gecko/20100101 Firefox/147.0"
187.33.241.49 - - [22/Dec/2025:04:18:04 -0300] "POST /wp-cron.php?doing_wp_cron=1766387884.7820549011230468750000 HTTP/1.1" 200 0 "-" "WordPress/6.9; https://lucinea.com.br"
98.98.66.40 - - [22/Dec/2025:04:18:14 -0300] "GET /wp-content/uploads/2023/12/Ativo-1.svg HTTP/2" 200 2265 "http://lucinea.com.br/" "Mozilla/5.0 (Windows NT 10.0; Win64; x64; rv:147.0) Gecko/20100101 Firefox/147.0"
98.98.66.40 - - [22/Dec/2025:04:18:18 -0300] "GET /wp-content/uploads/2023/12/3Ativo-2.svg HTTP/2" 200 2198 "http://lucinea.com.br/" "Mozilla/5.0 (Windows NT 10.0; Win64; x64; rv:147.0) Gecko/20100101 Firefox/147.0"
98.98.66.40 - - [22/Dec/2025:04:18:19 -0300] "GET /wp-content/uploads/2023/12/Group-5.svg HTTP/2" 200 13706 "http://lucinea.com.br/" "Mozilla/5.0 (Windows NT 10.0; Win64; x64; rv:147.0) Gecko/20100101 Firefox/147.0"
98.98.66.40 - - [22/Dec/2025:04:18:25 -0300] "GET /wp-content/uploads/2023/12/compra-segura-1024x147.png HTTP/2" 200 29522 "http://lucinea.com.br/" "Mozilla/5.0 (Windows NT 10.0; Win64; x64; rv:147.0) Gecko/20100101 Firefox/147.0"
98.98.66.40 - - [22/Dec/2025:04:18:28 -0300] "GET /wp-content/uploads/2023/12/Ativo-3-300x300.png HTTP/2" 200 3420 "http://lucinea.com.br/" "Mozilla/5.0 (Windows NT 10.0; Win64; x64; rv:147.0) Gecko/20100101 Firefox/147.0"
98.98.66.40 - - [22/Dec/2025:04:18:28 -0300] "GET /wp-content/uploads/2023/12/Ativo-3-100x100.png HTTP/2" 200 1356 "http://lucinea.com.br/" "Mozilla/5.0 (Windows NT 10.0; Win64; x64; rv:147.0) Gecko/20100101 Firefox/147.0"
57.141.16.69 - - [22/Dec/2025:04:18:48 -0300] "GET /?p=48999243051b1 HTTP/2" 404 165201 "-" "meta-externalagent/1.1 (+https://developers.facebook.com/docs/sharing/webmasters/crawler)"
57.141.16.16 - - [22/Dec/2025:04:11:44 -0300] "GET /?p=3457577dfeeff HTTP/2" 404 165201 "-" "meta-externalagent/1.1 (+https://developers.facebook.com/docs/sharing/webmasters/crawler)"
57.141.16.44 - - [22/Dec/2025:04:11:59 -0300] "GET /?p=39867790gdhhg HTTP/2" 404 165201 "-" "meta-externalagent/1.1 (+https://developers.facebook.com/docs/sharing/webmasters/crawler)"
187.33.241.49 - - [22/Dec/2025:04:12:16 -0300] "POST /wp-cron.php?doing_wp_cron=1766387536.0450820922851562500000 HTTP/1.1" 200 0 "-" "WordPress/6.9; https://lucinea.com.br"
57.141.16.35 - - [22/Dec/2025:04:12:29 -0300] "GET /?p=46584064136d5 HTTP/2" 404 165201 "-" "meta-externalagent/1.1 (+https://developers.facebook.com/docs/sharing/webmasters/crawler)"
57.141.16.60 - - [22/Dec/2025:04:13:45 -0300] "GET /?p=417242672bff HTTP/2" 404 165201 "-" "meta-externalagent/1.1 (+https://developers.facebook.com/docs/sharing/webmasters/crawler)"
57.141.16.90 - - [22/Dec/2025:04:14:00 -0300] "GET /?p=2062788c1a9a0 HTTP/2" 404 165201 "-" "meta-externalagent/1.1 (+https://developers.facebook.com/docs/sharing/webmasters/crawler)"
187.33.241.49 - - [22/Dec/2025:04:14:17 -0300] "POST /wp-cron.php?doing_wp_cron=1766387657.0909149646759033203125 HTTP/1.1" 200 0 "-" "WordPress/6.9; https://lucinea.com.br"
57.141.16.76 - - [22/Dec/2025:04:14:16 -0300] "GET /?p=466350158aajh HTTP/2" 404 165201 "-" "meta-externalagent/1.1 (+https://developers.facebook.com/docs/sharing/webmasters/crawler)"
57.141.16.41 - - [22/Dec/2025:04:14:31 -0300] "GET /?p=2025920ga6g6f HTTP/2" 404 165201 "-" "meta-externalagent/1.1 (+https://developers.facebook.com/docs/sharing/webmasters/crawler)"
187.33.241.49 - - [22/Dec/2025:04:15:02 -0300] "POST /wp-cron.php?doing_wp_cron=1766387702.7202789783477783203125 HTTP/1.1" 200 0 "-" "WordPress/6.9; https://lucinea.com.br"
187.33.241.49 - - [22/Dec/2025:04:15:16 -0300] "POST /wp-cron.php?doing_wp_cron=1766387716.8454821109771728515625 HTTP/1.1" 200 0 "-" "WordPress/6.9; https://lucinea.com.br"
57.141.16.66 - - [22/Dec/2025:04:15:16 -0300] "GET /?p=2110944igd437 HTTP/2" 404 165201 "-" "meta-externalagent/1.1 (+https://developers.facebook.com/docs/sharing/webmasters/crawler)"
57.141.16.96 - - [22/Dec/2025:04:15:31 -0300] "GET /?p=20042501865he HTTP/2" 404 165201 "-" "meta-externalagent/1.1 (+https://developers.facebook.com/docs/sharing/webmasters/crawler)"
57.141.16.95 - - [22/Dec/2025:04:15:46 -0300] "GET /?p=19756684521e5 HTTP/2" 404 165201 "-" "meta-externalagent/1.1 (+https://developers.facebook.com/docs/sharing/webmasters/crawler)"
187.33.241.49 - - [22/Dec/2025:04:16:17 -0300] "POST /wp-cron.php?doing_wp_cron=1766387777.5477719306945800781250 HTTP/1.1" 200 0 "-" "WordPress/6.9; https://lucinea.com.br"
57.141.16.91 - - [22/Dec/2025:04:16:17 -0300] "GET /?p=1750516b83g1b HTTP/2" 404 165201 "-" "meta-externalagent/1.1 (+https://developers.facebook.com/docs/sharing/webmasters/crawler)"
57.141.16.82 - - [22/Dec/2025:04:16:32 -0300] "GET /?p=1413261db5e4b HTTP/2" 404 165201 "-" "meta-externalagent/1.1 (+https://developers.facebook.com/docs/sharing/webmasters/crawler)"
187.33.241.49 - - [22/Dec/2025:04:17:03 -0300] "POST /wp-cron.php?doing_wp_cron=1766387822.9943530559539794921875 HTTP/1.1" 200 0 "-" "WordPress/6.9; https://lucinea.com.br"
57.141.16.53 - - [22/Dec/2025:04:17:02 -0300] "GET /?p=31444902deh42 HTTP/2" 404 165201 "-" "meta-externalagent/1.1 (+https://developers.facebook.com/docs/sharing/webmasters/crawler)"
57.141.16.73 - - [22/Dec/2025:04:17:48 -0300] "GET /?p=4677872i4g4a3 HTTP/2" 404 165201 "-" "meta-externalagent/1.1 (+https://developers.facebook.com/docs/sharing/webmasters/crawler)"
57.141.16.99 - - [22/Dec/2025:04:18:03 -0300] "GET /?p=3032782ffg3h8 HTTP/2" 404 165201 "-" "meta-externalagent/1.1 (+https://developers.facebook.com/docs/sharing/webmasters/crawler)"
57.141.16.45 - - [22/Dec/2025:04:18:33 -0300] "GET /?p=319779711c1ib HTTP/2" 404 165201 "-" "meta-externalagent/1.1 (+https://developers.facebook.com/docs/sharing/webmasters/crawler)"
57.141.16.1 - - [22/Dec/2025:04:19:18 -0300] "GET /?p=755241879h0e HTTP/2" 404 165201 "-" "meta-externalagent/1.1 (+https://developers.facebook.com/docs/sharing/webmasters/crawler)"
57.141.16.100 - - [22/Dec/2025:04:19:33 -0300] "GET /?p=219896197d0i9 HTTP/2" 404 165201 "-" "meta-externalagent/1.1 (+https://developers.facebook.com/docs/sharing/webmasters/crawler)"
57.141.16.67 - - [22/Dec/2025:04:19:48 -0300] "GET /?p=452362fhb1ca HTTP/2" 404 165201 "-" "meta-externalagent/1.1 (+https://developers.facebook.com/docs/sharing/webmasters/crawler)"
57.141.16.64 - - [22/Dec/2025:04:20:34 -0300] "GET /?p=4693765cd04h8 HTTP/2" 404 165201 "-" "meta-externalagent/1.1 (+https://developers.facebook.com/docs/sharing/webmasters/crawler)"
187.33.241.49 - - [22/Dec/2025:04:21:20 -0300] "POST /wp-cron.php?doing_wp_cron=1766388080.6166479587554931640625 HTTP/1.1" 200 0 "-" "WordPress/6.9; https://lucinea.com.br"
57.141.16.34 - - [22/Dec/2025:04:20:04 -0300] "GET /?p=791988cbhag6 HTTP/2" 404 165201 "-" "meta-externalagent/1.1 (+https://developers.facebook.com/docs/sharing/webmasters/crawler)"
187.33.241.49 - - [22/Dec/2025:04:20:20 -0300] "POST /wp-cron.php?doing_wp_cron=1766388020.2064309120178222656250 HTTP/1.1" 200 0 "-" "WordPress/6.9; https://lucinea.com.br"
57.141.16.100 - - [22/Dec/2025:04:20:50 -0300] "GET /?p=915064jcjg07 HTTP/2" 404 165201 "-" "meta-externalagent/1.1 (+https://developers.facebook.com/docs/sharing/webmasters/crawler)"
57.141.16.58 - - [22/Dec/2025:04:21:04 -0300] "GET /?p=4867210jj3ec7 HTTP/2" 404 165201 "-" "meta-externalagent/1.1 (+https://developers.facebook.com/docs/sharing/webmasters/crawler)"
57.141.16.91 - - [22/Dec/2025:04:21:19 -0300] "GET /?p=22457311gb1hi HTTP/2" 404 165201 "-" "meta-externalagent/1.1 (+https://developers.facebook.com/docs/sharing/webmasters/crawler)"
57.141.16.45 - - [22/Dec/2025:04:19:03 -0300] "GET /?p=3077358g53b27 HTTP/2" 404 165201 "-" "meta-externalagent/1.1 (+https://developers.facebook.com/docs/sharing/webmasters/crawler)"
187.33.241.49 - - [22/Dec/2025:04:19:19 -0300] "POST /wp-cron.php?doing_wp_cron=1766387959.8130850791931152343750 HTTP/1.1" 200 0 "-" "WordPress/6.9; https://lucinea.com.br"
187.33.241.49 - - [22/Dec/2025:04:20:05 -0300] "POST /wp-cron.php?doing_wp_cron=1766388005.6950678825378417968750 HTTP/1.1" 200 0 "-" "WordPress/6.9; https://lucinea.com.br"
57.141.16.82 - - [22/Dec/2025:04:20:19 -0300] "GET /?p=118853987ag3h HTTP/2" 404 165201 "-" "meta-externalagent/1.1 (+https://developers.facebook.com/docs/sharing/webmasters/crawler)"
187.33.241.49 - - [22/Dec/2025:04:21:05 -0300] "POST /wp-cron.php?doing_wp_cron=1766388065.2213139533996582031250 HTTP/1.1" 200 0 "-" "WordPress/6.9; https://lucinea.com.br"
57.141.16.97 - - [22/Dec/2025:04:21:35 -0300] "GET /?p=25511012dd8j6 HTTP/2" 404 165201 "-" "meta-externalagent/1.1 (+https://developers.facebook.com/docs/sharing/webmasters/crawler)"
57.141.16.31 - - [22/Dec/2025:04:22:20 -0300] "GET /?p=208499216f059 HTTP/2" 404 165201 "-" "meta-externalagent/1.1 (+https://developers.facebook.com/docs/sharing/webmasters/crawler)"
187.33.241.49 - - [22/Dec/2025:04:22:52 -0300] "POST /wp-cron.php?doing_wp_cron=1766388172.3670649528503417968750 HTTP/1.1" 200 0 "-" "WordPress/6.9; https://lucinea.com.br"
57.141.16.15 - - [22/Dec/2025:04:23:06 -0300] "GET /?p=4219248j8dfef HTTP/2" 404 165201 "-" "meta-externalagent/1.1 (+https://developers.facebook.com/docs/sharing/webmasters/crawler)"
187.33.241.49 - - [22/Dec/2025:04:23:22 -0300] "POST /wp-cron.php?doing_wp_cron=1766388202.6068789958953857421875 HTTP/1.1" 200 0 "-" "WordPress/6.9; https://lucinea.com.br"
57.141.16.20 - - [22/Dec/2025:04:24:22 -0300] "GET /?p=37522852h8e7b HTTP/2" 404 165201 "-" "meta-externalagent/1.1 (+https://developers.facebook.com/docs/sharing/webmasters/crawler)"
187.33.241.49 - - [22/Dec/2025:04:24:53 -0300] "POST /wp-cron.php?doing_wp_cron=1766388293.6275169849395751953125 HTTP/1.1" 200 0 "-" "WordPress/6.9; https://lucinea.com.br"
57.141.16.100 - - [22/Dec/2025:04:24:52 -0300] "GET /?p=380378064i897 HTTP/2" 404 165201 "-" "meta-externalagent/1.1 (+https://developers.facebook.com/docs/sharing/webmasters/crawler)"
57.141.16.82 - - [22/Dec/2025:04:25:07 -0300] "GET /?p=934822ed2ae HTTP/2" 404 165201 "-" "meta-externalagent/1.1 (+https://developers.facebook.com/docs/sharing/webmasters/crawler)"
208.109.34.85 - - [22/Dec/2025:04:25:09 -0300] "GET /wp-login.php HTTP/2" 200 3050 "-" "Mozilla/5.0 (Windows NT 6.3; Win64; x64; Trident/7.0; Touch; ASU2JS; rv:11.0) like Gecko"
208.109.34.85 - - [22/Dec/2025:04:25:16 -0300] "POST /wp-login.php HTTP/2" 200 3234 "https://lucinea.com.br/wp-login.php" "Mozilla/5.0 (Windows NT 6.3; Win64; x64; Trident/7.0; Touch; ASU2JS; rv:11.0) like Gecko"
187.33.241.49 - - [22/Dec/2025:04:25:54 -0300] "POST /wp-cron.php?doing_wp_cron=1766388354.1824328899383544921875 HTTP/1.1" 200 0 "-" "WordPress/6.9; https://lucinea.com.br"
57.141.16.82 - - [22/Dec/2025:04:25:53 -0300] "GET /?p=1128759hb94j9 HTTP/2" 404 165201 "-" "meta-externalagent/1.1 (+https://developers.facebook.com/docs/sharing/webmasters/crawler)"
57.141.16.48 - - [22/Dec/2025:04:26:38 -0300] "GET /?p=3745535i4182b HTTP/2" 404 165201 "-" "meta-externalagent/1.1 (+https://developers.facebook.com/docs/sharing/webmasters/crawler)"
57.141.16.48 - - [22/Dec/2025:04:26:53 -0300] "GET /?p=16196622hc580 HTTP/2" 404 165201 "-" "meta-externalagent/1.1 (+https://developers.facebook.com/docs/sharing/webmasters/crawler)"
57.141.16.84 - - [22/Dec/2025:04:27:24 -0300] "GET /?p=2517617f7b8ef HTTP/2" 404 165201 "-" "meta-externalagent/1.1 (+https://developers.facebook.com/docs/sharing/webmasters/crawler)"
57.141.16.46 - - [22/Dec/2025:04:27:39 -0300] "GET /?p=208415649i0g6 HTTP/2" 404 165201 "-" "meta-externalagent/1.1 (+https://developers.facebook.com/docs/sharing/webmasters/crawler)"
57.141.16.25 - - [22/Dec/2025:04:27:55 -0300] "GET /?p=55929297d4j8 HTTP/2" 404 165201 "-" "meta-externalagent/1.1 (+https://developers.facebook.com/docs/sharing/webmasters/crawler)"
57.141.16.93 - - [22/Dec/2025:04:28:25 -0300] "GET /?p=4298691ii8j60 HTTP/2" 404 165201 "-" "meta-externalagent/1.1 (+https://developers.facebook.com/docs/sharing/webmasters/crawler)"
187.33.241.49 - - [22/Dec/2025:04:28:56 -0300] "POST /wp-cron.php?doing_wp_cron=1766388536.5710439682006835937500 HTTP/1.1" 200 0 "-" "WordPress/6.9; https://lucinea.com.br"
57.141.16.21 - - [22/Dec/2025:04:29:40 -0300] "GET /?p=155241055921g HTTP/2" 404 165201 "-" "meta-externalagent/1.1 (+https://developers.facebook.com/docs/sharing/webmasters/crawler)"
187.33.241.49 - - [22/Dec/2025:04:29:57 -0300] "POST /wp-cron.php?doing_wp_cron=1766388597.0848119258880615234375 HTTP/1.1" 200 0 "-" "WordPress/6.9; https://lucinea.com.br"
98.98.66.40 - - [22/Dec/2025:04:21:28 -0300] "GET /bf.php HTTP/2" 200 4093 "-" "Mozilla/5.0 (Windows NT 10.0; Win64; x64; rv:147.0) Gecko/20100101 Firefox/147.0"
98.98.66.40 - - [22/Dec/2025:04:21:29 -0300] "GET /favicon.ico HTTP/2" 404 1251 "https://lucinea.com.br/bf.php" "Mozilla/5.0 (Windows NT 10.0; Win64; x64; rv:147.0) Gecko/20100101 Firefox/147.0"
187.33.241.49 - - [22/Dec/2025:04:22:06 -0300] "POST /wp-cron.php?doing_wp_cron=1766388126.1118450164794921875000 HTTP/1.1" 200 0 "-" "WordPress/6.9; https://lucinea.com.br"
187.33.241.49 - - [22/Dec/2025:04:22:21 -0300] "POST /wp-cron.php?doing_wp_cron=1766388141.2461819648742675781250 HTTP/1.1" 200 0 "-" "WordPress/6.9; https://lucinea.com.br"
57.141.16.75 - - [22/Dec/2025:04:22:36 -0300] "GET /?p=600654143836 HTTP/2" 404 165201 "-" "meta-externalagent/1.1 (+https://developers.facebook.com/docs/sharing/webmasters/crawler)"
57.141.16.78 - - [22/Dec/2025:04:23:21 -0300] "GET /?p=4319953cj2gg6 HTTP/2" 404 165201 "-" "meta-externalagent/1.1 (+https://developers.facebook.com/docs/sharing/webmasters/crawler)"
57.141.16.29 - - [22/Dec/2025:04:23:36 -0300] "GET /?p=4487271c78fi HTTP/2" 404 165201 "-" "meta-externalagent/1.1 (+https://developers.facebook.com/docs/sharing/webmasters/crawler)"
187.33.241.49 - - [22/Dec/2025:04:23:52 -0300] "POST /wp-cron.php?doing_wp_cron=1766388232.7897078990936279296875 HTTP/1.1" 200 0 "-" "WordPress/6.9; https://lucinea.com.br"
57.141.16.59 - - [22/Dec/2025:04:24:07 -0300] "GET /?p=2718306he77ha HTTP/2" 404 165201 "-" "meta-externalagent/1.1 (+https://developers.facebook.com/docs/sharing/webmasters/crawler)"
187.33.241.49 - - [22/Dec/2025:04:24:23 -0300] "POST /wp-cron.php?doing_wp_cron=1766388263.1798999309539794921875 HTTP/1.1" 200 0 "-" "WordPress/6.9; https://lucinea.com.br"
57.141.16.83 - - [22/Dec/2025:04:25:23 -0300] "GET /?p=3037965ea60ji HTTP/2" 404 165201 "-" "meta-externalagent/1.1 (+https://developers.facebook.com/docs/sharing/webmasters/crawler)"
57.141.16.54 - - [22/Dec/2025:04:26:09 -0300] "GET /?p=1748501252f2i HTTP/2" 404 165201 "-" "meta-externalagent/1.1 (+https://developers.facebook.com/docs/sharing/webmasters/crawler)"
57.141.16.11 - - [22/Dec/2025:04:27:09 -0300] "GET /?p=281531474989b HTTP/2" 404 165201 "-" "meta-externalagent/1.1 (+https://developers.facebook.com/docs/sharing/webmasters/crawler)"
57.141.16.21 - - [22/Dec/2025:04:28:10 -0300] "GET /?p=21877546e2h2f HTTP/2" 404 165201 "-" "meta-externalagent/1.1 (+https://developers.facebook.com/docs/sharing/webmasters/crawler)"
187.33.241.49 - - [22/Dec/2025:04:28:25 -0300] "POST /wp-cron.php?doing_wp_cron=1766388505.9053900241851806640625 HTTP/1.1" 200 0 "-" "WordPress/6.9; https://lucinea.com.br"
57.141.16.57 - - [22/Dec/2025:04:28:40 -0300] "GET /?p=41300905fc7hi HTTP/2" 404 165201 "-" "meta-externalagent/1.1 (+https://developers.facebook.com/docs/sharing/webmasters/crawler)"
57.141.16.75 - - [22/Dec/2025:04:28:55 -0300] "GET /?p=3311245fg6ai7 HTTP/2" 404 165201 "-" "meta-externalagent/1.1 (+https://developers.facebook.com/docs/sharing/webmasters/crawler)"
57.141.16.62 - - [22/Dec/2025:04:29:10 -0300] "GET /?p=112649613f157 HTTP/2" 404 165201 "-" "meta-externalagent/1.1 (+https://developers.facebook.com/docs/sharing/webmasters/crawler)"
187.33.241.49 - - [22/Dec/2025:04:29:26 -0300] "POST /wp-cron.php?doing_wp_cron=1766388566.9183139801025390625000 HTTP/1.1" 200 0 "-" "WordPress/6.9; https://lucinea.com.br"
57.141.16.9 - - [22/Dec/2025:04:30:41 -0300] "GET /?p=426027029138 HTTP/2" 404 165201 "-" "meta-externalagent/1.1 (+https://developers.facebook.com/docs/sharing/webmasters/crawler)"
