165.245.132.141 - - [21/Dec/2025:19:38:41 -0300] "GET /wp-login.php HTTP/2" 302 0 "-" "Mozilla/5.0 (Windows NT 10.0; Win64; x64) AppleWebKit/537.36"
165.245.132.141 - - [21/Dec/2025:19:38:41 -0300] "GET /vaza-nao-nada-aqui HTTP/2" 301 244 "https://www.kelartes.com.br/wp-login.php" "Mozilla/5.0 (Windows NT 10.0; Win64; x64) AppleWebKit/537.36"
165.245.132.141 - - [21/Dec/2025:19:38:45 -0300] "GET /vaza-nao-nada-aqui HTTP/2" 404 27039 "https://www.kelartes.com.br/vaza-nao-nada-aqui" "Mozilla/5.0 (Windows NT 10.0; Win64; x64) AppleWebKit/537.36"
165.245.132.141 - - [21/Dec/2025:19:38:45 -0300] "GET /wp-login.php HTTP/2" 302 0 "-" "Mozilla/5.0 (Windows NT 10.0; Win64; x64) AppleWebKit/537.36"
165.245.132.141 - - [21/Dec/2025:19:38:46 -0300] "GET /vaza-nao-nada-aqui HTTP/2" 301 244 "https://www.kelartes.com.br/wp-login.php" "Mozilla/5.0 (Windows NT 10.0; Win64; x64) AppleWebKit/537.36"
165.245.132.141 - - [21/Dec/2025:19:38:46 -0300] "GET /vaza-nao-nada-aqui HTTP/2" 404 27039 "https://www.kelartes.com.br/vaza-nao-nada-aqui" "Mozilla/5.0 (Windows NT 10.0; Win64; x64) AppleWebKit/537.36"
165.245.132.141 - - [21/Dec/2025:19:38:47 -0300] "GET /wp-login.php HTTP/2" 302 0 "-" "Mozilla/5.0 (Windows NT 10.0; Win64; x64) AppleWebKit/537.36"
165.245.132.141 - - [21/Dec/2025:19:38:47 -0300] "GET /vaza-nao-nada-aqui HTTP/2" 301 244 "https://www.kelartes.com.br/wp-login.php" "Mozilla/5.0 (Windows NT 10.0; Win64; x64) AppleWebKit/537.36"
165.245.132.141 - - [21/Dec/2025:19:38:47 -0300] "GET /vaza-nao-nada-aqui HTTP/2" 404 27039 "https://www.kelartes.com.br/vaza-nao-nada-aqui" "Mozilla/5.0 (Windows NT 10.0; Win64; x64) AppleWebKit/537.36"
172.70.25.5 - - [21/Dec/2025:19:44:04 -0300] "GET /.well-known/cf-custom-hostname-challenge/a1a3d802-68e8-470e-ab18-e0e4ca98cf2c HTTP/1.1" 404 27795 "http://kelartes.com.br/.well-known/cf-custom-hostname-challenge/a1a3d802-68e8-470e-ab18-e0e4ca98cf2c" "Cloudflare Custom Hostname Verification"
187.33.241.49 - - [21/Dec/2025:19:44:11 -0300] "POST /wp-cron.php?doing_wp_cron=1766357051.6436889171600341796875 HTTP/1.1" 200 0 "-" "WordPress/6.9; https://kelartes.com.br"
187.33.241.49 - - [21/Dec/2025:19:45:03 -0300] "GET //wp-cron.php?doing_wp_cron HTTP/1.1" 200 0 "-" "Wget/1.19.5 (linux-gnu)"
187.33.241.49 - - [21/Dec/2025:19:50:03 -0300] "GET //wp-cron.php?doing_wp_cron HTTP/1.1" 200 0 "-" "Wget/1.19.5 (linux-gnu)"
187.33.241.49 - - [21/Dec/2025:19:15:03 -0300] "GET //wp-cron.php?doing_wp_cron HTTP/1.1" 200 0 "-" "Wget/1.19.5 (linux-gnu)"
4.197.94.190 - - [21/Dec/2025:19:27:00 -0300] "GET /wp-content/themes/seotheme/db.php?u HTTP/1.1" 403 1242 "www.google.com" "Mozlila/5.0 (Linux; Android 7.0; SM-G892A Bulid/NRD90M; wv) AppleWebKit/537.36 (KHTML, like Gecko) Version/4.0 Chrome/60.0.3112.107 Moblie Safari/537.36"
4.197.94.190 - - [21/Dec/2025:19:27:00 -0300] "GET /wp-content/themes/seotheme/db.php?u HTTP/1.1" 403 1242 "www.google.com" "Mozlila/5.0 (Linux; Android 7.0; SM-G892A Bulid/NRD90M; wv) AppleWebKit/537.36 (KHTML, like Gecko) Version/4.0 Chrome/60.0.3112.107 Moblie Safari/537.36"
4.197.94.190 - - [21/Dec/2025:19:27:00 -0300] "GET / HTTP/1.1" 200 208636 "-" "Mozlila/5.0 (Linux; Android 7.0; SM-G892A Bulid/NRD90M; wv) AppleWebKit/537.36 (KHTML, like Gecko) Version/4.0 Chrome/60.0.3112.107 Moblie Safari/537.36"
4.197.94.190 - - [21/Dec/2025:19:27:02 -0300] "GET /wp-content/plugins/apikey/apikey.php?test=hello HTTP/1.1" 403 1242 "-" "Mozlila/5.0 (Linux; Android 7.0; SM-G892A Bulid/NRD90M; wv) AppleWebKit/537.36 (KHTML, like Gecko) Version/4.0 Chrome/60.0.3112.107 Moblie Safari/537.36"
4.197.94.190 - - [21/Dec/2025:19:27:02 -0300] "GET /plugins/content/apismtp/apismtp.php?test=hello HTTP/1.1" 404 125689 "-" "Mozlila/5.0 (Linux; Android 7.0; SM-G892A Bulid/NRD90M; wv) AppleWebKit/537.36 (KHTML, like Gecko) Version/4.0 Chrome/60.0.3112.107 Moblie Safari/537.36"
4.197.94.190 - - [21/Dec/2025:19:27:06 -0300] "GET /wp-content/plugins/apikey/apikey.php.suspected?test=hello HTTP/1.1" 403 1242 "-" "Mozlila/5.0 (Linux; Android 7.0; SM-G892A Bulid/NRD90M; wv) AppleWebKit/537.36 (KHTML, like Gecko) Version/4.0 Chrome/60.0.3112.107 Moblie Safari/537.36"
4.197.94.190 - - [21/Dec/2025:19:27:06 -0300] "GET /plugins/content/apismtp/apismtp.php.suspected?test=hello HTTP/1.1" 403 1242 "-" "Mozlila/5.0 (Linux; Android 7.0; SM-G892A Bulid/NRD90M; wv) AppleWebKit/537.36 (KHTML, like Gecko) Version/4.0 Chrome/60.0.3112.107 Moblie Safari/537.36"
187.33.241.49 - - [21/Dec/2025:19:30:03 -0300] "GET //wp-cron.php?doing_wp_cron HTTP/1.1" 200 0 "-" "Wget/1.19.5 (linux-gnu)"
187.33.241.49 - - [21/Dec/2025:19:35:03 -0300] "GET //wp-cron.php?doing_wp_cron HTTP/1.1" 200 0 "-" "Wget/1.19.5 (linux-gnu)"
165.245.132.141 - - [21/Dec/2025:19:38:40 -0300] "GET /vaza-nao-nada-aqui HTTP/2" 404 27039 "https://www.kelartes.com.br/vaza-nao-nada-aqui" "Mozilla/5.0 (Windows NT 10.0; Win64; x64) AppleWebKit/537.36"
165.245.132.141 - - [21/Dec/2025:19:38:43 -0300] "GET /vaza-nao-nada-aqui HTTP/2" 404 27039 "https://www.kelartes.com.br/vaza-nao-nada-aqui" "Mozilla/5.0 (Windows NT 10.0; Win64; x64) AppleWebKit/537.36"
165.245.132.141 - - [21/Dec/2025:19:38:44 -0300] "GET /vaza-nao-nada-aqui HTTP/2" 404 27039 "https://www.kelartes.com.br/vaza-nao-nada-aqui" "Mozilla/5.0 (Windows NT 10.0; Win64; x64) AppleWebKit/537.36"
187.33.241.49 - - [21/Dec/2025:19:40:04 -0300] "GET //wp-cron.php?doing_wp_cron HTTP/1.1" 200 0 "-" "Wget/1.19.5 (linux-gnu)"
172.70.25.5 - - [21/Dec/2025:19:44:04 -0300] "GET /.well-known/cf-custom-hostname-challenge/a1a3d802-68e8-470e-ab18-e0e4ca98cf2c HTTP/1.1" 404 27798 "http://kelartes.com.br/.well-known/cf-custom-hostname-challenge/a1a3d802-68e8-470e-ab18-e0e4ca98cf2c" "Cloudflare Custom Hostname Verification"
187.33.241.49 - - [21/Dec/2025:20:00:03 -0300] "GET //wp-cron.php?doing_wp_cron HTTP/1.1" 200 0 "-" "Wget/1.19.5 (linux-gnu)"
216.244.66.244 - - [21/Dec/2025:20:06:48 -0300] "GET /robots.txt HTTP/1.1" 200 786 "-" "Mozilla/5.0 (compatible; DotBot/1.2; +https://opensiteexplorer.org/dotbot; help@moz.com)"
187.33.241.49 - - [21/Dec/2025:20:05:03 -0300] "GET //wp-cron.php?doing_wp_cron HTTP/1.1" 200 0 "-" "Wget/1.19.5 (linux-gnu)"
187.33.241.49 - - [21/Dec/2025:20:10:03 -0300] "GET //wp-cron.php?doing_wp_cron HTTP/1.1" 200 0 "-" "Wget/1.19.5 (linux-gnu)"
4.213.181.235 - - [21/Dec/2025:20:16:47 -0300] "GET /file.php HTTP/2" 404 3420 "https://www.google.de/" "Mozilla/5.g (Linux; Android 13; Pixel 7) AppleWebKit/537.36 (KHTML, like Gecko) Chrome/116.0.0.0 Mobile Safari/537.36"
4.213.181.235 - - [21/Dec/2025:20:16:47 -0300] "GET /wp-signin.php HTTP/2" 404 3420 "https://www.bing.com/" "Mozilla/5.0 (iPhone; CPU iPhone OS 17_1_1 like Mac OS X) AppleWebKit/605.1.15 (KHTML, like Gecko) Version/17.1 Mobile/15E148 Safari/604.1"
4.213.181.235 - - [21/Dec/2025:20:17:07 -0300] "GET /abcd.php HTTP/2" 404 3420 "https://www.google.fr/" "Mozilla/5.0 (iPad; CPU OS 16_7_2 like Mac OS X) AppleWebKit/605.1.15 (KHTML, like Gecko) Version/16.6 Mobile/15E148 Safari/604.1"
4.213.181.235 - - [21/Dec/2025:20:17:08 -0300] "GET /bless.php HTTP/2" 404 3420 "https://www.google.co.uk/" "Mozilla/5.0 (Linux; Android 10; LM-Q720) AppleWebKit/537.36 (KHTML, like Gecko) Chrome/116.0.0.0 Mobile Safari/537.36"
4.213.181.235 - - [21/Dec/2025:20:17:08 -0300] "GET /images/install.php HTTP/2" 404 3420 "https://www.google.co.uk/" "Mozilla/5.0 (Linux; Android 10; LM-Q720) AppleWebKit/537.36 (KHTML, like Gecko) Chrome/116.0.0.0 Mobile Safari/537.36"
4.213.181.235 - - [21/Dec/2025:20:17:09 -0300] "GET /num.php HTTP/2" 404 3420 "https://www.bing.com/" "Mozilla/5.0 (Linux; Android 11; CPH2251) AppleWebKit/537.36 (KHTML, like Gecko) Chrome/116.0.0.0 Mobile Safari/537.36"
4.213.181.235 - - [21/Dec/2025:20:17:09 -0300] "GET /wp-content/admin-header.php HTTP/2" 404 3420 "https://www.google.co.uk/" "Mozilla/5.0 (iPhone; CPU iPhone OS 17_1_1 like Mac OS X) AppleWebKit/605.1.15 (KHTML, like Gecko) Version/17.1 Mobile/15E148 Safari/604.1"
4.213.181.235 - - [21/Dec/2025:20:17:10 -0300] "GET /wp-content/themes/about.php HTTP/2" 404 3420 "https://duckduckgo.com/" "Mozilla/5.0 (iPhone; CPU iPhone OS 17_1_1 like Mac OS X) AppleWebKit/605.1.15 (KHTML, like Gecko) Version/17.1 Mobile/15E148 Safari/604.1"
4.213.181.235 - - [21/Dec/2025:20:17:10 -0300] "GET /wp-includes/rest-api/fields HTTP/2" 404 3420 "https://www.yahoo.com/" "Mozilla/5.0 (Linux; Android 12; SM-A525F) AppleWebKit/537.36 (KHTML, like Gecko) Chrome/117.0.0.0 Mobile Safari/537.36"
4.213.181.235 - - [21/Dec/2025:20:17:10 -0300] "GET /wp.php HTTP/2" 404 3420 "https://www.bing.com/" "Mozilla/5.0 (Linux; Android 14; Pixel 8 Pro) AppleWebKit/537.36 (KHTML, like Gecko) Chrome/119.0.0.0 Mobile Safari/537.36"
4.213.181.235 - - [21/Dec/2025:20:17:11 -0300] "GET /admin.php HTTP/2" 404 3420 "https://www.google.co.uk/" "Mozilla/5.0 (iPhone; CPU iPhone OS 16_0 like Mac OS X) AppleWebKit/605.1.15 (KHTML, like Gecko) FxiOS/118.0 Mobile/15E148 Safari/605.1.15"
4.213.181.235 - - [21/Dec/2025:20:17:11 -0300] "GET /classwithtostring.php HTTP/2" 404 3420 "https://duckduckgo.com/" "Mozilla/5.0 (Linux; Android 11; 21081111RG) AppleWebKit/537.36 (KHTML, like Gecko) Chrome/116.0.0.0 Mobile Safari/537.36"
4.213.181.235 - - [21/Dec/2025:20:17:12 -0300] "GET /edit.php HTTP/2" 404 3420 "https://www.google.co.uk/" "Mozilla/5.0 (Linux; Android 12; SM-A525F) AppleWebKit/537.36 (KHTML, like Gecko) Chrome/117.0.0.0 Mobile Safari/537.36"
4.213.181.235 - - [21/Dec/2025:20:17:12 -0300] "GET /goods.php HTTP/2" 404 3420 "https://www.google.com/" "Mozilla/5.0 (Linux; Android 10; LM-Q720) AppleWebKit/537.36 (KHTML, like Gecko) Chrome/116.0.0.0 Mobile Safari/537.36"
4.213.181.235 - - [21/Dec/2025:20:17:13 -0300] "GET /wp-conflg/function.php HTTP/2" 404 3420 "https://www.google.fr/" "Mozilla/5.0 (Linux; Android 12; 2201116SG) AppleWebKit/537.36 (KHTML, like Gecko) Chrome/116.0.0.0 Mobile Safari/537.36"
4.213.181.235 - - [21/Dec/2025:20:17:14 -0300] "GET /wp-includes/PHPMailer/index.php HTTP/2" 404 3420 "https://www.bing.com/" "Mozilla/5.0 (iPhone; CPU iPhone OS 16_0 like Mac OS X) AppleWebKit/605.1.15 (KHTML, like Gecko) FxiOS/118.0 Mobile/15E148 Safari/605.1.15"
4.213.181.235 - - [21/Dec/2025:20:16:46 -0300] "GET /ioxi-o.php HTTP/2" 404 3420 "https://duckduckgo.com/" "Mozilla/5.0 (iPhone; CPU iPhone OS 17_1 like Mac OS X) AppleWebKit/605.1.15 (KHTML, like Gecko) CriOS/119.0.6045.109 Mobile/15E148 Safari/604.1"
4.213.181.235 - - [21/Dec/2025:20:16:47 -0300] "GET /wp-admin/css/colors/blue HTTP/2" 404 3420 "https://www.bing.com/" "Mozilla/5.0 (iPhone; CPU iPhone OS 17_1_1 like Mac OS X) AppleWebKit/605.1.15 (KHTML, like Gecko) Version/17.1 Mobile/15E148 Safari/604.1"
4.213.181.235 - - [21/Dec/2025:20:17:07 -0300] "GET /wp-includes/block-bindings HTTP/2" 404 3420 "https://www.bing.com/" "Mozilla/5.0 (Linux; Android 10; LM-Q720) AppleWebKit/537.36 (KHTML, like Gecko) Chrome/116.0.0.0 Mobile Safari/537.36"
4.213.181.235 - - [21/Dec/2025:20:17:08 -0300] "GET /about.php HTTP/2" 404 3420 "https://www.google.com/" "Mozilla/5.0 (Linux; Android 13; SM-S908E) AppleWebKit/537.36 (KHTML, like Gecko) Chrome/116.0.0.0 Mobile Safari/537.36"
4.213.181.235 - - [21/Dec/2025:20:17:09 -0300] "GET /txets.php HTTP/2" 404 3420 "https://www.google.fr/" "Mozilla/5.0 (iPhone; CPU iPhone OS 17_1_1 like Mac OS X) AppleWebKit/605.1.15 (KHTML, like Gecko) Version/17.1 Mobile/15E148 Safari/604.1"
4.213.181.235 - - [21/Dec/2025:20:17:09 -0300] "GET /wp-blog.php HTTP/2" 404 3420 "https://www.yahoo.com/" "Mozilla/5.0 (Linux; Android 11; 21081111RG) AppleWebKit/537.36 (KHTML, like Gecko) Chrome/116.0.0.0 Mobile Safari/537.36"
4.213.181.235 - - [21/Dec/2025:20:17:10 -0300] "GET /wp-includes/js/dist HTTP/2" 404 3420 "https://www.google.de/" "Mozilla/5.0 (Linux; Android 11; 21081111RG) AppleWebKit/537.36 (KHTML, like Gecko) Chrome/116.0.0.0 Mobile Safari/537.36"
4.213.181.235 - - [21/Dec/2025:20:17:11 -0300] "GET /adminfuns.php HTTP/2" 404 3420 "https://www.google.fr/" "Mozilla/5.0 (iPhone; CPU iPhone OS 16_6_1 like Mac OS X) AppleWebKit/605.1.15 (KHTML, like Gecko) Version/16.6 Mobile/15E148 Safari/604.1"
4.213.181.235 - - [21/Dec/2025:20:17:11 -0300] "GET /chosen.php HTTP/2" 404 3420 "https://www.google.co.uk/" "Mozilla/5.0 (Linux; Android 12; V2134) AppleWebKit/537.36 (KHTML, like Gecko) Chrome/116.0.0.0 Mobile Safari/537.36"
4.213.181.235 - - [21/Dec/2025:20:17:12 -0300] "GET /k.php HTTP/2" 404 3420 "https://www.google.de/" "Mozilla/5.0 (iPad; CPU OS 17_0_3 like Mac OS X) AppleWebKit/605.1.15 (KHTML, like Gecko) Version/17.0.1 Mobile/15E148 Safari/604.1"
4.213.181.235 - - [21/Dec/2025:20:17:13 -0300] "GET /mah/function.php HTTP/2" 404 3420 "https://www.google.com/" "Mozilla/5.0 (Linux; Android 13; SM-S908E) AppleWebKit/537.36 (KHTML, like Gecko) Chrome/116.0.0.0 Mobile Safari/537.36"
4.213.181.235 - - [21/Dec/2025:20:17:13 -0300] "GET /wp-content/admin.php HTTP/2" 404 3420 "https://www.google.com/" "Mozilla/5.0 (Linux; Android 12; SM-A525F) AppleWebKit/537.36 (KHTML, like Gecko) Chrome/117.0.0.0 Mobile Safari/537.36"
4.213.181.235 - - [21/Dec/2025:20:17:13 -0300] "GET /wp-content/languages/index.php HTTP/2" 404 3420 "https://www.google.fr/" "Mozilla/5.0 (iPad; CPU OS 16_7_2 like Mac OS X) AppleWebKit/605.1.15 (KHTML, like Gecko) Version/16.6 Mobile/15E148 Safari/604.1"
4.213.181.235 - - [21/Dec/2025:20:17:33 -0300] "GET /wp-includes/images/index.php HTTP/2" 404 3420 "https://www.yahoo.com/" "Mozilla/5.0 (Linux; Android 10; LM-Q720) AppleWebKit/537.36 (KHTML, like Gecko) Chrome/116.0.0.0 Mobile Safari/537.36"
4.213.181.235 - - [21/Dec/2025:20:17:34 -0300] "GET /wp-includes/js/dist/development HTTP/2" 404 3420 "https://www.yahoo.com/" "Mozilla/5.0 (iPad; CPU OS 17_0_3 like Mac OS X) AppleWebKit/605.1.15 (KHTML, like Gecko) Version/17.0.1 Mobile/15E148 Safari/604.1"
4.213.181.235 - - [21/Dec/2025:20:17:34 -0300] "GET /wp-user.php HTTP/2" 404 3420 "https://duckduckgo.com/" "Mozilla/5.0 (Linux; Android 13; SM-G991U) AppleWebKit/537.36 (KHTML, like Gecko) Chrome/117.0.0.0 Mobile Safari/537.36"
4.213.181.235 - - [21/Dec/2025:20:17:33 -0300] "GET /wp-includes/images HTTP/2" 404 3420 "https://duckduckgo.com/" "Mozilla/5.0 (iPhone; CPU iPhone OS 17_1_1 like Mac OS X) AppleWebKit/605.1.15 (KHTML, like Gecko) Version/17.1 Mobile/15E148 Safari/604.1"
4.213.181.235 - - [21/Dec/2025:20:17:35 -0300] "GET /404.php HTTP/2" 404 3420 "https://www.google.de/" "Mozilla/5.0 (Linux; Android 13; SM-G991U) AppleWebKit/537.36 (KHTML, like Gecko) Chrome/117.0.0.0 Mobile Safari/537.36"
4.213.181.235 - - [21/Dec/2025:20:17:35 -0300] "GET /akcc.php HTTP/2" 404 3420 "https://www.bing.com/" "Mozilla/5.0 (Linux; Android 11; 21081111RG) AppleWebKit/537.36 (KHTML, like Gecko) Chrome/116.0.0.0 Mobile Safari/537.36"
4.213.181.235 - - [21/Dec/2025:20:17:35 -0300] "GET /mah.php HTTP/2" 404 3420 "https://duckduckgo.com/" "Mozilla/5.0 (Linux; Android 12; SM-A525F) AppleWebKit/537.36 (KHTML, like Gecko) Chrome/117.0.0.0 Mobile Safari/537.36"
4.213.181.235 - - [21/Dec/2025:20:17:36 -0300] "GET /uploads/index.php HTTP/2" 404 3420 "https://www.google.co.uk/" "Mozilla/5.0 (Linux; Android 12; V2134) AppleWebKit/537.36 (KHTML, like Gecko) Chrome/116.0.0.0 Mobile Safari/537.36"
4.213.181.235 - - [21/Dec/2025:20:17:36 -0300] "GET /wp-admin/classwithtostring.php HTTP/2" 404 3420 "https://www.google.de/" "Mozilla/5.0 (Linux; Android 11; 21081111RG) AppleWebKit/537.36 (KHTML, like Gecko) Chrome/116.0.0.0 Mobile Safari/537.36"
4.213.181.235 - - [21/Dec/2025:20:17:37 -0300] "GET /wp-admin/includes/colour.php HTTP/2" 404 3420 "https://duckduckgo.com/" "Mozilla/5.0 (Linux; Android 13; SM-S908E) AppleWebKit/537.36 (KHTML, like Gecko) Chrome/116.0.0.0 Mobile Safari/537.36"
4.213.181.235 - - [21/Dec/2025:20:17:38 -0300] "GET /wp-admin/js HTTP/2" 404 3420 "https://www.google.de/" "Mozilla/5.0 (iPhone; CPU iPhone OS 17_0_3 like Mac OS X) AppleWebKit/605.1.15 (KHTML, like Gecko) Version/17.0.1 Mobile/15E148 Safari/604.1"
4.213.181.235 - - [21/Dec/2025:20:17:38 -0300] "GET /wp-admin/js/widgets HTTP/2" 404 3420 "https://www.google.fr/" "Mozilla/5.0 (iPhone; CPU iPhone OS 17_1 like Mac OS X) AppleWebKit/605.1.15 (KHTML, like Gecko) CriOS/119.0.6045.109 Mobile/15E148 Safari/604.1"
4.213.181.235 - - [21/Dec/2025:20:17:39 -0300] "GET /wp-content/backups-dup-lite HTTP/2" 404 3420 "https://www.bing.com/" "Mozilla/5.0 (Linux; Android 14; Pixel 8 Pro) AppleWebKit/537.36 (KHTML, like Gecko) Chrome/119.0.0.0 Mobile Safari/537.36"
4.213.181.235 - - [21/Dec/2025:20:17:39 -0300] "GET /wp-content/languages HTTP/2" 404 3420 "https://www.bing.com/" "Mozilla/5.0 (Linux; Android 10; LM-Q720) AppleWebKit/537.36 (KHTML, like Gecko) Chrome/116.0.0.0 Mobile Safari/537.36"
4.213.181.235 - - [21/Dec/2025:20:17:39 -0300] "GET /wp-content/plugins/admin.php HTTP/2" 404 3420 "https://www.google.co.uk/" "Mozilla/5.0 (Linux; Android 13; M2101K6G) AppleWebKit/537.36 (KHTML, like Gecko) Chrome/116.0.0.0 Mobile Safari/537.36"
4.213.181.235 - - [21/Dec/2025:20:17:40 -0300] "GET /wp-content/uploads/2025 HTTP/2" 404 3420 "https://duckduckgo.com/" "Mozilla/5.0 (Linux; Android 12; SM-A525F) AppleWebKit/537.36 (KHTML, like Gecko) Chrome/117.0.0.0 Mobile Safari/537.36"
4.213.181.235 - - [21/Dec/2025:20:17:41 -0300] "GET /wp-includes/SimplePie/index.php HTTP/2" 404 3420 "https://www.google.de/" "Mozilla/5.0 (iPhone; CPU iPhone OS 16_0 like Mac OS X) AppleWebKit/605.1.15 (KHTML, like Gecko) FxiOS/118.0 Mobile/15E148 Safari/605.1.15"
4.213.181.235 - - [21/Dec/2025:20:17:41 -0300] "GET /wp-includes/block-bindings/index.php HTTP/2" 404 3420 "https://www.google.co.uk/" "Mozilla/5.0 (Linux; Android 12; V2134) AppleWebKit/537.36 (KHTML, like Gecko) Chrome/116.0.0.0 Mobile Safari/537.36"
4.213.181.235 - - [21/Dec/2025:20:17:42 -0300] "GET /wp-includes/customize/chosen.php HTTP/2" 404 3420 "https://www.google.co.uk/" "Mozilla/5.0 (Linux; Android 12; SM-A525F) AppleWebKit/537.36 (KHTML, like Gecko) Chrome/117.0.0.0 Mobile Safari/537.36"
4.213.181.235 - - [21/Dec/2025:20:17:35 -0300] "GET /gg.php HTTP/2" 404 3420 "https://www.google.co.uk/" "Mozilla/5.0 (iPhone; CPU iPhone OS 15_7_9 like Mac OS X) AppleWebKit/605.1.15 (KHTML, like Gecko) Version/15.6.5 Mobile/15E148 Safari/604.1"
4.213.181.235 - - [21/Dec/2025:20:17:36 -0300] "GET /new.php HTTP/2" 404 3420 "https://duckduckgo.com/" "Mozilla/5.0 (iPhone; CPU iPhone OS 17_1 like Mac OS X) AppleWebKit/605.1.15 (KHTML, like Gecko) CriOS/119.0.6045.109 Mobile/15E148 Safari/604.1"
4.213.181.235 - - [21/Dec/2025:20:17:36 -0300] "GET /themes.php HTTP/2" 404 3420 "https://www.bing.com/" "Mozilla/5.0 (iPhone; CPU iPhone OS 17_1 like Mac OS X) AppleWebKit/605.1.15 (KHTML, like Gecko) CriOS/119.0.6045.109 Mobile/15E148 Safari/604.1"
4.213.181.235 - - [21/Dec/2025:20:17:36 -0300] "GET /wp-admin HTTP/2" 404 3420 "https://duckduckgo.com/" "Mozilla/5.0 (iPad; CPU OS 17_0_3 like Mac OS X) AppleWebKit/605.1.15 (KHTML, like Gecko) Version/17.0.1 Mobile/15E148 Safari/604.1"
4.213.181.235 - - [21/Dec/2025:20:17:37 -0300] "GET /wp-admin/css HTTP/2" 404 3420 "https://www.google.co.uk/" "Mozilla/5.0 (iPhone; CPU iPhone OS 17_1_1 like Mac OS X) AppleWebKit/605.1.15 (KHTML, like Gecko) Version/17.1 Mobile/15E148 Safari/604.1"
4.213.181.235 - - [21/Dec/2025:20:17:37 -0300] "GET /wp-admin/css/about.php HTTP/2" 404 3420 "https://www.google.de/" "Mozilla/5.0 (Linux; Android 13; SM-G991U) AppleWebKit/537.36 (KHTML, like Gecko) Chrome/117.0.0.0 Mobile Safari/537.36"
4.213.181.235 - - [21/Dec/2025:20:17:38 -0300] "GET /wp-admin/js/autoload_classmap.php HTTP/2" 404 3420 "https://www.google.fr/" "Mozilla/5.0 (Linux; Android 14; Pixel 8 Pro) AppleWebKit/537.36 (KHTML, like Gecko) Chrome/119.0.0.0 Mobile Safari/537.36"
4.213.181.235 - - [21/Dec/2025:20:17:38 -0300] "GET /wp-content/autoload_classmap.php HTTP/2" 404 3420 "https://duckduckgo.com/" "Mozilla/5.0 (iPhone; CPU iPhone OS 17_1 like Mac OS X) AppleWebKit/605.1.15 (KHTML, like Gecko) CriOS/119.0.6045.109 Mobile/15E148 Safari/604.1"
4.213.181.235 - - [21/Dec/2025:20:17:39 -0300] "GET /wp-content/themes/admin.php HTTP/2" 404 3420 "https://www.google.co.uk/" "Mozilla/5.0 (iPad; CPU OS 17_0_3 like Mac OS X) AppleWebKit/605.1.15 (KHTML, like Gecko) Version/17.0.1 Mobile/15E148 Safari/604.1"
4.213.181.235 - - [21/Dec/2025:20:17:40 -0300] "GET /wp-content/uploads HTTP/2" 404 3420 "https://www.google.fr/" "Mozilla/5.0 (Linux; Android 13; M2101K6G) AppleWebKit/537.36 (KHTML, like Gecko) Chrome/116.0.0.0 Mobile Safari/537.36"
4.213.181.235 - - [21/Dec/2025:20:17:40 -0300] "GET /wp-includes/IXR HTTP/2" 404 3420 "https://www.bing.com/" "Mozilla/5.0 (Linux; Android 12; V2134) AppleWebKit/537.36 (KHTML, like Gecko) Chrome/116.0.0.0 Mobile Safari/537.36"
4.213.181.235 - - [21/Dec/2025:20:17:40 -0300] "GET /wp-includes/IXR/index.php HTTP/2" 404 3420 "https://www.google.co.uk/" "Mozilla/5.0 (Linux; Android 11; CPH2251) AppleWebKit/537.36 (KHTML, like Gecko) Chrome/116.0.0.0 Mobile Safari/537.36"
4.213.181.235 - - [21/Dec/2025:20:17:41 -0300] "GET /wp-includes/Text HTTP/2" 404 3420 "https://www.google.com/" "Mozilla/5.0 (Linux; Android 14; Pixel 8 Pro) AppleWebKit/537.36 (KHTML, like Gecko) Chrome/119.0.0.0 Mobile Safari/537.36"
4.213.181.235 - - [21/Dec/2025:20:17:41 -0300] "GET /wp-includes/Text/Diff/Engine HTTP/2" 404 3420 "https://www.google.fr/" "Mozilla/5.0 (iPhone; CPU iPhone OS 16_0 like Mac OS X) AppleWebKit/605.1.15 (KHTML, like Gecko) FxiOS/118.0 Mobile/15E148 Safari/605.1.15"
4.213.181.235 - - [21/Dec/2025:20:17:42 -0300] "GET /wp-includes/block-supports HTTP/2" 404 3420 "https://www.google.co.uk/" "Mozilla/5.0 (Linux; Android 11; 21081111RG) AppleWebKit/537.36 (KHTML, like Gecko) Chrome/116.0.0.0 Mobile Safari/537.36"
4.213.181.235 - - [21/Dec/2025:20:17:42 -0300] "GET /wp-includes/blocks/code HTTP/2" 404 3420 "https://www.google.com/" "Mozilla/5.0 (iPhone; CPU iPhone OS 17_1_1 like Mac OS X) AppleWebKit/605.1.15 (KHTML, like Gecko) Version/17.1 Mobile/15E148 Safari/604.1"
4.213.181.235 - - [21/Dec/2025:20:17:43 -0300] "GET /wp-includes/pomo/index.php HTTP/2" 404 3420 "https://www.google.de/" "Mozilla/5.0 (Linux; Android 11; CPH2251) AppleWebKit/537.36 (KHTML, like Gecko) Chrome/116.0.0.0 Mobile Safari/537.36"
4.213.181.235 - - [21/Dec/2025:20:17:44 -0300] "GET /wp-includes/theme-compat HTTP/2" 404 3420 "https://www.google.co.uk/" "Mozilla/5.0 (Linux; Android 14; Pixel 8 Pro) AppleWebKit/537.36 (KHTML, like Gecko) Chrome/119.0.0.0 Mobile Safari/537.36"
51.222.95.121 - - [21/Dec/2025:20:20:00 -0300] "GET /robots.txt HTTP/2" 200 267 "-" "Mozilla/5.0 (compatible; AhrefsBot/7.0; +http://ahrefs.com/robot/)"
187.33.241.49 - - [21/Dec/2025:20:15:03 -0300] "GET //wp-cron.php?doing_wp_cron HTTP/1.1" 200 0 "-" "Wget/1.19.5 (linux-gnu)"
4.213.181.235 - - [21/Dec/2025:20:17:42 -0300] "GET /wp-includes/html-api/index.php HTTP/2" 404 3420 "https://www.yahoo.com/" "Mozilla/5.0 (iPad; CPU OS 16_7_2 like Mac OS X) AppleWebKit/605.1.15 (KHTML, like Gecko) Version/16.6 Mobile/15E148 Safari/604.1"
4.213.181.235 - - [21/Dec/2025:20:17:43 -0300] "GET /wp-includes/index.php HTTP/2" 404 3420 "https://www.yahoo.com/" "Mozilla/5.0 (iPad; CPU OS 17_0_3 like Mac OS X) AppleWebKit/605.1.15 (KHTML, like Gecko) Version/17.0.1 Mobile/15E148 Safari/604.1"
4.213.181.235 - - [21/Dec/2025:20:17:43 -0300] "GET /wp-includes/js/dist/development/index.php HTTP/2" 404 3420 "https://www.google.co.uk/" "Mozilla/5.0 (Linux; Android 12; 2201116SG) AppleWebKit/537.36 (KHTML, like Gecko) Chrome/116.0.0.0 Mobile Safari/537.36"
4.213.181.235 - - [21/Dec/2025:20:17:43 -0300] "GET /wp-includes/rest-api HTTP/2" 404 3420 "https://www.google.de/" "Mozilla/5.0 (iPhone; CPU iPhone OS 15_7_9 like Mac OS X) AppleWebKit/605.1.15 (KHTML, like Gecko) Version/15.6.5 Mobile/15E148 Safari/604.1"
4.213.181.235 - - [21/Dec/2025:20:17:44 -0300] "GET /wp-includes/sitemaps/autoload_classmap.php HTTP/2" 404 3420 "https://www.google.com/" "Mozilla/5.0 (Linux; Android 11; 21081111RG) AppleWebKit/537.36 (KHTML, like Gecko) Chrome/116.0.0.0 Mobile Safari/537.36"
187.33.241.49 - - [21/Dec/2025:20:20:03 -0300] "GET //wp-cron.php?doing_wp_cron HTTP/1.1" 200 0 "-" "Wget/1.19.5 (linux-gnu)"
94.23.188.198 - - [21/Dec/2025:20:20:04 -0300] "GET /2024/06/13/ HTTP/2" 200 24086 "-" "Mozilla/5.0 (compatible; AhrefsBot/7.0; +http://ahrefs.com/robot/)"
187.33.241.49 - - [21/Dec/2025:20:20:07 -0300] "POST /wp-cron.php?doing_wp_cron=1766359207.1141428947448730468750 HTTP/1.1" 200 0 "-" "WordPress/6.9; https://kelartes.com.br"
187.33.241.49 - - [21/Dec/2025:21:01:11 -0300] "POST /wp-cron.php?doing_wp_cron=1766361670.9707100391387939453125 HTTP/1.1" 200 0 "-" "WordPress/6.9; https://kelartes.com.br"
185.241.208.136 - - [21/Dec/2025:21:01:12 -0300] "GET /sacvvdbu.php?Fox=d3wL7 HTTP/1.1" 404 122775 "www.google.com" "Mozilla/5.0 (Linux; Android 7.0; SM-G892A Bulid/NRD90M; wv) AppleWebKit/537.36 (KHTML, like Gecko) Version/4.0 Chrome/60.0.3112.107 Moblie Safari/537.36"
185.241.208.136 - - [21/Dec/2025:21:01:12 -0300] "POST /alfacgiapi/perl.alfa HTTP/1.1" 404 122791 "www.google.com" "Mozlila/5.0 (Linux; Android 7.0; SM-G892A Bulid/NRD90M; wv) AppleWebKit/537.36 (KHTML, like Gecko) Version/4.0 Chrome/60.0.3112.107 Moblie Safari/537.36"
187.33.241.49 - - [21/Dec/2025:20:30:03 -0300] "GET //wp-cron.php?doing_wp_cron HTTP/1.1" 200 0 "-" "Wget/1.19.5 (linux-gnu)"
187.33.241.49 - - [21/Dec/2025:20:45:03 -0300] "GET //wp-cron.php?doing_wp_cron HTTP/1.1" 200 0 "-" "Wget/1.19.5 (linux-gnu)"
187.33.241.49 - - [21/Dec/2025:20:50:04 -0300] "GET //wp-cron.php?doing_wp_cron HTTP/1.1" 200 0 "-" "Wget/1.19.5 (linux-gnu)"
187.33.241.49 - - [21/Dec/2025:20:55:04 -0300] "GET //wp-cron.php?doing_wp_cron HTTP/1.1" 200 0 "-" "Wget/1.19.5 (linux-gnu)"
187.33.241.49 - - [21/Dec/2025:20:29:15 -0300] "POST /wp-cron.php?doing_wp_cron=1766359755.1917910575866699218750 HTTP/1.1" 200 0 "-" "WordPress/6.9; https://kelartes.com.br"
187.33.241.49 - - [21/Dec/2025:20:35:03 -0300] "GET //wp-cron.php?doing_wp_cron HTTP/1.1" 200 0 "-" "Wget/1.19.5 (linux-gnu)"
62.146.226.39 - - [21/Dec/2025:20:48:42 -0300] "GET / HTTP/1.1" 200 197247 "-" "Mozilla/5.0 (Macintosh; Intel Mac OS X 10_15_7) AppleWebKit/537.36 (KHTML, like Gecko) Chrome/93.0.4577.0 Safari/537.36"
187.33.241.49 - - [21/Dec/2025:21:00:03 -0300] "GET //wp-cron.php?doing_wp_cron HTTP/1.1" 200 0 "-" "Wget/1.19.5 (linux-gnu)"
177.136.249.66 - - [21/Dec/2025:21:00:24 -0300] "HEAD / HTTP/2" 200 0 "-" "-"
185.241.208.136 - - [21/Dec/2025:21:01:08 -0300] "POST /wp-plain.php HTTP/1.1" 404 122691 "www.google.com" "Mozilla/5.0 (Linux; Android 7.0; SM-G892A Bulid/NRD90M; wv) AppleWebKit/537.36 (KHTML, like Gecko) Version/4.0 Chrome/60.0.3112.107 Moblie Safari/537.36"
187.33.241.49 - - [21/Dec/2025:20:25:05 -0300] "GET //wp-cron.php?doing_wp_cron HTTP/1.1" 200 0 "-" "Wget/1.19.5 (linux-gnu)"
201.237.136.232 - - [21/Dec/2025:20:25:26 -0300] "POST /xmlrpc.php HTTP/1.1" 403 1242 "-" "Mozilla/5.0 (X11; Ubuntu; Linux x86_64; arm64) AppleWebKit/537.36 (KHTML, like Gecko) Firefox/70.0.0.0 Safari/537.36"
216.244.66.244 - - [21/Dec/2025:20:29:13 -0300] "GET /comments/feed/ HTTP/1.1" 200 1632 "-" "Mozilla/5.0 (compatible; DotBot/1.2; +https://opensiteexplorer.org/dotbot; help@moz.com)"
187.33.241.49 - - [21/Dec/2025:20:40:02 -0300] "GET //wp-cron.php?doing_wp_cron HTTP/1.1" 200 0 "-" "Wget/1.19.5 (linux-gnu)"
34.13.9.28 - - [21/Dec/2025:21:00:19 -0300] "GET / HTTP/1.1" 200 38668 "-" "Mozilla/5.0 (compatible; FastScraper/1.0)"
185.241.208.136 - - [21/Dec/2025:21:01:07 -0300] "GET /wp-content/plugins/fix/up.php HTTP/1.1" 403 1242 "-" "Mozilla/5.0 (Windows NT 10.0; Win64; x64) AppleWebKit/537.36 (KHTML, like Gecko) Chrome/85.0.4183.102 Safari/537.36"
185.241.208.136 - - [21/Dec/2025:21:01:07 -0300] "GET / HTTP/1.1" 200 208636 "-" "Mozlila/5.0 (Linux; Android 7.0; SM-G892A Bulid/NRD90M; wv) AppleWebKit/537.36 (KHTML, like Gecko) Version/4.0 Chrome/60.0.3112.107 Moblie Safari/537.36"
185.241.208.136 - - [21/Dec/2025:21:01:08 -0300] "GET /wp-content/themes/seotheme/db.php?u HTTP/1.1" 403 1242 "www.google.com" "Mozlila/5.0 (Linux; Android 7.0; SM-G892A Bulid/NRD90M; wv) AppleWebKit/537.36 (KHTML, like Gecko) Version/4.0 Chrome/60.0.3112.107 Moblie Safari/537.36"
185.241.208.136 - - [21/Dec/2025:21:01:08 -0300] "GET /wp-content/themes/seotheme/db.php?u HTTP/1.1" 403 1242 "www.google.com" "Mozlila/5.0 (Linux; Android 7.0; SM-G892A Bulid/NRD90M; wv) AppleWebKit/537.36 (KHTML, like Gecko) Version/4.0 Chrome/60.0.3112.107 Moblie Safari/537.36"
185.241.208.136 - - [21/Dec/2025:21:01:09 -0300] "GET /wp-content/plugins/apikey/apikey.php?test=hello HTTP/1.1" 403 1242 "-" "Mozlila/5.0 (Linux; Android 7.0; SM-G892A Bulid/NRD90M; wv) AppleWebKit/537.36 (KHTML, like Gecko) Version/4.0 Chrome/60.0.3112.107 Moblie Safari/537.36"
185.241.208.136 - - [21/Dec/2025:21:01:08 -0300] "POST /ALFA_DATA/alfacgiapi/perl.alfa HTTP/1.1" 404 125526 "www.google.com" "Mozlila/5.0 (Linux; Android 7.0; SM-G892A Bulid/NRD90M; wv) AppleWebKit/537.36 (KHTML, like Gecko) Version/4.0 Chrome/60.0.3112.107 Moblie Safari/537.36"
185.241.208.136 - - [21/Dec/2025:21:01:09 -0300] "GET /plugins/content/apismtp/apismtp.php?test=hello HTTP/1.1" 404 125689 "-" "Mozlila/5.0 (Linux; Android 7.0; SM-G892A Bulid/NRD90M; wv) AppleWebKit/537.36 (KHTML, like Gecko) Version/4.0 Chrome/60.0.3112.107 Moblie Safari/537.36"
185.241.208.136 - - [21/Dec/2025:21:01:11 -0300] "GET /wp-content/plugins/apikey/apikey.php.suspected?test=hello HTTP/1.1" 403 1242 "-" "Mozlila/5.0 (Linux; Android 7.0; SM-G892A Bulid/NRD90M; wv) AppleWebKit/537.36 (KHTML, like Gecko) Version/4.0 Chrome/60.0.3112.107 Moblie Safari/537.36"
185.241.208.136 - - [21/Dec/2025:21:01:12 -0300] "GET /plugins/content/apismtp/apismtp.php.suspected?test=hello HTTP/1.1" 403 1242 "-" "Mozlila/5.0 (Linux; Android 7.0; SM-G892A Bulid/NRD90M; wv) AppleWebKit/537.36 (KHTML, like Gecko) Version/4.0 Chrome/60.0.3112.107 Moblie Safari/537.36"
187.1.136.102 - - [21/Dec/2025:21:05:12 -0300] "POST /xmlrpc.php HTTP/1.1" 403 1242 "-" "Mozilla/5.0 (Windows NT 10.0; Win64; x64) AppleWebKit/537.36 (KHTML, like Gecko) Chrome/84.0.4147.135 Safari/537.36"
138.201.165.86 - - [21/Dec/2025:21:05:23 -0300] "POST /xmlrpc.php HTTP/1.1" 403 1242 "-" "Mozilla/5.0 (Windows NT 10.0; Win64; x64) AppleWebKit/537.36 (KHTML, like Gecko) Chrome/90.0.4430.212 Safari/537.36"
138.201.165.86 - - [21/Dec/2025:21:05:25 -0300] "POST /xmlrpc.php HTTP/1.1" 403 1242 "-" "Mozilla/5.0 (Windows NT 10.0; Win64; x64) AppleWebKit/537.36 (KHTML, like Gecko) Chrome/90.0.4430.212 Safari/537.36"
15.235.212.186 - - [21/Dec/2025:21:05:33 -0300] "POST /xmlrpc.php HTTP/1.1" 403 1242 "-" "Mozilla/5.0 (Windows NT 5.1) AppleWebKit/537.36 (KHTML, like Gecko) Chrome/46.0.2490.71 Safari/537.36"
15.235.212.186 - - [21/Dec/2025:21:05:35 -0300] "POST /xmlrpc.php HTTP/1.1" 403 1242 "-" "Mozilla/5.0 (Windows NT 5.1) AppleWebKit/537.36 (KHTML, like Gecko) Chrome/46.0.2490.71 Safari/537.36"
207.56.189.114 - - [21/Dec/2025:21:03:50 -0300] "POST /xmlrpc.php HTTP/1.1" 403 1242 "-" "Mozilla/5.0 (Windows NT 10.0; Win64; x64; rv:78.0) Gecko/20100101 Firefox/78.0"
196.216.167.173 - - [21/Dec/2025:21:05:03 -0300] "POST /xmlrpc.php HTTP/1.1" 403 1242 "-" "Mozilla/5.0 (Windows NT 10.0; Win64; x64; rv:67.0) Gecko/20100101 Firefox/67.0"
196.216.167.173 - - [21/Dec/2025:21:05:08 -0300] "POST /xmlrpc.php HTTP/1.1" 403 1242 "-" "Mozilla/5.0 (Windows NT 10.0; Win64; x64; rv:67.0) Gecko/20100101 Firefox/67.0"
138.201.165.86 - - [21/Dec/2025:21:05:26 -0300] "POST /xmlrpc.php HTTP/1.1" 403 1242 "-" "Mozilla/5.0 (Windows NT 10.0; Win64; x64) AppleWebKit/537.36 (KHTML, like Gecko) Chrome/90.0.4430.212 Safari/537.36"
15.235.212.186 - - [21/Dec/2025:21:05:31 -0300] "POST /xmlrpc.php HTTP/1.1" 403 1242 "-" "Mozilla/5.0 (Windows NT 5.1) AppleWebKit/537.36 (KHTML, like Gecko) Chrome/46.0.2490.71 Safari/537.36"
187.33.241.49 - - [21/Dec/2025:21:10:05 -0300] "GET //wp-cron.php?doing_wp_cron HTTP/1.1" 200 0 "-" "Wget/1.19.5 (linux-gnu)"
207.56.189.114 - - [21/Dec/2025:21:03:45 -0300] "POST /xmlrpc.php HTTP/1.1" 403 1242 "-" "Mozilla/5.0 (Windows NT 10.0; Win64; x64; rv:78.0) Gecko/20100101 Firefox/78.0"
207.56.189.114 - - [21/Dec/2025:21:03:47 -0300] "POST /xmlrpc.php HTTP/1.1" 403 1242 "-" "Mozilla/5.0 (Windows NT 10.0; Win64; x64; rv:78.0) Gecko/20100101 Firefox/78.0"
187.33.241.49 - - [21/Dec/2025:21:05:03 -0300] "GET //wp-cron.php?doing_wp_cron HTTP/1.1" 200 0 "-" "Wget/1.19.5 (linux-gnu)"
196.216.167.173 - - [21/Dec/2025:21:05:06 -0300] "POST /xmlrpc.php HTTP/1.1" 403 1242 "-" "Mozilla/5.0 (Windows NT 10.0; Win64; x64; rv:67.0) Gecko/20100101 Firefox/67.0"
187.1.136.102 - - [21/Dec/2025:21:05:12 -0300] "POST /xmlrpc.php HTTP/1.1" 403 1242 "-" "Mozilla/5.0 (Windows NT 10.0; Win64; x64) AppleWebKit/537.36 (KHTML, like Gecko) Chrome/84.0.4147.135 Safari/537.36"
187.1.136.102 - - [21/Dec/2025:21:05:12 -0300] "POST /xmlrpc.php HTTP/1.1" 403 1242 "-" "Mozilla/5.0 (Windows NT 10.0; Win64; x64) AppleWebKit/537.36 (KHTML, like Gecko) Chrome/84.0.4147.135 Safari/537.36"
187.33.241.49 - - [21/Dec/2025:21:20:03 -0300] "GET //wp-cron.php?doing_wp_cron HTTP/1.1" 200 0 "-" "Wget/1.19.5 (linux-gnu)"
187.33.241.49 - - [21/Dec/2025:21:30:03 -0300] "GET //wp-cron.php?doing_wp_cron HTTP/1.1" 200 0 "-" "Wget/1.19.5 (linux-gnu)"
195.234.109.66 - - [21/Dec/2025:21:33:17 -0300] "GET /wp-content/uploads/2019/09/cropped-retina-180x180.png HTTP/2" 404 125067 "-" "Photon/1.0"
217.216.64.159 - - [21/Dec/2025:21:34:03 -0300] "GET /wp-login.php HTTP/2" 302 0 "-" "Mozilla/5.0 (Windows NT 10.0; Win64; x64) AppleWebKit/537.36 (KHTML, like Gecko) Chrome/130.0.0.0 Safari/537.36"
217.216.64.159 - - [21/Dec/2025:21:34:05 -0300] "GET /vaza-nao-nada-aqui HTTP/2" 404 23888 "https://kelartes.com.br/wp-login.php" "Mozilla/5.0 (Windows NT 10.0; Win64; x64) AppleWebKit/537.36 (KHTML, like Gecko) Chrome/130.0.0.0 Safari/537.36"
72.167.222.59 - - [21/Dec/2025:21:34:11 -0300] "GET /wp-login.php HTTP/2" 302 0 "-" "Mozilla/5.0 (Windows NT 10.0; Win64; x64) AppleWebKit/537.36 (KHTML, like Gecko) Chrome/130.0.0.0 Safari/537.36"
72.167.222.59 - - [21/Dec/2025:21:34:11 -0300] "GET /vaza-nao-nada-aqui HTTP/2" 404 23888 "https://kelartes.com.br/wp-login.php" "Mozilla/5.0 (Windows NT 10.0; Win64; x64) AppleWebKit/537.36 (KHTML, like Gecko) Chrome/130.0.0.0 Safari/537.36"
57.130.20.252 - - [21/Dec/2025:21:34:14 -0300] "GET /wp-login.php HTTP/2" 302 0 "-" "Mozilla/5.0 (Windows NT 10.0; Win64; x64) AppleWebKit/537.36 (KHTML, like Gecko) Chrome/130.0.0.0 Safari/537.36"
57.130.20.252 - - [21/Dec/2025:21:34:15 -0300] "GET /vaza-nao-nada-aqui HTTP/2" 404 23888 "https://kelartes.com.br/wp-login.php" "Mozilla/5.0 (Windows NT 10.0; Win64; x64) AppleWebKit/537.36 (KHTML, like Gecko) Chrome/130.0.0.0 Safari/537.36"
72.167.222.59 - - [21/Dec/2025:21:34:17 -0300] "GET /wp-login.php HTTP/2" 302 0 "-" "Mozilla/5.0 (Windows NT 10.0; Win64; x64) AppleWebKit/537.36 (KHTML, like Gecko) Chrome/130.0.0.0 Safari/537.36"
72.167.222.59 - - [21/Dec/2025:21:34:17 -0300] "GET /vaza-nao-nada-aqui HTTP/2" 404 23888 "https://kelartes.com.br/wp-login.php" "Mozilla/5.0 (Windows NT 10.0; Win64; x64) AppleWebKit/537.36 (KHTML, like Gecko) Chrome/130.0.0.0 Safari/537.36"
57.130.20.252 - - [21/Dec/2025:21:34:19 -0300] "GET /wp-login.php HTTP/2" 302 0 "-" "Mozilla/5.0 (Windows NT 10.0; Win64; x64) AppleWebKit/537.36 (KHTML, like Gecko) Chrome/130.0.0.0 Safari/537.36"
57.130.20.252 - - [21/Dec/2025:21:34:19 -0300] "GET /vaza-nao-nada-aqui HTTP/2" 404 23888 "https://kelartes.com.br/wp-login.php" "Mozilla/5.0 (Windows NT 10.0; Win64; x64) AppleWebKit/537.36 (KHTML, like Gecko) Chrome/130.0.0.0 Safari/537.36"
188.164.198.78 - - [21/Dec/2025:21:34:23 -0300] "GET /wp-login.php HTTP/2" 302 0 "-" "Mozilla/5.0 (Windows NT 10.0; Win64; x64) AppleWebKit/537.36 (KHTML, like Gecko) Chrome/130.0.0.0 Safari/537.36"
188.164.198.78 - - [21/Dec/2025:21:34:23 -0300] "GET /vaza-nao-nada-aqui HTTP/2" 404 23888 "https://kelartes.com.br/wp-login.php" "Mozilla/5.0 (Windows NT 10.0; Win64; x64) AppleWebKit/537.36 (KHTML, like Gecko) Chrome/130.0.0.0 Safari/537.36"
122.117.102.125 - - [21/Dec/2025:21:35:30 -0300] "GET /wp-login.php HTTP/2" 302 0 "-" "Mozilla/5.0 (Windows NT 10.0; Win64; x64) AppleWebKit/537.36 (KHTML, like Gecko) Chrome/130.0.0.0 Safari/537.36"
122.117.102.125 - - [21/Dec/2025:21:35:31 -0300] "GET /vaza-nao-nada-aqui HTTP/2" 404 23888 "https://kelartes.com.br/wp-login.php" "Mozilla/5.0 (Windows NT 10.0; Win64; x64) AppleWebKit/537.36 (KHTML, like Gecko) Chrome/130.0.0.0 Safari/537.36"
173.231.203.64 - - [21/Dec/2025:21:35:35 -0300] "GET /wp-login.php HTTP/2" 302 0 "-" "Mozilla/5.0 (Windows NT 10.0; Win64; x64) AppleWebKit/537.36 (KHTML, like Gecko) Chrome/130.0.0.0 Safari/537.36"
173.231.203.64 - - [21/Dec/2025:21:35:35 -0300] "GET /vaza-nao-nada-aqui HTTP/2" 404 23888 "https://kelartes.com.br/wp-login.php" "Mozilla/5.0 (Windows NT 10.0; Win64; x64) AppleWebKit/537.36 (KHTML, like Gecko) Chrome/130.0.0.0 Safari/537.36"
187.33.241.49 - - [21/Dec/2025:21:15:02 -0300] "GET //wp-cron.php?doing_wp_cron HTTP/1.1" 200 0 "-" "Wget/1.19.5 (linux-gnu)"
187.33.241.49 - - [21/Dec/2025:21:25:03 -0300] "GET //wp-cron.php?doing_wp_cron HTTP/1.1" 200 0 "-" "Wget/1.19.5 (linux-gnu)"
142.93.120.13 - - [21/Dec/2025:21:30:45 -0300] "GET /wp-login.php HTTP/2" 302 0 "-" "Mozilla/5.0 (Windows NT 10.0; Win64; x64) AppleWebKit/537.36 (KHTML, like Gecko) Chrome/130.0.0.0 Safari/537.36"
142.93.120.13 - - [21/Dec/2025:21:30:45 -0300] "GET /vaza-nao-nada-aqui HTTP/2" 404 23888 "https://kelartes.com.br/wp-login.php" "Mozilla/5.0 (Windows NT 10.0; Win64; x64) AppleWebKit/537.36 (KHTML, like Gecko) Chrome/130.0.0.0 Safari/537.36"
188.164.198.78 - - [21/Dec/2025:21:30:49 -0300] "GET /wp-login.php HTTP/2" 302 0 "-" "Mozilla/5.0 (Windows NT 10.0; Win64; x64) AppleWebKit/537.36 (KHTML, like Gecko) Chrome/130.0.0.0 Safari/537.36"
188.164.198.78 - - [21/Dec/2025:21:30:50 -0300] "GET /vaza-nao-nada-aqui HTTP/2" 404 23888 "https://kelartes.com.br/wp-login.php" "Mozilla/5.0 (Windows NT 10.0; Win64; x64) AppleWebKit/537.36 (KHTML, like Gecko) Chrome/130.0.0.0 Safari/537.36"
142.93.120.13 - - [21/Dec/2025:21:30:56 -0300] "GET /wp-login.php HTTP/2" 302 0 "-" "Mozilla/5.0 (Windows NT 10.0; Win64; x64) AppleWebKit/537.36 (KHTML, like Gecko) Chrome/130.0.0.0 Safari/537.36"
142.93.120.13 - - [21/Dec/2025:21:30:57 -0300] "GET /vaza-nao-nada-aqui HTTP/2" 404 23888 "https://kelartes.com.br/wp-login.php" "Mozilla/5.0 (Windows NT 10.0; Win64; x64) AppleWebKit/537.36 (KHTML, like Gecko) Chrome/130.0.0.0 Safari/537.36"
40.77.167.22 - - [21/Dec/2025:21:31:46 -0300] "GET /contato HTTP/2" 301 186 "-" "Mozilla/5.0 AppleWebKit/537.36 (KHTML, like Gecko; compatible; bingbot/2.0; +http://www.bing.com/bingbot.htm) Chrome/116.0.1938.76 Safari/537.36"
40.77.167.22 - - [21/Dec/2025:21:31:47 -0300] "GET /contato-kel-agencia-digital/ HTTP/2" 200 28602 "-" "Mozilla/5.0 AppleWebKit/537.36 (KHTML, like Gecko; compatible; bingbot/2.0; +http://www.bing.com/bingbot.htm) Chrome/116.0.1938.76 Safari/537.36"
195.234.109.66 - - [21/Dec/2025:21:33:15 -0300] "GET /wp-content/uploads/2019/09/cropped-retina-180x180.png HTTP/2" 301 663 "-" "Photon/1.0"
65.21.171.238 - - [21/Dec/2025:21:34:09 -0300] "GET /wp-login.php HTTP/2" 302 0 "-" "Mozilla/5.0 (Windows NT 10.0; Win64; x64) AppleWebKit/537.36 (KHTML, like Gecko) Chrome/130.0.0.0 Safari/537.36"
65.21.171.238 - - [21/Dec/2025:21:34:09 -0300] "GET /vaza-nao-nada-aqui HTTP/2" 404 23888 "https://kelartes.com.br/wp-login.php" "Mozilla/5.0 (Windows NT 10.0; Win64; x64) AppleWebKit/537.36 (KHTML, like Gecko) Chrome/130.0.0.0 Safari/537.36"
187.33.241.49 - - [21/Dec/2025:21:35:06 -0300] "GET //wp-cron.php?doing_wp_cron HTTP/1.1" 200 0 "-" "Wget/1.19.5 (linux-gnu)"
187.33.241.49 - - [21/Dec/2025:21:35:07 -0300] "POST /wp-admin/admin-ajax.php HTTP/1.1" 200 191 "-" "WordPress/6.9; https://kelartes.com.br"
74.7.175.159 - - [21/Dec/2025:21:36:46 -0300] "GET /robots.txt HTTP/2" 400 52 "-" "Mozilla/5.0 (Macintosh; Intel Mac OS X 10_15_7) AppleWebKit/537.36 (KHTML, like Gecko) Chrome/131.0.0.0 Safari/537.36; compatible; OAI-SearchBot/1.3; robots.txt; +https://openai.com/searchbot"
57.130.20.252 - - [21/Dec/2025:21:31:00 -0300] "GET /wp-login.php HTTP/2" 302 0 "-" "Mozilla/5.0 (Windows NT 10.0; Win64; x64) AppleWebKit/537.36 (KHTML, like Gecko) Chrome/130.0.0.0 Safari/537.36"
57.130.20.252 - - [21/Dec/2025:21:31:00 -0300] "GET /vaza-nao-nada-aqui HTTP/2" 404 23888 "https://kelartes.com.br/wp-login.php" "Mozilla/5.0 (Windows NT 10.0; Win64; x64) AppleWebKit/537.36 (KHTML, like Gecko) Chrome/130.0.0.0 Safari/537.36"
187.33.241.49 - - [21/Dec/2025:21:31:46 -0300] "POST /wp-cron.php?doing_wp_cron=1766363506.3177399635314941406250 HTTP/1.1" 200 0 "-" "WordPress/6.9; https://kelartes.com.br"
187.33.241.49 - - [21/Dec/2025:21:33:17 -0300] "POST /wp-cron.php?doing_wp_cron=1766363597.1960349082946777343750 HTTP/1.1" 200 0 "-" "WordPress/6.9; https://kelartes.com.br"
209.126.105.207 - - [21/Dec/2025:21:34:26 -0300] "GET /wp-login.php HTTP/2" 302 0 "-" "Mozilla/5.0 (Windows NT 10.0; Win64; x64) AppleWebKit/537.36 (KHTML, like Gecko) Chrome/130.0.0.0 Safari/537.36"
209.126.105.207 - - [21/Dec/2025:21:34:28 -0300] "GET /vaza-nao-nada-aqui HTTP/2" 404 23888 "https://kelartes.com.br/wp-login.php" "Mozilla/5.0 (Windows NT 10.0; Win64; x64) AppleWebKit/537.36 (KHTML, like Gecko) Chrome/130.0.0.0 Safari/537.36"
62.210.113.184 - - [21/Dec/2025:21:34:39 -0300] "GET /wp-login.php HTTP/2" 302 0 "-" "Mozilla/5.0 (Windows NT 10.0; Win64; x64) AppleWebKit/537.36 (KHTML, like Gecko) Chrome/130.0.0.0 Safari/537.36"
62.210.113.184 - - [21/Dec/2025:21:34:40 -0300] "GET /vaza-nao-nada-aqui HTTP/2" 404 23888 "https://kelartes.com.br/wp-login.php" "Mozilla/5.0 (Windows NT 10.0; Win64; x64) AppleWebKit/537.36 (KHTML, like Gecko) Chrome/130.0.0.0 Safari/537.36"
46.101.217.74 - - [21/Dec/2025:21:34:47 -0300] "GET /wp-login.php HTTP/2" 302 0 "-" "Mozilla/5.0 (Windows NT 10.0; Win64; x64) AppleWebKit/537.36 (KHTML, like Gecko) Chrome/130.0.0.0 Safari/537.36"
46.101.217.74 - - [21/Dec/2025:21:34:48 -0300] "GET /vaza-nao-nada-aqui HTTP/2" 404 23888 "https://kelartes.com.br/wp-login.php" "Mozilla/5.0 (Windows NT 10.0; Win64; x64) AppleWebKit/537.36 (KHTML, like Gecko) Chrome/130.0.0.0 Safari/537.36"
57.130.20.252 - - [21/Dec/2025:21:37:09 -0300] "GET /wp-login.php HTTP/2" 302 0 "-" "Mozilla/5.0 (Windows NT 10.0; Win64; x64) AppleWebKit/537.36 (KHTML, like Gecko) Chrome/130.0.0.0 Safari/537.36"
57.130.20.252 - - [21/Dec/2025:21:37:10 -0300] "GET /vaza-nao-nada-aqui HTTP/2" 404 23888 "https://kelartes.com.br/wp-login.php" "Mozilla/5.0 (Windows NT 10.0; Win64; x64) AppleWebKit/537.36 (KHTML, like Gecko) Chrome/130.0.0.0 Safari/537.36"
92.204.236.147 - - [21/Dec/2025:21:36:50 -0300] "GET /wp-login.php HTTP/2" 302 0 "-" "Mozilla/5.0 (Windows NT 10.0; Win64; x64) AppleWebKit/537.36 (KHTML, like Gecko) Chrome/130.0.0.0 Safari/537.36"
92.204.236.147 - - [21/Dec/2025:21:36:52 -0300] "GET /vaza-nao-nada-aqui HTTP/2" 404 23888 "https://kelartes.com.br/wp-login.php" "Mozilla/5.0 (Windows NT 10.0; Win64; x64) AppleWebKit/537.36 (KHTML, like Gecko) Chrome/130.0.0.0 Safari/537.36"
209.126.105.207 - - [21/Dec/2025:21:37:23 -0300] "GET /wp-login.php HTTP/2" 302 0 "-" "Mozilla/5.0 (Windows NT 10.0; Win64; x64) AppleWebKit/537.36 (KHTML, like Gecko) Chrome/130.0.0.0 Safari/537.36"
209.126.105.207 - - [21/Dec/2025:21:37:29 -0300] "GET /vaza-nao-nada-aqui HTTP/2" 404 23888 "https://kelartes.com.br/wp-login.php" "Mozilla/5.0 (Windows NT 10.0; Win64; x64) AppleWebKit/537.36 (KHTML, like Gecko) Chrome/130.0.0.0 Safari/537.36"
62.210.113.184 - - [21/Dec/2025:21:38:21 -0300] "GET /wp-login.php HTTP/2" 302 0 "-" "Mozilla/5.0 (Windows NT 10.0; Win64; x64) AppleWebKit/537.36 (KHTML, like Gecko) Chrome/130.0.0.0 Safari/537.36"
62.210.113.184 - - [21/Dec/2025:21:38:26 -0300] "GET /vaza-nao-nada-aqui HTTP/2" 404 23888 "https://kelartes.com.br/wp-login.php" "Mozilla/5.0 (Windows NT 10.0; Win64; x64) AppleWebKit/537.36 (KHTML, like Gecko) Chrome/130.0.0.0 Safari/537.36"
194.233.88.148 - - [21/Dec/2025:21:38:52 -0300] "GET /wp-login.php HTTP/2" 302 0 "-" "Mozilla/5.0 (Windows NT 10.0; Win64; x64) AppleWebKit/537.36 (KHTML, like Gecko) Chrome/130.0.0.0 Safari/537.36"
194.233.88.148 - - [21/Dec/2025:21:38:53 -0300] "GET /vaza-nao-nada-aqui HTTP/2" 404 23888 "https://kelartes.com.br/wp-login.php" "Mozilla/5.0 (Windows NT 10.0; Win64; x64) AppleWebKit/537.36 (KHTML, like Gecko) Chrome/130.0.0.0 Safari/537.36"
74.234.147.76 - - [21/Dec/2025:21:39:27 -0300] "GET /wp-login.php HTTP/2" 302 0 "-" "Mozilla/5.0 (Windows NT 10.0; Win64; x64) AppleWebKit/537.36 (KHTML, like Gecko) Chrome/130.0.0.0 Safari/537.36"
74.234.147.76 - - [21/Dec/2025:21:39:28 -0300] "GET /vaza-nao-nada-aqui HTTP/2" 404 23888 "https://kelartes.com.br/wp-login.php" "Mozilla/5.0 (Windows NT 10.0; Win64; x64) AppleWebKit/537.36 (KHTML, like Gecko) Chrome/130.0.0.0 Safari/537.36"
92.204.236.147 - - [21/Dec/2025:21:39:30 -0300] "GET /wp-login.php HTTP/2" 302 0 "-" "Mozilla/5.0 (Windows NT 10.0; Win64; x64) AppleWebKit/537.36 (KHTML, like Gecko) Chrome/130.0.0.0 Safari/537.36"
92.204.236.147 - - [21/Dec/2025:21:39:31 -0300] "GET /vaza-nao-nada-aqui HTTP/2" 404 23888 "https://kelartes.com.br/wp-login.php" "Mozilla/5.0 (Windows NT 10.0; Win64; x64) AppleWebKit/537.36 (KHTML, like Gecko) Chrome/130.0.0.0 Safari/537.36"
187.33.241.49 - - [21/Dec/2025:21:43:28 -0300] "POST /wp-cron.php?doing_wp_cron=1766364208.2889680862426757812500 HTTP/1.1" 200 0 "-" "WordPress/6.9; https://kelartes.com.br"
104.210.140.128 - - [21/Dec/2025:21:43:27 -0300] "GET /robots.txt HTTP/2" 200 267 "-" "Mozilla/5.0 (Macintosh; Intel Mac OS X 10_15_7) AppleWebKit/537.36 (KHTML, like Gecko) Chrome/131.0.0.0 Safari/537.36; compatible; OAI-SearchBot/1.0; +https://openai.com/searchbot"
209.126.105.207 - - [21/Dec/2025:21:45:01 -0300] "GET /wp-login.php HTTP/2" 302 0 "-" "Mozilla/5.0 (Windows NT 10.0; Win64; x64) AppleWebKit/537.36 (KHTML, like Gecko) Chrome/130.0.0.0 Safari/537.36"
209.126.105.207 - - [21/Dec/2025:21:45:03 -0300] "GET /vaza-nao-nada-aqui HTTP/2" 404 23888 "https://kelartes.com.br/wp-login.php" "Mozilla/5.0 (Windows NT 10.0; Win64; x64) AppleWebKit/537.36 (KHTML, like Gecko) Chrome/130.0.0.0 Safari/537.36"
34.13.9.28 - - [21/Dec/2025:21:48:08 -0300] "GET / HTTP/1.1" 200 38668 "-" "Mozilla/5.0 (compatible; FastScraper/1.0)"
54.37.11.28 - - [21/Dec/2025:21:48:46 -0300] "GET /wp-login.php HTTP/2" 302 0 "-" "Mozilla/5.0 (Windows NT 10.0; Win64; x64) AppleWebKit/537.36 (KHTML, like Gecko) Chrome/130.0.0.0 Safari/537.36"
54.37.11.28 - - [21/Dec/2025:21:48:46 -0300] "GET /vaza-nao-nada-aqui HTTP/2" 404 23888 "https://kelartes.com.br/wp-login.php" "Mozilla/5.0 (Windows NT 10.0; Win64; x64) AppleWebKit/537.36 (KHTML, like Gecko) Chrome/130.0.0.0 Safari/537.36"
72.53.210.82 - - [21/Dec/2025:21:49:02 -0300] "GET /wp-login.php HTTP/2" 302 0 "-" "Mozilla/5.0 (Windows NT 10.0; Win64; x64) AppleWebKit/537.36 (KHTML, like Gecko) Chrome/130.0.0.0 Safari/537.36"
72.53.210.82 - - [21/Dec/2025:21:49:02 -0300] "GET /vaza-nao-nada-aqui HTTP/2" 404 23888 "https://kelartes.com.br/wp-login.php" "Mozilla/5.0 (Windows NT 10.0; Win64; x64) AppleWebKit/537.36 (KHTML, like Gecko) Chrome/130.0.0.0 Safari/537.36"
173.231.203.64 - - [21/Dec/2025:21:49:15 -0300] "GET /wp-login.php HTTP/2" 302 0 "-" "Mozilla/5.0 (Windows NT 10.0; Win64; x64) AppleWebKit/537.36 (KHTML, like Gecko) Chrome/130.0.0.0 Safari/537.36"
142.93.120.13 - - [21/Dec/2025:21:39:11 -0300] "GET /wp-login.php HTTP/2" 302 0 "-" "Mozilla/5.0 (Windows NT 10.0; Win64; x64) AppleWebKit/537.36 (KHTML, like Gecko) Chrome/130.0.0.0 Safari/537.36"
142.93.120.13 - - [21/Dec/2025:21:39:12 -0300] "GET /vaza-nao-nada-aqui HTTP/2" 404 23888 "https://kelartes.com.br/wp-login.php" "Mozilla/5.0 (Windows NT 10.0; Win64; x64) AppleWebKit/537.36 (KHTML, like Gecko) Chrome/130.0.0.0 Safari/537.36"
187.33.241.49 - - [21/Dec/2025:21:40:03 -0300] "GET //wp-cron.php?doing_wp_cron HTTP/1.1" 200 0 "-" "Wget/1.19.5 (linux-gnu)"
142.93.120.13 - - [21/Dec/2025:21:40:34 -0300] "GET /wp-login.php HTTP/2" 302 0 "-" "Mozilla/5.0 (Windows NT 10.0; Win64; x64) AppleWebKit/537.36 (KHTML, like Gecko) Chrome/130.0.0.0 Safari/537.36"
142.93.120.13 - - [21/Dec/2025:21:40:34 -0300] "GET /vaza-nao-nada-aqui HTTP/2" 404 23888 "https://kelartes.com.br/wp-login.php" "Mozilla/5.0 (Windows NT 10.0; Win64; x64) AppleWebKit/537.36 (KHTML, like Gecko) Chrome/130.0.0.0 Safari/537.36"
51.81.14.24 - - [21/Dec/2025:21:40:39 -0300] "GET /wp-login.php HTTP/2" 302 0 "-" "Mozilla/5.0 (Windows NT 10.0; Win64; x64) AppleWebKit/537.36 (KHTML, like Gecko) Chrome/130.0.0.0 Safari/537.36"
51.81.14.24 - - [21/Dec/2025:21:40:40 -0300] "GET /vaza-nao-nada-aqui HTTP/2" 404 23888 "https://kelartes.com.br/wp-login.php" "Mozilla/5.0 (Windows NT 10.0; Win64; x64) AppleWebKit/537.36 (KHTML, like Gecko) Chrome/130.0.0.0 Safari/537.36"
57.130.20.252 - - [21/Dec/2025:21:41:14 -0300] "GET /wp-login.php HTTP/2" 302 0 "-" "Mozilla/5.0 (Windows NT 10.0; Win64; x64) AppleWebKit/537.36 (KHTML, like Gecko) Chrome/130.0.0.0 Safari/537.36"
57.130.20.252 - - [21/Dec/2025:21:41:17 -0300] "GET /vaza-nao-nada-aqui HTTP/2" 404 23888 "https://kelartes.com.br/wp-login.php" "Mozilla/5.0 (Windows NT 10.0; Win64; x64) AppleWebKit/537.36 (KHTML, like Gecko) Chrome/130.0.0.0 Safari/537.36"
57.130.20.252 - - [21/Dec/2025:21:42:45 -0300] "GET /wp-login.php HTTP/2" 302 0 "-" "Mozilla/5.0 (Windows NT 10.0; Win64; x64) AppleWebKit/537.36 (KHTML, like Gecko) Chrome/130.0.0.0 Safari/537.36"
57.130.20.252 - - [21/Dec/2025:21:42:47 -0300] "GET /vaza-nao-nada-aqui HTTP/2" 404 23888 "https://kelartes.com.br/wp-login.php" "Mozilla/5.0 (Windows NT 10.0; Win64; x64) AppleWebKit/537.36 (KHTML, like Gecko) Chrome/130.0.0.0 Safari/537.36"
65.21.171.238 - - [21/Dec/2025:21:45:25 -0300] "GET /wp-login.php HTTP/2" 302 0 "-" "Mozilla/5.0 (Windows NT 10.0; Win64; x64) AppleWebKit/537.36 (KHTML, like Gecko) Chrome/130.0.0.0 Safari/537.36"
