187.33.241.49 - - [21/Dec/2025:13:44:41 -0300] "POST /wp-cron.php?doing_wp_cron=1766335481.6786470413208007812500 HTTP/1.1" 200 0 "-" "WordPress/6.9; https://kelartes.com.br"
187.33.241.49 - - [21/Dec/2025:13:45:04 -0300] "GET //wp-cron.php?doing_wp_cron HTTP/1.1" 200 0 "-" "Wget/1.19.5 (linux-gnu)"
194.180.236.108 - - [21/Dec/2025:13:48:26 -0300] "GET / HTTP/1.1" 200 35795 "-" "Mozilla/5.0 (Windows NT 11.0; Win64; x64) AppleWebKit/537.36 (KHTML, like Gecko) Chrome/133.0.6943.127 Safari/537.36"
187.33.241.49 - - [21/Dec/2025:13:50:04 -0300] "GET //wp-cron.php?doing_wp_cron HTTP/1.1" 200 0 "-" "Wget/1.19.5 (linux-gnu)"
165.232.170.216 - - [21/Dec/2025:13:42:58 -0300] "GET /wp-content/plugins/elex/elex.php HTTP/1.1" 403 1242 "-" "Mozilla/5.0 (Linux; Android 13; Pixel 7 Pro) AppleWebKit/537.36 (KHTML, like Gecko) Chrome/125.0.0.0 Mobile Safari/537.36"
187.33.241.49 - - [21/Dec/2025:13:43:06 -0300] "POST /wp-cron.php?doing_wp_cron=1766335386.1342539787292480468750 HTTP/1.1" 200 0 "-" "WordPress/6.9; https://kelartes.com.br"
165.232.170.216 - - [21/Dec/2025:13:43:12 -0300] "GET /plugins/kontol/wp-crom.php HTTP/1.1" 404 27643 "-" "Mozilla/5.0 (Macintosh; Intel Mac OS X 10_15_7) AppleWebKit/605.1.15 (KHTML, like Gecko) Version/17.4 Safari/605.1.15"
165.232.170.216 - - [21/Dec/2025:13:44:16 -0300] "GET /wp-content/plugins/index-path.php HTTP/1.1" 403 1242 "-" "Mozilla/5.0 (X11; Ubuntu; Linux x86_64; rv:125.0) Gecko/20100101 Firefox/125.0"
165.232.170.216 - - [21/Dec/2025:13:44:18 -0300] "GET /wp-content/themes/pridmag/db.php HTTP/1.1" 403 1242 "-" "Mozilla/5.0 (Linux; Android 13; Pixel 7 Pro) AppleWebKit/537.36 (KHTML, like Gecko) Chrome/125.0.0.0 Mobile Safari/537.36"
165.232.170.216 - - [21/Dec/2025:13:44:19 -0300] "GET /wp-content/themes/pridmag/db.php HTTP/1.1" 403 1242 "-" "Mozilla/5.0 (iPad; CPU OS 17_5 like Mac OS X) AppleWebKit/605.1.15 (KHTML, like Gecko) Version/17.5 Mobile/15E148 Safari/604.1"
165.232.170.216 - - [21/Dec/2025:13:44:24 -0300] "GET /wp-content/plugins/WordPressCore-1/include.php HTTP/1.1" 403 1242 "-" "Mozilla/5.0 (X11; Ubuntu; Linux x86_64; rv:125.0) Gecko/20100101 Firefox/125.0"
165.232.170.216 - - [21/Dec/2025:13:44:25 -0300] "GET /wp-content/plugins/WordPressCore-1/include.php HTTP/1.1" 403 1242 "-" "Mozilla/5.0 (Linux; Android 11; SM-A205U) AppleWebKit/537.36 (KHTML, like Gecko) Chrome/124.0.0.0 Mobile Safari/537.36"
165.232.170.216 - - [21/Dec/2025:13:44:28 -0300] "GET /wp-content/themes/include.php HTTP/1.1" 403 1242 "-" "Mozilla/5.0 (X11; Ubuntu; Linux x86_64; rv:125.0) Gecko/20100101 Firefox/125.0"
165.232.170.216 - - [21/Dec/2025:13:44:37 -0300] "GET /wp-content/plugins/core-plugin-1/include.php HTTP/1.1" 403 1242 "-" "Mozilla/5.0 (X11; Linux x86_64) AppleWebKit/537.36 (KHTML, like Gecko) Chrome/123.0.0.0 Safari/537.36"
165.232.170.216 - - [21/Dec/2025:13:44:39 -0300] "GET /wp-includes/images/include.php HTTP/1.1" 404 27644 "-" "Mozilla/5.0 (Windows NT 10.0; Win64; x64) AppleWebKit/537.36 (KHTML, like Gecko) Chrome/125.0.0.0 Safari/537.36"
165.232.170.216 - - [21/Dec/2025:13:44:43 -0300] "GET /wp-includes/images/include.php HTTP/1.1" 404 27874 "-" "Mozilla/5.0 (iPad; CPU OS 17_5 like Mac OS X) AppleWebKit/605.1.15 (KHTML, like Gecko) Version/17.5 Mobile/15E148 Safari/604.1"
31.220.97.154 - - [21/Dec/2025:13:48:38 -0300] "GET / HTTP/1.1" 200 197247 "-" "Mozilla/5.0 (Macintosh; Intel Mac OS X 10_15_7) AppleWebKit/537.36 (KHTML, like Gecko) Chrome/93.0.4577.0 Safari/537.36"
54.39.178.250 - - [21/Dec/2025:13:59:30 -0300] "GET /sitemap_index.xml HTTP/1.1" 200 519 "-" "Mozilla/5.0 (compatible; YaK/1.0; http://linkfluence.com/; bot@linkfluence.com)"
157.22.18.28 - - [21/Dec/2025:14:01:11 -0300] "GET / HTTP/1.1" 200 35795 "-" "Mozilla/5.0 (Windows NT 11.0; Win64; x64) AppleWebKit/537.36 (KHTML, like Gecko) Chrome/133.0.6943.127 Safari/537.36"
54.39.178.250 - - [21/Dec/2025:13:59:29 -0300] "GET /robots.txt HTTP/1.1" 200 319 "-" "Mozilla/5.0 (compatible; YaK/1.0; http://linkfluence.com/; bot@linkfluence.com)"
187.33.241.49 - - [21/Dec/2025:14:00:04 -0300] "GET //wp-cron.php?doing_wp_cron HTTP/1.1" 200 0 "-" "Wget/1.19.5 (linux-gnu)"
187.33.241.49 - - [21/Dec/2025:14:05:03 -0300] "GET //wp-cron.php?doing_wp_cron HTTP/1.1" 200 0 "-" "Wget/1.19.5 (linux-gnu)"
187.33.241.49 - - [21/Dec/2025:13:59:32 -0300] "POST /wp-cron.php?doing_wp_cron=1766336372.4667110443115234375000 HTTP/1.1" 200 0 "-" "WordPress/6.9; https://kelartes.com.br"
193.202.81.209 - - [21/Dec/2025:14:09:35 -0300] "GET / HTTP/1.1" 301 186 "-" "Mozilla/5.0 (Windows NT 11.0; Win64; x64) AppleWebKit/537.36 (KHTML, like Gecko) Chrome/133.0.6943.127 Safari/537.36"
187.33.241.49 - - [21/Dec/2025:14:10:04 -0300] "GET //wp-cron.php?doing_wp_cron HTTP/1.1" 200 0 "-" "Wget/1.19.5 (linux-gnu)"
212.224.107.18 - - [21/Dec/2025:14:25:32 -0300] "POST /xmlrpc.php HTTP/1.1" 403 1242 "-" "Mozilla/5.0 (Windows NT 10.0; Win64; x64) AppleWebKit/537.36 (KHTML, like Gecko) Chrome/91.0.4472.114 Safari/537.36"
37.59.204.133 - - [21/Dec/2025:14:34:14 -0300] "GET /sitemap_index.xml HTTP/2" 200 455 "-" "Mozilla/5.0 (compatible; AhrefsBot/7.0; +http://ahrefs.com/robot/)"
187.33.241.49 - - [21/Dec/2025:14:35:03 -0300] "GET //wp-cron.php?doing_wp_cron HTTP/1.1" 200 0 "-" "Wget/1.19.5 (linux-gnu)"
34.44.120.145 - - [21/Dec/2025:14:37:27 -0300] "HEAD /new/ HTTP/2" 404 0 "http://kelartes.com.br/new/" "Mozilla/5.0 (Windows NT 10.0; WOW64) AppleWebKit/537.36 (KHTML, like Gecko) Chrome/118.0.5993.90 Safari/537.36"
34.44.120.145 - - [21/Dec/2025:14:37:29 -0300] "HEAD / HTTP/2" 200 0 "http://kelartes.com.br/" "Mozilla/5.0 (Linux; Android 13; Nokia G42 5G) AppleWebKit/537.36 (KHTML, like Gecko) Chrome/126.0.6478.41 Mobile Safari/537.36"
34.44.120.145 - - [21/Dec/2025:14:37:30 -0300] "HEAD /old/ HTTP/2" 404 0 "http://kelartes.com.br/old/" "Mozilla/5.0 (Windows NT 10.0; Win64; x64) AppleWebKit/537.36 (KHTML, like Gecko) Chrome/127.0.6534.42 Safari/537.36"
34.44.120.145 - - [21/Dec/2025:14:37:30 -0300] "HEAD /blog/ HTTP/2" 301 0 "http://kelartes.com.br/blog/" "Mozilla/5.0 (Windows NT 10.0; Win64; x64) AppleWebKit/537.36 (KHTML, like Gecko) Chrome/127.0.6534.42 Safari/537.36"
34.44.120.145 - - [21/Dec/2025:14:37:31 -0300] "HEAD /blog-kel-agencia-digital/ HTTP/2" 200 0 "https://kelartes.com.br/blog/" "Mozilla/5.0 (Windows NT 10.0; Win64; x64) AppleWebKit/537.36 (KHTML, like Gecko) Chrome/127.0.6534.42 Safari/537.36"
34.44.120.145 - - [21/Dec/2025:14:37:32 -0300] "HEAD /wordpress/ HTTP/2" 404 0 "http://kelartes.com.br/wordpress/" "Mozilla/5.0 (X11; Fedora; Linux x86_64; rv:125.0) Gecko/20100101 Firefox/125.0"
34.44.120.145 - - [21/Dec/2025:14:37:34 -0300] "HEAD /wp/ HTTP/2" 404 0 "http://kelartes.com.br/wp/" "Mozilla/5.0 (Linux; Android 13; Nokia G42 5G) AppleWebKit/537.36 (KHTML, like Gecko) Chrome/126.0.6478.41 Mobile Safari/537.36"
34.44.120.145 - - [21/Dec/2025:14:37:35 -0300] "HEAD /backup/ HTTP/2" 404 0 "http://kelartes.com.br/backup/" "Mozilla/5.0 (Windows NT 10.0; Win64; x64) AppleWebKit/537.36 (KHTML, like Gecko) Chrome/127.0.6534.42 Safari/537.36"
144.31.4.112 - - [21/Dec/2025:14:42:05 -0300] "GET /wp-content/plugins/customer-reviews-woocommerce/js/frontend.js HTTP/1.1" 404 27746 "-" "Mozilla/5.0 (Windows NT 10.0; Win64; x64) AppleWebKit/537.36 (KHTML, like Gecko) Chrome/119.0.0.0 Safari/537.36"
74.7.175.129 - - [21/Dec/2025:14:44:43 -0300] "GET /robots.txt HTTP/2" 301 186 "http://www.kelartes.com.br/robots.txt" "Mozilla/5.0 (Macintosh; Intel Mac OS X 10_15_7) AppleWebKit/537.36 (KHTML, like Gecko) Chrome/131.0.0.0 Safari/537.36; compatible; OAI-SearchBot/1.3; robots.txt; +https://openai.com/searchbot"
74.7.175.129 - - [21/Dec/2025:14:44:45 -0300] "GET /robots.txt HTTP/2" 200 267 "https://www.kelartes.com.br/robots.txt" "Mozilla/5.0 (Macintosh; Intel Mac OS X 10_15_7) AppleWebKit/537.36 (KHTML, like Gecko) Chrome/131.0.0.0 Safari/537.36; compatible; OAI-SearchBot/1.3; robots.txt; +https://openai.com/searchbot"
146.70.129.104 - - [21/Dec/2025:14:47:45 -0300] "GET / HTTP/1.1" 401 53 "-" "Mozilla/5.0 (Windows NT 10.0; Win64; x64) AppleWebKit/537.36 (KHTML, like Gecko) Chrome/137.0.0.0 Safari/537.36"
146.70.129.104 - - [21/Dec/2025:14:47:47 -0300] "GET /favicon.ico HTTP/1.1" 401 53 "-" "Mozilla/5.0 (Windows NT 10.0; Win64; x64) AppleWebKit/537.36 (KHTML, like Gecko) Chrome/137.0.0.0 Safari/537.36"
23.234.116.75 - - [21/Dec/2025:14:53:06 -0300] "GET / HTTP/2" 200 12447 "-" "Mozilla/5.0 (Windows NT 10.0; Win64; x64) AppleWebKit/537.36 (KHTML, like Gecko) Chrome/137.0.0.0 Safari/537.36"
193.202.81.209 - - [21/Dec/2025:14:09:36 -0300] "GET / HTTP/1.1" 200 35795 "-" "Mozilla/5.0 (Windows NT 11.0; Win64; x64) AppleWebKit/537.36 (KHTML, like Gecko) Chrome/133.0.6943.127 Safari/537.36"
187.33.241.49 - - [21/Dec/2025:14:15:03 -0300] "GET //wp-cron.php?doing_wp_cron HTTP/1.1" 200 0 "-" "Wget/1.19.5 (linux-gnu)"
216.40.74.153 - - [21/Dec/2025:14:15:36 -0300] "GET / HTTP/1.1" 200 35795 "-" "Mozilla/5.0 (Windows NT 11.0; Win64; x64) AppleWebKit/537.36 (KHTML, like Gecko) Chrome/133.0.6943.127 Safari/537.36"
66.249.70.67 - - [21/Dec/2025:14:17:30 -0300] "GET /robots.txt HTTP/1.1" 200 267 "-" "Mozilla/5.0 (compatible; Googlebot/2.1; +http://www.google.com/bot.html)"
187.33.241.49 - - [21/Dec/2025:14:20:03 -0300] "GET //wp-cron.php?doing_wp_cron HTTP/1.1" 200 0 "-" "Wget/1.19.5 (linux-gnu)"
212.224.107.18 - - [21/Dec/2025:14:25:30 -0300] "POST /xmlrpc.php HTTP/1.1" 403 1242 "-" "Mozilla/5.0 (Windows NT 10.0; Win64; x64) AppleWebKit/537.36 (KHTML, like Gecko) Chrome/91.0.4472.114 Safari/537.36"
212.224.107.18 - - [21/Dec/2025:14:25:33 -0300] "POST /xmlrpc.php HTTP/1.1" 403 1242 "-" "Mozilla/5.0 (Windows NT 10.0; Win64; x64) AppleWebKit/537.36 (KHTML, like Gecko) Chrome/91.0.4472.114 Safari/537.36"
161.97.90.249 - - [21/Dec/2025:14:26:24 -0300] "POST /xmlrpc.php HTTP/1.1" 403 1242 "-" "Mozilla/5.0 (Windows; U; Windows NT 5.1; en-US; rv:1.7.10) Gecko/20050716 Firefox/1.0.6"
187.33.241.49 - - [21/Dec/2025:14:30:04 -0300] "GET //wp-cron.php?doing_wp_cron HTTP/1.1" 200 0 "-" "Wget/1.19.5 (linux-gnu)"
187.33.241.49 - - [21/Dec/2025:14:34:16 -0300] "POST /wp-cron.php?doing_wp_cron=1766338456.7341461181640625000000 HTTP/1.1" 200 0 "-" "WordPress/6.9; https://kelartes.com.br"
187.33.241.49 - - [21/Dec/2025:14:40:03 -0300] "GET //wp-cron.php?doing_wp_cron HTTP/1.1" 200 0 "-" "Wget/1.19.5 (linux-gnu)"
187.33.241.49 - - [21/Dec/2025:14:42:04 -0300] "POST /wp-cron.php?doing_wp_cron=1766338924.1093580722808837890625 HTTP/1.1" 200 0 "-" "WordPress/6.9; https://kelartes.com.br"
144.31.4.112 - - [21/Dec/2025:14:42:01 -0300] "GET /wp-content/plugins/customer-reviews-woocommerce/readme.txt HTTP/1.1" 404 27728 "-" "Mozilla/5.0 (Windows NT 10.0; Win64; x64) AppleWebKit/537.36 (KHTML, like Gecko) Chrome/119.0.0.0 Safari/537.36"
187.33.241.49 - - [21/Dec/2025:14:44:44 -0300] "POST /wp-cron.php?doing_wp_cron=1766339084.9492330551147460937500 HTTP/1.1" 200 0 "-" "WordPress/6.9; https://kelartes.com.br"
187.33.241.49 - - [21/Dec/2025:14:45:04 -0300] "GET //wp-cron.php?doing_wp_cron HTTP/1.1" 200 0 "-" "Wget/1.19.5 (linux-gnu)"
62.146.226.40 - - [21/Dec/2025:14:49:03 -0300] "GET / HTTP/1.1" 200 197247 "-" "Mozilla/5.0 (Macintosh; Intel Mac OS X 10_15_7) AppleWebKit/537.36 (KHTML, like Gecko) Chrome/93.0.4577.0 Safari/537.36"
68.235.46.115 - - [21/Dec/2025:14:49:30 -0300] "GET / HTTP/1.1" 401 53 "-" "Mozilla/5.0 (Windows NT 10.0; Win64; x64) AppleWebKit/537.36 (KHTML, like Gecko) Chrome/137.0.0.0 Safari/537.36"
68.235.46.115 - - [21/Dec/2025:14:49:32 -0300] "GET /favicon.ico HTTP/1.1" 401 53 "-" "Mozilla/5.0 (Windows NT 10.0; Win64; x64) AppleWebKit/537.36 (KHTML, like Gecko) Chrome/137.0.0.0 Safari/537.36"
187.33.241.49 - - [21/Dec/2025:14:50:03 -0300] "GET //wp-cron.php?doing_wp_cron HTTP/1.1" 200 0 "-" "Wget/1.19.5 (linux-gnu)"
68.235.46.115 - - [21/Dec/2025:14:50:59 -0300] "GET / HTTP/1.1" 200 12442 "-" "Mozilla/5.0 (Windows NT 10.0; Win64; x64) AppleWebKit/537.36 (KHTML, like Gecko) Chrome/137.0.0.0 Safari/537.36"
68.235.46.115 - - [21/Dec/2025:14:51:00 -0300] "GET /favicon.ico HTTP/1.1" 200 12441 "-" "Mozilla/5.0 (Windows NT 10.0; Win64; x64) AppleWebKit/537.36 (KHTML, like Gecko) Chrome/137.0.0.0 Safari/537.36"
89.37.63.146 - - [21/Dec/2025:14:53:56 -0300] "GET / HTTP/1.1" 400 52 "-" "Mozilla/5.0 (Windows NT 10.0; Win64; x64) AppleWebKit/537.36 (KHTML, like Gecko) Chrome/137.0.0.0 Safari/537.36"
89.37.63.146 - - [21/Dec/2025:14:53:56 -0300] "GET /favicon.ico HTTP/1.1" 400 52 "-" "Mozilla/5.0 (Windows NT 10.0; Win64; x64) AppleWebKit/537.36 (KHTML, like Gecko) Chrome/137.0.0.0 Safari/537.36"
187.33.241.49 - - [21/Dec/2025:14:17:32 -0300] "POST /wp-cron.php?doing_wp_cron=1766337452.8678350448608398437500 HTTP/1.1" 200 0 "-" "WordPress/6.9; https://kelartes.com.br"
187.33.241.49 - - [21/Dec/2025:14:25:03 -0300] "GET //wp-cron.php?doing_wp_cron HTTP/1.1" 200 0 "-" "Wget/1.19.5 (linux-gnu)"
161.97.90.249 - - [21/Dec/2025:14:26:25 -0300] "POST /xmlrpc.php HTTP/1.1" 403 1242 "-" "Mozilla/5.0 (Windows; U; Windows NT 5.1; en-US; rv:1.7.10) Gecko/20050716 Firefox/1.0.6"
161.97.90.249 - - [21/Dec/2025:14:26:26 -0300] "POST /xmlrpc.php HTTP/1.1" 403 1242 "-" "Mozilla/5.0 (Windows; U; Windows NT 5.1; en-US; rv:1.7.10) Gecko/20050716 Firefox/1.0.6"
187.33.241.49 - - [21/Dec/2025:14:37:29 -0300] "POST /wp-cron.php?doing_wp_cron=1766338649.6627941131591796875000 HTTP/1.1" 200 0 "-" "WordPress/6.9; https://kelartes.com.br"
40.77.167.243 - - [21/Dec/2025:14:57:40 -0300] "GET /landing-page-de-alta-conversao/ HTTP/2" 200 29292 "-" "Mozilla/5.0 AppleWebKit/537.36 (KHTML, like Gecko; compatible; bingbot/2.0; +http://www.bing.com/bingbot.htm) Chrome/116.0.1938.76 Safari/537.36"
103.139.178.143 - - [21/Dec/2025:14:58:17 -0300] "GET / HTTP/1.1" 200 35795 "-" "Mozilla/5.0 (Windows NT 10.0; Win64; x64) AppleWebKit/537.36 (KHTML, like Gecko) Chrome/137.0.0.0 Safari/537.36"
103.139.178.143 - - [21/Dec/2025:14:58:18 -0300] "GET /favicon.ico HTTP/1.1" 404 1251 "-" "Mozilla/5.0 (Windows NT 10.0; Win64; x64) AppleWebKit/537.36 (KHTML, like Gecko) Chrome/137.0.0.0 Safari/537.36"
45.141.215.36 - - [21/Dec/2025:15:00:54 -0300] "GET /style.php HTTP/2" 404 25026 "-" "Go-http-client/2.0"
45.141.215.36 - - [21/Dec/2025:15:00:55 -0300] "GET /wp-content/style.php HTTP/2" 404 25040 "-" "Go-http-client/2.0"
45.141.215.36 - - [21/Dec/2025:15:00:56 -0300] "GET /wp-content/themes/style.php HTTP/2" 403 1242 "-" "Go-http-client/2.0"
45.141.215.36 - - [21/Dec/2025:15:00:56 -0300] "GET /wp-admin/style.php HTTP/2" 302 0 "-" "Go-http-client/2.0"
45.141.215.36 - - [21/Dec/2025:15:00:57 -0300] "GET /vaza-nao-nada-aqui HTTP/2" 404 25038 "https://kelartes.com.br/wp-admin/style.php" "Go-http-client/2.0"
45.141.215.36 - - [21/Dec/2025:15:00:58 -0300] "GET /wp-includes/style.php HTTP/2" 403 1242 "-" "Go-http-client/2.0"
45.141.215.36 - - [21/Dec/2025:15:00:58 -0300] "GET /chosen.php?p= HTTP/2" 301 244 "-" "Go-http-client/2.0"
45.141.215.36 - - [21/Dec/2025:15:00:59 -0300] "GET /chosen.php HTTP/2" 404 25024 "https://kelartes.com.br/chosen.php?p=" "Go-http-client/2.0"
45.141.215.36 - - [21/Dec/2025:15:01:00 -0300] "GET /file.php HTTP/2" 404 25009 "-" "Go-http-client/2.0"
45.141.215.36 - - [21/Dec/2025:15:01:01 -0300] "GET /flower.php HTTP/2" 404 25024 "-" "Go-http-client/2.0"
45.141.215.36 - - [21/Dec/2025:15:01:02 -0300] "GET /gifclass.php HTTP/2" 404 25029 "-" "Go-http-client/2.0"
187.33.241.49 - - [21/Dec/2025:15:01:04 -0300] "POST /wp-cron.php?doing_wp_cron=1766340064.0880188941955566406250 HTTP/1.1" 200 0 "-" "WordPress/6.9; https://kelartes.com.br"
45.141.215.36 - - [21/Dec/2025:15:01:03 -0300] "GET /bless.php HTTP/2" 404 25026 "-" "Go-http-client/2.0"
45.141.215.36 - - [21/Dec/2025:15:01:04 -0300] "GET /class-t.api.php HTTP/2" 404 25026 "-" "Go-http-client/2.0"
45.141.215.36 - - [21/Dec/2025:15:01:05 -0300] "GET /blurbs.php HTTP/2" 404 25024 "-" "Go-http-client/2.0"
45.141.215.36 - - [21/Dec/2025:15:01:06 -0300] "GET /akcc.php HTTP/2" 404 25015 "-" "Go-http-client/2.0"
45.141.215.36 - - [21/Dec/2025:15:01:07 -0300] "GET /abcd.php HTTP/2" 404 25016 "-" "Go-http-client/2.0"
45.141.215.36 - - [21/Dec/2025:15:01:08 -0300] "GET /aku.php HTTP/2" 404 25014 "-" "Go-http-client/2.0"
45.141.215.36 - - [21/Dec/2025:15:01:09 -0300] "GET /cord.php HTTP/2" 404 25016 "-" "Go-http-client/2.0"
45.141.215.36 - - [21/Dec/2025:15:01:09 -0300] "GET /dex.php HTTP/2" 404 25021 "-" "Go-http-client/2.0"
45.141.215.36 - - [21/Dec/2025:15:01:10 -0300] "GET /wp-admin/admin-ajax.php HTTP/2" 400 248 "-" "Go-http-client/2.0"
45.141.215.36 - - [21/Dec/2025:15:01:12 -0300] "GET /zoo.php HTTP/2" 404 25019 "-" "Go-http-client/2.0"
45.141.215.36 - - [21/Dec/2025:15:01:13 -0300] "GET //zwso.php HTTP/2" 301 244 "-" "Go-http-client/2.0"
45.141.215.36 - - [21/Dec/2025:15:01:13 -0300] "GET /zwso.php HTTP/2" 404 25015 "https://kelartes.com.br//zwso.php" "Go-http-client/2.0"
45.141.215.36 - - [21/Dec/2025:15:01:14 -0300] "GET /wp-admin/zwso.php HTTP/2" 302 0 "-" "Go-http-client/2.0"
45.141.215.36 - - [21/Dec/2025:15:01:15 -0300] "GET /vaza-nao-nada-aqui HTTP/2" 404 25038 "https://kelartes.com.br/wp-admin/zwso.php" "Go-http-client/2.0"
45.141.215.36 - - [21/Dec/2025:15:01:15 -0300] "GET /wp-content/plugins/hellopress/wp_mna.php HTTP/2" 403 1242 "-" "Go-http-client/2.0"
45.141.215.36 - - [21/Dec/2025:15:01:15 -0300] "GET /bolt.php HTTP/2" 404 25009 "-" "Go-http-client/2.0"
45.141.215.36 - - [21/Dec/2025:15:01:16 -0300] "GET /shlo.php HTTP/2" 404 25016 "-" "Go-http-client/2.0"
45.141.215.36 - - [21/Dec/2025:15:01:17 -0300] "GET /133.php HTTP/2" 404 25014 "-" "Go-http-client/2.0"
45.141.215.36 - - [21/Dec/2025:15:01:18 -0300] "GET /ahax.php HTTP/2" 404 25007 "-" "Go-http-client/2.0"
45.141.215.36 - - [21/Dec/2025:15:01:18 -0300] "GET /wpssl.php HTTP/2" 404 25026 "-" "Go-http-client/2.0"
45.141.215.36 - - [21/Dec/2025:15:01:19 -0300] "GET /witmm.php HTTP/2" 404 25025 "-" "Go-http-client/2.0"
45.141.215.36 - - [21/Dec/2025:15:01:20 -0300] "GET /wp-admin/css/index.php HTTP/2" 302 0 "-" "Go-http-client/2.0"
45.141.215.36 - - [21/Dec/2025:15:01:21 -0300] "GET /vaza-nao-nada-aqui HTTP/2" 404 25038 "https://kelartes.com.br/wp-admin/css/index.php" "Go-http-client/2.0"
45.141.215.36 - - [21/Dec/2025:15:01:21 -0300] "GET /wp-content/plugins/index.php HTTP/2" 403 1242 "-" "Go-http-client/2.0"
45.141.215.36 - - [21/Dec/2025:15:01:22 -0300] "GET /wp-content/index.php HTTP/2" 200 0 "-" "Go-http-client/2.0"
45.141.215.36 - - [21/Dec/2025:15:01:22 -0300] "GET /files.php HTTP/2" 404 25023 "-" "Go-http-client/2.0"
45.141.215.36 - - [21/Dec/2025:15:01:23 -0300] "GET /wp-editor.php HTTP/2" 404 25026 "-" "Go-http-client/2.0"
187.33.241.49 - - [21/Dec/2025:14:55:04 -0300] "GET //wp-cron.php?doing_wp_cron HTTP/1.1" 200 0 "-" "Wget/1.19.5 (linux-gnu)"
149.40.50.106 - - [21/Dec/2025:14:56:26 -0300] "GET / HTTP/1.1" 301 186 "-" "Mozilla/5.0 (Windows NT 10.0; Win64; x64) AppleWebKit/537.36 (KHTML, like Gecko) Chrome/137.0.0.0 Safari/537.36"
149.40.50.106 - - [21/Dec/2025:14:57:06 -0300] "GET /favicon.ico HTTP/1.1" 404 1251 "-" "Mozilla/5.0 (Windows NT 10.0; Win64; x64) AppleWebKit/537.36 (KHTML, like Gecko) Chrome/137.0.0.0 Safari/537.36"
187.33.241.49 - - [21/Dec/2025:15:00:03 -0300] "GET //wp-cron.php?doing_wp_cron HTTP/1.1" 200 0 "-" "Wget/1.19.5 (linux-gnu)"
187.33.241.49 - - [21/Dec/2025:15:01:06 -0300] "POST /wp-cron.php?doing_wp_cron=1766340066.7608449459075927734375 HTTP/1.1" 200 0 "-" "WordPress/6.9; https://kelartes.com.br"
23.234.116.75 - - [21/Dec/2025:14:53:07 -0300] "GET /favicon.ico HTTP/2" 200 12449 "-" "Mozilla/5.0 (Windows NT 10.0; Win64; x64) AppleWebKit/537.36 (KHTML, like Gecko) Chrome/137.0.0.0 Safari/537.36"
187.33.241.49 - - [21/Dec/2025:14:56:28 -0300] "POST /wp-cron.php?doing_wp_cron=1766339788.4703390598297119140625 HTTP/1.1" 200 0 "-" "WordPress/6.9; https://kelartes.com.br"
149.40.50.106 - - [21/Dec/2025:14:56:50 -0300] "GET / HTTP/1.1" 200 35795 "-" "Mozilla/5.0 (Windows NT 10.0; Win64; x64) AppleWebKit/537.36 (KHTML, like Gecko) Chrome/137.0.0.0 Safari/537.36"
187.33.241.49 - - [21/Dec/2025:14:57:42 -0300] "POST /wp-cron.php?doing_wp_cron=1766339862.0918860435485839843750 HTTP/1.1" 200 0 "-" "WordPress/6.9; https://kelartes.com.br"
187.33.241.49 - - [21/Dec/2025:15:05:03 -0300] "GET //wp-cron.php?doing_wp_cron HTTP/1.1" 200 0 "-" "Wget/1.19.5 (linux-gnu)"
187.33.241.49 - - [21/Dec/2025:15:10:03 -0300] "GET //wp-cron.php?doing_wp_cron HTTP/1.1" 200 0 "-" "Wget/1.19.5 (linux-gnu)"
187.33.241.49 - - [21/Dec/2025:15:15:03 -0300] "GET //wp-cron.php?doing_wp_cron HTTP/1.1" 200 0 "-" "Wget/1.19.5 (linux-gnu)"
57.141.16.11 - - [21/Dec/2025:15:18:12 -0300] "GET /qual-o-tempo-de-aprendizagem-de-uma-campanha-no-google-ads/ HTTP/2" 404 122474 "-" "meta-externalagent/1.1 (+https://developers.facebook.com/docs/sharing/webmasters/crawler)"
187.33.241.49 - - [21/Dec/2025:15:28:00 -0300] "POST /wp-cron.php?doing_wp_cron=1766341680.1592299938201904296875 HTTP/1.1" 200 0 "-" "WordPress/6.9; https://kelartes.com.br"
46.101.90.5 - - [21/Dec/2025:15:30:35 -0300] "GET / HTTP/1.1" 400 52 "-" "Mozilla/5.0 (X11; Linux x86_64) AppleWebKit/537.36 (KHTML, like Gecko) Chrome/142.0.0.0 Safari/537.36"
46.101.90.5 - - [21/Dec/2025:15:30:40 -0300] "GET /favicon.ico HTTP/1.1" 400 52 "https://autodiscover.kelartes.com.br/" "Mozilla/5.0 (X11; Linux x86_64) AppleWebKit/537.36 (KHTML, like Gecko) Chrome/142.0.0.0 Safari/537.36"
187.33.241.49 - - [21/Dec/2025:15:40:03 -0300] "GET //wp-cron.php?doing_wp_cron HTTP/1.1" 200 0 "-" "Wget/1.19.5 (linux-gnu)"
172.70.4.221 - - [21/Dec/2025:15:43:50 -0300] "GET /.well-known/cf-custom-hostname-challenge/a1a3d802-68e8-470e-ab18-e0e4ca98cf2c HTTP/1.1" 404 27788 "http://kelartes.com.br/.well-known/cf-custom-hostname-challenge/a1a3d802-68e8-470e-ab18-e0e4ca98cf2c" "Cloudflare Custom Hostname Verification"
187.33.241.49 - - [21/Dec/2025:15:50:03 -0300] "GET //wp-cron.php?doing_wp_cron HTTP/1.1" 200 0 "-" "Wget/1.19.5 (linux-gnu)"
187.33.241.49 - - [21/Dec/2025:15:55:03 -0300] "GET //wp-cron.php?doing_wp_cron HTTP/1.1" 200 0 "-" "Wget/1.19.5 (linux-gnu)"
187.33.241.49 - - [21/Dec/2025:15:59:31 -0300] "POST /wp-cron.php?doing_wp_cron=1766343571.8311409950256347656250 HTTP/1.1" 200 0 "-" "WordPress/6.9; https://kelartes.com.br"
124.122.83.104 - - [21/Dec/2025:15:59:50 -0300] "GET /wp-login.php HTTP/1.1" 302 0 "http://kelartes.com.br/wp-login.php" "Mozilla/5.0 (Windows NT 10.0; Win64; x64; rv:133.0) Gecko/20100101 Firefox/133.0"
160.119.159.162 - - [21/Dec/2025:16:00:02 -0300] "GET /wp-login.php HTTP/1.1" 302 0 "-" "Mozilla/5.0 (Windows NT 10.0; Win64; x64) AppleWebKit/537.36 (KHTML, like Gecko) Chrome/131.0.0.0 Safari/537.36"
170.84.225.210 - - [21/Dec/2025:16:00:02 -0300] "GET /wp-login.php HTTP/1.1" 302 0 "http://kelartes.com.br/wp-login.php" "Mozilla/5.0 (Windows NT 10.0; Win64; x64; rv:133.0) Gecko/20100101 Firefox/133.0"
103.11.218.233 - - [21/Dec/2025:16:00:08 -0300] "GET /wp-login.php HTTP/1.1" 302 0 "-" "Mozilla/5.0 (Windows NT 10.0; Win64; x64) AppleWebKit/537.36 (KHTML, like Gecko) Chrome/114.0.0.0 Safari/537.36"
223.206.233.31 - - [21/Dec/2025:16:00:20 -0300] "GET /wp-login.php HTTP/1.1" 302 0 "-" "Mozilla/5.0 (Windows NT 10.0; Win64; x64; rv:133.0) Gecko/20100101 Firefox/133.0"
190.13.91.57 - - [21/Dec/2025:16:00:32 -0300] "GET /wp-login.php HTTP/1.1" 302 0 "http://kelartes.com.br/wp-login.php" "Mozilla/5.0 (Windows NT 10.0; Win64; x64) AppleWebKit/537.36 (KHTML, like Gecko) Chrome/131.0.0.0 Safari/537.36"
138.204.78.252 - - [21/Dec/2025:16:00:41 -0300] "GET /wp-login.php HTTP/1.1" 302 0 "http://kelartes.com.br/wp-login.php" "Mozilla/5.0 (Windows NT 10.0; Win64; x64; rv:133.0) Gecko/20100101 Firefox/133.0"
187.33.241.49 - - [21/Dec/2025:16:01:08 -0300] "POST /wp-cron.php?doing_wp_cron=1766343668.7836809158325195312500 HTTP/1.1" 200 0 "-" "WordPress/6.9; https://kelartes.com.br"
177.154.21.55 - - [21/Dec/2025:16:01:08 -0300] "GET /vaza-nao-nada-aqui HTTP/1.1" 404 121967 "https://kelartes.com.br/wp-login.php" "Mozilla/5.0 (Windows NT 10.0; Win64; x64) AppleWebKit/537.36 (KHTML, like Gecko) Chrome/131.0.0.0 Safari/537.36"
200.58.83.2 - - [21/Dec/2025:16:01:17 -0300] "GET /wp-login.php HTTP/1.1" 302 0 "-" "Mozilla/5.0 (Windows NT 10.0; Win64; x64; rv:133.0) Gecko/20100101 Firefox/133.0"
181.115.171.11 - - [21/Dec/2025:16:01:27 -0300] "GET /wp-login.php HTTP/1.1" 302 0 "http://kelartes.com.br/wp-login.php" "Mozilla/5.0 (Windows NT 10.0; Win64; x64) AppleWebKit/537.36 (KHTML, like Gecko) Chrome/131.0.0.0 Safari/537.36"
51.75.236.159 - - [21/Dec/2025:15:18:18 -0300] "GET /author/contatocleberwebdesignergmail-com/page/2/ HTTP/2" 200 25418 "-" "Mozilla/5.0 (compatible; AhrefsBot/7.0; +http://ahrefs.com/robot/)"
187.33.241.49 - - [21/Dec/2025:15:20:03 -0300] "GET //wp-cron.php?doing_wp_cron HTTP/1.1" 200 0 "-" "Wget/1.19.5 (linux-gnu)"
161.35.34.56 - - [21/Dec/2025:15:24:50 -0300] "GET / HTTP/1.1" 200 12449 "-" "Mozilla/5.0 (X11; Linux x86_64) AppleWebKit/537.36 (KHTML, like Gecko) Chrome/142.0.0.0 Safari/537.36"
40.77.167.136 - - [21/Dec/2025:15:27:58 -0300] "GET /whatsapp/ HTTP/2" 200 18378 "-" "Mozilla/5.0 AppleWebKit/537.36 (KHTML, like Gecko; compatible; bingbot/2.0; +http://www.bing.com/bingbot.htm) Chrome/116.0.1938.76 Safari/537.36"
187.33.241.49 - - [21/Dec/2025:15:30:03 -0300] "GET //wp-cron.php?doing_wp_cron HTTP/1.1" 200 0 "-" "Wget/1.19.5 (linux-gnu)"
187.33.241.49 - - [21/Dec/2025:15:43:53 -0300] "POST /wp-cron.php?doing_wp_cron=1766342633.6449921131134033203125 HTTP/1.1" 200 0 "-" "WordPress/6.9; https://kelartes.com.br"
172.70.4.221 - - [21/Dec/2025:15:43:50 -0300] "GET /.well-known/cf-custom-hostname-challenge/a1a3d802-68e8-470e-ab18-e0e4ca98cf2c HTTP/1.1" 404 27804 "http://kelartes.com.br/.well-known/cf-custom-hostname-challenge/a1a3d802-68e8-470e-ab18-e0e4ca98cf2c" "Cloudflare Custom Hostname Verification"
187.33.241.49 - - [21/Dec/2025:15:45:03 -0300] "GET //wp-cron.php?doing_wp_cron HTTP/1.1" 200 0 "-" "Wget/1.19.5 (linux-gnu)"
5.161.86.62 - - [21/Dec/2025:15:48:27 -0300] "GET / HTTP/1.1" 200 197247 "-" "Mozilla/5.0 (Macintosh; Intel Mac OS X 10_15_7) AppleWebKit/537.36 (KHTML, like Gecko) Chrome/93.0.4577.0 Safari/537.36"
200.58.83.2 - - [21/Dec/2025:15:59:26 -0300] "GET /wp-login.php HTTP/1.1" 302 0 "-" "Mozilla/5.0 (Windows NT 10.0; Win64; x64; rv:133.0) Gecko/20100101 Firefox/133.0"
189.181.248.65 - - [21/Dec/2025:15:59:47 -0300] "GET /wp-login.php HTTP/1.1" 302 0 "-" "Mozilla/5.0 (Windows NT 10.0; Win64; x64; rv:133.0) Gecko/20100101 Firefox/133.0"
187.33.241.49 - - [21/Dec/2025:16:00:04 -0300] "GET //wp-cron.php?doing_wp_cron HTTP/1.1" 200 0 "-" "Wget/1.19.5 (linux-gnu)"
170.84.225.210 - - [21/Dec/2025:16:00:05 -0300] "GET /vaza-nao-nada-aqui HTTP/1.1" 404 121967 "https://kelartes.com.br/wp-login.php" "Mozilla/5.0 (Windows NT 10.0; Win64; x64; rv:133.0) Gecko/20100101 Firefox/133.0"
223.206.233.31 - - [21/Dec/2025:16:00:23 -0300] "GET /vaza-nao-nada-aqui HTTP/1.1" 404 121967 "https://kelartes.com.br/wp-login.php" "Mozilla/5.0 (Windows NT 10.0; Win64; x64; rv:133.0) Gecko/20100101 Firefox/133.0"
179.6.164.14 - - [21/Dec/2025:16:00:26 -0300] "GET /wp-login.php HTTP/1.1" 302 0 "-" "Mozilla/5.0 (Windows NT 10.0; Win64; x64) AppleWebKit/537.36 (KHTML, like Gecko) Chrome/131.0.0.0 Safari/537.36"
190.13.91.57 - - [21/Dec/2025:16:00:34 -0300] "GET /vaza-nao-nada-aqui HTTP/1.1" 404 113581 "https://kelartes.com.br/wp-login.php" "Mozilla/5.0 (Windows NT 10.0; Win64; x64) AppleWebKit/537.36 (KHTML, like Gecko) Chrome/131.0.0.0 Safari/537.36"
45.190.13.215 - - [21/Dec/2025:16:00:35 -0300] "GET /vaza-nao-nada-aqui HTTP/1.1" 404 113581 "https://kelartes.com.br/wp-login.php" "Mozilla/5.0 (Windows NT 10.0; Win64; x64) AppleWebKit/537.36 (KHTML, like Gecko) Chrome/131.0.0.0 Safari/537.36"
179.60.65.168 - - [21/Dec/2025:16:00:47 -0300] "GET /wp-login.php HTTP/1.1" 302 0 "http://kelartes.com.br/wp-login.php" "Mozilla/5.0 (Windows NT 10.0; Win64; x64; rv:133.0) Gecko/20100101 Firefox/133.0"
198.50.21.75 - - [21/Dec/2025:16:00:47 -0300] "GET /wp-login.php HTTP/1.1" 302 0 "-" "Mozilla/5.0 (Windows NT 10.0; Win64; x64) AppleWebKit/537.36 (KHTML, like Gecko) Chrome/131.0.0.0 Safari/537.36"
186.7.191.167 - - [21/Dec/2025:16:01:03 -0300] "GET /vaza-nao-nada-aqui HTTP/1.1" 404 121967 "https://kelartes.com.br/wp-login.php" "Mozilla/5.0 (Windows NT 10.0; Win64; x64; rv:133.0) Gecko/20100101 Firefox/133.0"
177.154.21.55 - - [21/Dec/2025:16:01:06 -0300] "GET /wp-login.php HTTP/1.1" 302 0 "-" "Mozilla/5.0 (Windows NT 10.0; Win64; x64) AppleWebKit/537.36 (KHTML, like Gecko) Chrome/131.0.0.0 Safari/537.36"
187.33.241.49 - - [21/Dec/2025:15:18:14 -0300] "POST /wp-cron.php?doing_wp_cron=1766341094.2987179756164550781250 HTTP/1.1" 200 0 "-" "WordPress/6.9; https://kelartes.com.br"
187.33.241.49 - - [21/Dec/2025:15:25:03 -0300] "GET //wp-cron.php?doing_wp_cron HTTP/1.1" 200 0 "-" "Wget/1.19.5 (linux-gnu)"
52.167.144.139 - - [21/Dec/2025:15:28:17 -0300] "GET /wp-content/uploads/elementor/css/post-725.css?ver=1766341680 HTTP/2" 200 784 "-" "Mozilla/5.0 AppleWebKit/537.36 (KHTML, like Gecko; compatible; bingbot/2.0; +http://www.bing.com/bingbot.htm) Chrome/116.0.1938.76 Safari/537.36"
52.167.144.139 - - [21/Dec/2025:15:28:17 -0300] "GET /wp-content/themes/blocksy/static/bundle/comments.min.css?ver=2.1.23 HTTP/2" 200 1133 "-" "Mozilla/5.0 AppleWebKit/537.36 (KHTML, like Gecko; compatible; bingbot/2.0; +http://www.bing.com/bingbot.htm) Chrome/116.0.1938.76 Safari/537.36"
52.167.144.139 - - [21/Dec/2025:15:28:17 -0300] "GET /wp-content/themes/blocksy/static/bundle/comments.min.css?ver=2.1.23 HTTP/2" 200 1133 "-" "Mozilla/5.0 AppleWebKit/537.36 (KHTML, like Gecko; compatible; bingbot/2.0; +http://www.bing.com/bingbot.htm) Chrome/116.0.1938.76 Safari/537.36"
52.167.144.139 - - [21/Dec/2025:15:28:18 -0300] "GET /wp-content/uploads/elementor/css/post-725.css?ver=1766341680 HTTP/2" 200 784 "-" "Mozilla/5.0 AppleWebKit/537.36 (KHTML, like Gecko; compatible; bingbot/2.0; +http://www.bing.com/bingbot.htm) Chrome/116.0.1938.76 Safari/537.36"
35.174.165.122 - - [21/Dec/2025:15:32:39 -0300] "GET /xmlrpc.php HTTP/1.1" 403 1242 "-" "Python/3.14 aiohttp/3.13.2"
187.33.241.49 - - [21/Dec/2025:15:35:03 -0300] "GET //wp-cron.php?doing_wp_cron HTTP/1.1" 200 0 "-" "Wget/1.19.5 (linux-gnu)"
187.33.241.49 - - [21/Dec/2025:15:35:08 -0300] "POST /wp-admin/admin-ajax.php HTTP/1.1" 200 191 "-" "WordPress/6.9; https://kelartes.com.br"
200.58.83.2 - - [21/Dec/2025:15:59:30 -0300] "GET /vaza-nao-nada-aqui HTTP/1.1" 404 65536 "https://kelartes.com.br/wp-login.php" "Mozilla/5.0 (Windows NT 10.0; Win64; x64; rv:133.0) Gecko/20100101 Firefox/133.0"
189.181.248.65 - - [21/Dec/2025:15:59:49 -0300] "GET /vaza-nao-nada-aqui HTTP/1.1" 404 121967 "https://kelartes.com.br/wp-login.php" "Mozilla/5.0 (Windows NT 10.0; Win64; x64; rv:133.0) Gecko/20100101 Firefox/133.0"
181.115.171.11 - - [21/Dec/2025:16:00:12 -0300] "GET /wp-login.php HTTP/1.1" 302 0 "http://kelartes.com.br/wp-login.php" "Mozilla/5.0 (Windows NT 10.0; Win64; x64; rv:133.0) Gecko/20100101 Firefox/133.0"
179.6.164.14 - - [21/Dec/2025:16:00:29 -0300] "GET /vaza-nao-nada-aqui HTTP/1.1" 404 113581 "https://kelartes.com.br/wp-login.php" "Mozilla/5.0 (Windows NT 10.0; Win64; x64) AppleWebKit/537.36 (KHTML, like Gecko) Chrome/131.0.0.0 Safari/537.36"
45.190.13.215 - - [21/Dec/2025:16:00:33 -0300] "GET /wp-login.php HTTP/1.1" 302 0 "-" "Mozilla/5.0 (Windows NT 10.0; Win64; x64) AppleWebKit/537.36 (KHTML, like Gecko) Chrome/131.0.0.0 Safari/537.36"
186.7.191.167 - - [21/Dec/2025:16:01:01 -0300] "GET /wp-login.php HTTP/1.1" 302 0 "-" "Mozilla/5.0 (Windows NT 10.0; Win64; x64; rv:133.0) Gecko/20100101 Firefox/133.0"
165.165.113.97 - - [21/Dec/2025:16:01:02 -0300] "GET /wp-login.php HTTP/1.1" 302 0 "http://kelartes.com.br/wp-login.php" "Mozilla/5.0 (Windows NT 10.0; Win64; x64) AppleWebKit/537.36 (KHTML, like Gecko) Chrome/131.0.0.0 Safari/537.36"
200.58.83.2 - - [21/Dec/2025:16:01:20 -0300] "GET /vaza-nao-nada-aqui HTTP/1.1" 404 121967 "https://kelartes.com.br/wp-login.php" "Mozilla/5.0 (Windows NT 10.0; Win64; x64; rv:133.0) Gecko/20100101 Firefox/133.0"
181.115.171.11 - - [21/Dec/2025:16:01:30 -0300] "GET /vaza-nao-nada-aqui HTTP/1.1" 404 121967 "https://kelartes.com.br/wp-login.php" "Mozilla/5.0 (Windows NT 10.0; Win64; x64) AppleWebKit/537.36 (KHTML, like Gecko) Chrome/131.0.0.0 Safari/537.36"
102.129.82.101 - - [21/Dec/2025:16:01:39 -0300] "GET /vaza-nao-nada-aqui HTTP/1.1" 404 121967 "https://kelartes.com.br/wp-login.php" "Mozilla/5.0 (Windows NT 10.0; Win64; x64; rv:133.0) Gecko/20100101 Firefox/133.0"
102.129.82.101 - - [21/Dec/2025:16:01:37 -0300] "GET /wp-login.php HTTP/1.1" 302 0 "-" "Mozilla/5.0 (Windows NT 10.0; Win64; x64; rv:133.0) Gecko/20100101 Firefox/133.0"
45.225.131.88 - - [21/Dec/2025:16:01:51 -0300] "GET /wp-login.php HTTP/1.1" 302 0 "http://kelartes.com.br/wp-login.php" "Mozilla/5.0 (Windows NT 10.0; Win64; x64; rv:133.0) Gecko/20100101 Firefox/133.0"
168.196.40.83 - - [21/Dec/2025:16:02:02 -0300] "GET /wp-login.php HTTP/1.1" 302 0 "http://kelartes.com.br/wp-login.php" "Mozilla/5.0 (Windows NT 10.0; Win64; x64; rv:133.0) Gecko/20100101 Firefox/133.0"
189.230.178.175 - - [21/Dec/2025:16:02:10 -0300] "GET /wp-login.php HTTP/1.1" 302 0 "http://kelartes.com.br/wp-login.php" "Mozilla/5.0 (Windows NT 10.0; Win64; x64) AppleWebKit/537.36 (KHTML, like Gecko) Chrome/114.0.0.0 Safari/537.36"
200.68.152.51 - - [21/Dec/2025:16:02:12 -0300] "GET /vaza-nao-nada-aqui HTTP/1.1" 404 97717 "https://kelartes.com.br/wp-login.php" "Mozilla/5.0 (Windows NT 10.0; Win64; x64) AppleWebKit/537.36 (KHTML, like Gecko) Chrome/131.0.0.0 Safari/537.36"
207.154.244.234 - - [21/Dec/2025:16:02:50 -0300] "POST / HTTP/1.1" 200 207597 "-" "Python/3.14 aiohttp/3.13.2"
187.33.241.49 - - [21/Dec/2025:16:05:03 -0300] "GET //wp-cron.php?doing_wp_cron HTTP/1.1" 200 0 "-" "Wget/1.19.5 (linux-gnu)"
68.218.109.167 - - [21/Dec/2025:16:07:08 -0300] "GET /wp-good.php HTTP/1.1" 401 36 "https://www.yahoo.com/" "Mozilla/5.0 (Linux; Android 12; SM-A525F) AppleWebKit/537.36 (KHTML, like Gecko) Chrome/117.0.0.0 Mobile Safari/537.36"
68.218.109.167 - - [21/Dec/2025:16:07:08 -0300] "GET /ioxi-o.php HTTP/1.1" 401 36 "https://www.bing.com/" "Mozilla/5.0 (iPhone; CPU iPhone OS 17_0_3 like Mac OS X) AppleWebKit/605.1.15 (KHTML, like Gecko) Version/17.0.1 Mobile/15E148 Safari/604.1"
68.218.109.167 - - [21/Dec/2025:16:07:09 -0300] "GET /file.php HTTP/1.1" 401 36 "https://www.bing.com/" "Mozilla/5.0 (Linux; Android 10; K) AppleWebKit/537.36 (KHTML, like Gecko) Chrome/117.0.0.0 Mobile Safari/537.36"
68.218.109.167 - - [21/Dec/2025:16:07:09 -0300] "GET /wp-admin/css/colors/blue HTTP/1.1" 401 36 "https://www.google.fr/" "Mozilla/5.0 (iPad; CPU OS 17_0_3 like Mac OS X) AppleWebKit/605.1.15 (KHTML, like Gecko) Version/17.0.1 Mobile/15E148 Safari/604.1"
68.218.109.167 - - [21/Dec/2025:16:07:10 -0300] "GET /wp-signin.php HTTP/1.1" 401 36 "https://www.google.de/" "Mozilla/5.0 (iPhone; CPU iPhone OS 17_1_1 like Mac OS X) AppleWebKit/605.1.15 (KHTML, like Gecko) Version/17.1 Mobile/15E148 Safari/604.1"
68.218.109.167 - - [21/Dec/2025:16:07:11 -0300] "GET /abcd.php HTTP/1.1" 401 36 "https://www.google.com/" "Mozilla/5.0 (iPhone; CPU iPhone OS 15_7_9 like Mac OS X) AppleWebKit/605.1.15 (KHTML, like Gecko) Version/15.6.5 Mobile/15E148 Safari/604.1"
68.218.109.167 - - [21/Dec/2025:16:07:11 -0300] "GET /wp-includes/block-bindings HTTP/1.1" 401 36 "https://www.google.com/" "Mozilla/5.0 (Linux; Android 10; K) AppleWebKit/537.36 (KHTML, like Gecko) Chrome/117.0.0.0 Mobile Safari/537.36"
68.218.109.167 - - [21/Dec/2025:16:07:12 -0300] "GET /about.php HTTP/1.1" 401 36 "https://www.yahoo.com/" "Mozilla/5.0 (Linux; Android 12; V2134) AppleWebKit/537.36 (KHTML, like Gecko) Chrome/116.0.0.0 Mobile Safari/537.36"
68.218.109.167 - - [21/Dec/2025:16:07:13 -0300] "GET /bless.php HTTP/1.1" 401 36 "https://www.google.co.uk/" "Mozilla/5.0 (iPhone; CPU iPhone OS 16_6_1 like Mac OS X) AppleWebKit/605.1.15 (KHTML, like Gecko) Version/16.6 Mobile/15E148 Safari/604.1"
68.218.109.167 - - [21/Dec/2025:16:07:13 -0300] "GET /images/install.php HTTP/1.1" 401 36 "https://www.google.co.uk/" "Mozilla/5.0 (Linux; Android 13; SM-S908E) AppleWebKit/537.36 (KHTML, like Gecko) Chrome/116.0.0.0 Mobile Safari/537.36"
68.218.109.167 - - [21/Dec/2025:16:07:14 -0300] "GET /num.php HTTP/1.1" 401 36 "https://www.google.co.uk/" "Mozilla/5.0 (Linux; Android 13; M2101K6G) AppleWebKit/537.36 (KHTML, like Gecko) Chrome/116.0.0.0 Mobile Safari/537.36"
68.218.109.167 - - [21/Dec/2025:16:07:15 -0300] "GET /txets.php HTTP/1.1" 401 36 "https://www.google.de/" "Mozilla/5.0 (Linux; Android 10; K) AppleWebKit/537.36 (KHTML, like Gecko) Chrome/117.0.0.0 Mobile Safari/537.36"
68.218.109.167 - - [21/Dec/2025:16:07:15 -0300] "GET /wp-blog.php HTTP/1.1" 401 36 "https://www.yahoo.com/" "Mozilla/5.0 (Linux; Android 10; K) AppleWebKit/537.36 (KHTML, like Gecko) Chrome/117.0.0.0 Mobile Safari/537.36"
68.218.109.167 - - [21/Dec/2025:16:07:16 -0300] "GET /wp-content/admin-header.php HTTP/1.1" 401 36 "https://www.yahoo.com/" "Mozilla/5.0 (Linux; Android 12; V2134) AppleWebKit/537.36 (KHTML, like Gecko) Chrome/116.0.0.0 Mobile Safari/537.36"
68.218.109.167 - - [21/Dec/2025:16:07:17 -0300] "GET /wp-content/themes/about.php HTTP/1.1" 401 36 "https://www.google.co.uk/" "Mozilla/5.0 (Linux; Android 10; LM-Q720) AppleWebKit/537.36 (KHTML, like Gecko) Chrome/116.0.0.0 Mobile Safari/537.36"
68.218.109.167 - - [21/Dec/2025:16:07:17 -0300] "GET /wp-includes/js/dist HTTP/1.1" 401 36 "https://www.google.co.uk/" "Mozilla/5.0 (iPhone; CPU iPhone OS 17_1 like Mac OS X) AppleWebKit/605.1.15 (KHTML, like Gecko) CriOS/119.0.6045.109 Mobile/15E148 Safari/604.1"
68.218.109.167 - - [21/Dec/2025:16:07:18 -0300] "GET /wp-includes/rest-api/fields HTTP/1.1" 401 36 "https://duckduckgo.com/" "Mozilla/5.0 (Linux; Android 11; CPH2251) AppleWebKit/537.36 (KHTML, like Gecko) Chrome/116.0.0.0 Mobile Safari/537.36"
68.218.109.167 - - [21/Dec/2025:16:07:19 -0300] "GET /wp.php HTTP/1.1" 401 36 "https://www.google.com/" "Mozilla/5.0 (Linux; Android 12; SM-A525F) AppleWebKit/537.36 (KHTML, like Gecko) Chrome/117.0.0.0 Mobile Safari/537.36"
68.218.109.167 - - [21/Dec/2025:16:07:19 -0300] "GET /admin.php HTTP/1.1" 401 36 "https://www.yahoo.com/" "Mozilla/5.0 (iPhone; CPU iPhone OS 17_0_3 like Mac OS X) AppleWebKit/605.1.15 (KHTML, like Gecko) Version/17.0.1 Mobile/15E148 Safari/604.1"
68.218.109.167 - - [21/Dec/2025:16:07:20 -0300] "GET /adminfuns.php HTTP/1.1" 401 36 "https://duckduckgo.com/" "Mozilla/5.0 (Linux; Android 14; Pixel 8 Pro) AppleWebKit/537.36 (KHTML, like Gecko) Chrome/119.0.0.0 Mobile Safari/537.36"
68.218.109.167 - - [21/Dec/2025:16:07:21 -0300] "GET /chosen.php HTTP/1.1" 401 36 "https://www.bing.com/" "Mozilla/5.0 (iPhone; CPU iPhone OS 16_0 like Mac OS X) AppleWebKit/605.1.15 (KHTML, like Gecko) FxiOS/118.0 Mobile/15E148 Safari/605.1.15"
68.218.109.167 - - [21/Dec/2025:16:07:21 -0300] "GET /classwithtostring.php HTTP/1.1" 401 36 "https://www.google.fr/" "Mozilla/5.g (Linux; Android 13; Pixel 7) AppleWebKit/537.36 (KHTML, like Gecko) Chrome/116.0.0.0 Mobile Safari/537.36"
68.218.109.167 - - [21/Dec/2025:16:07:22 -0300] "GET /edit.php HTTP/1.1" 401 36 "https://www.google.fr/" "Mozilla/5.0 (iPhone; CPU iPhone OS 17_1_1 like Mac OS X) AppleWebKit/605.1.15 (KHTML, like Gecko) Version/17.1 Mobile/15E148 Safari/604.1"
68.218.109.167 - - [21/Dec/2025:16:07:23 -0300] "GET /goods.php HTTP/1.1" 401 36 "https://www.google.co.uk/" "Mozilla/5.0 (iPad; CPU OS 17_0_3 like Mac OS X) AppleWebKit/605.1.15 (KHTML, like Gecko) Version/17.0.1 Mobile/15E148 Safari/604.1"
68.218.109.167 - - [21/Dec/2025:16:07:24 -0300] "GET /k.php HTTP/1.1" 401 36 "https://www.google.co.uk/" "Mozilla/5.0 (iPad; CPU OS 17_0_3 like Mac OS X) AppleWebKit/605.1.15 (KHTML, like Gecko) Version/17.0.1 Mobile/15E148 Safari/604.1"
68.218.109.167 - - [21/Dec/2025:16:07:25 -0300] "GET /mah/function.php HTTP/1.1" 401 36 "https://www.google.de/" "Mozilla/5.0 (iPhone; CPU iPhone OS 17_1_1 like Mac OS X) AppleWebKit/605.1.15 (KHTML, like Gecko) Version/17.1 Mobile/15E148 Safari/604.1"
68.218.109.167 - - [21/Dec/2025:16:07:26 -0300] "GET /wp-conflg/function.php HTTP/1.1" 401 36 "https://www.google.fr/" "Mozilla/5.0 (Linux; Android 11; CPH2251) AppleWebKit/537.36 (KHTML, like Gecko) Chrome/116.0.0.0 Mobile Safari/537.36"
68.218.109.167 - - [21/Dec/2025:16:07:26 -0300] "GET /wp-content/admin.php HTTP/1.1" 401 36 "https://www.google.co.uk/" "Mozilla/5.0 (Linux; Android 11; 21081111RG) AppleWebKit/537.36 (KHTML, like Gecko) Chrome/116.0.0.0 Mobile Safari/537.36"
68.218.109.167 - - [21/Dec/2025:16:07:27 -0300] "GET /wp-content/languages/index.php HTTP/1.1" 401 36 "https://www.google.co.uk/" "Mozilla/5.0 (Linux; Android 10; LM-Q720) AppleWebKit/537.36 (KHTML, like Gecko) Chrome/116.0.0.0 Mobile Safari/537.36"
68.218.109.167 - - [21/Dec/2025:16:07:28 -0300] "GET /wp-includes/PHPMailer/index.php HTTP/1.1" 401 36 "https://www.google.com/" "Mozilla/5.0 (iPad; CPU OS 16_7_2 like Mac OS X) AppleWebKit/605.1.15 (KHTML, like Gecko) Version/16.6 Mobile/15E148 Safari/604.1"
68.218.109.167 - - [21/Dec/2025:16:07:28 -0300] "GET /wp-includes/images HTTP/1.1" 401 36 "https://www.google.de/" "Mozilla/5.0 (Linux; Android 14; Pixel 8 Pro) AppleWebKit/537.36 (KHTML, like Gecko) Chrome/119.0.0.0 Mobile Safari/537.36"
68.218.109.167 - - [21/Dec/2025:16:07:29 -0300] "GET /wp-includes/images/index.php HTTP/1.1" 401 36 "https://www.yahoo.com/" "Mozilla/5.0 (iPhone; CPU iPhone OS 15_7_9 like Mac OS X) AppleWebKit/605.1.15 (KHTML, like Gecko) Version/15.6.5 Mobile/15E148 Safari/604.1"
68.218.109.167 - - [21/Dec/2025:16:07:30 -0300] "GET /wp-includes/js/dist/development HTTP/1.1" 401 36 "https://www.google.fr/" "Mozilla/5.0 (iPhone; CPU iPhone OS 16_6_1 like Mac OS X) AppleWebKit/605.1.15 (KHTML, like Gecko) Version/16.6 Mobile/15E148 Safari/604.1"
68.218.109.167 - - [21/Dec/2025:16:07:30 -0300] "GET /wp-user.php HTTP/1.1" 401 36 "https://www.google.com/" "Mozilla/5.0 (iPhone; CPU iPhone OS 17_0_3 like Mac OS X) AppleWebKit/605.1.15 (KHTML, like Gecko) Version/17.0.1 Mobile/15E148 Safari/604.1"
68.218.109.167 - - [21/Dec/2025:16:07:31 -0300] "GET /404.php HTTP/1.1" 401 36 "https://www.bing.com/" "Mozilla/5.0 (iPhone; CPU iPhone OS 17_1 like Mac OS X) AppleWebKit/605.1.15 (KHTML, like Gecko) CriOS/119.0.6045.109 Mobile/15E148 Safari/604.1"
68.218.109.167 - - [21/Dec/2025:16:07:32 -0300] "GET /akcc.php HTTP/1.1" 401 36 "https://www.bing.com/" "Mozilla/5.0 (Linux; Android 10; K) AppleWebKit/537.36 (KHTML, like Gecko) Chrome/117.0.0.0 Mobile Safari/537.36"
68.218.109.167 - - [21/Dec/2025:16:07:33 -0300] "GET /gg.php HTTP/1.1" 401 36 "https://www.google.co.uk/" "Mozilla/5.0 (Linux; Android 10; LM-Q720) AppleWebKit/537.36 (KHTML, like Gecko) Chrome/116.0.0.0 Mobile Safari/537.36"
68.218.109.167 - - [21/Dec/2025:16:07:33 -0300] "GET /mah.php HTTP/1.1" 401 36 "https://www.google.de/" "Mozilla/5.0 (iPad; CPU OS 16_7_2 like Mac OS X) AppleWebKit/605.1.15 (KHTML, like Gecko) Version/16.6 Mobile/15E148 Safari/604.1"
68.218.109.167 - - [21/Dec/2025:16:07:34 -0300] "GET /new.php HTTP/1.1" 401 36 "https://www.bing.com/" "Mozilla/5.0 (Linux; Android 12; SM-A525F) AppleWebKit/537.36 (KHTML, like Gecko) Chrome/117.0.0.0 Mobile Safari/537.36"
68.218.109.167 - - [21/Dec/2025:16:07:35 -0300] "GET /themes.php HTTP/1.1" 401 36 "https://www.google.co.uk/" "Mozilla/5.g (Linux; Android 13; Pixel 7) AppleWebKit/537.36 (KHTML, like Gecko) Chrome/116.0.0.0 Mobile Safari/537.36"
68.218.109.167 - - [21/Dec/2025:16:07:35 -0300] "GET /uploads/index.php HTTP/1.1" 401 36 "https://www.google.co.uk/" "Mozilla/5.0 (Linux; Android 13; M2101K6G) AppleWebKit/537.36 (KHTML, like Gecko) Chrome/116.0.0.0 Mobile Safari/537.36"
68.218.109.167 - - [21/Dec/2025:16:07:36 -0300] "GET /wp-admin HTTP/1.1" 401 36 "https://www.google.de/" "Mozilla/5.g (Linux; Android 13; Pixel 7) AppleWebKit/537.36 (KHTML, like Gecko) Chrome/116.0.0.0 Mobile Safari/537.36"
68.218.109.167 - - [21/Dec/2025:16:07:37 -0300] "GET /wp-admin/classwithtostring.php HTTP/1.1" 401 36 "https://www.google.co.uk/" "Mozilla/5.0 (Linux; Android 12; 2201116SG) AppleWebKit/537.36 (KHTML, like Gecko) Chrome/116.0.0.0 Mobile Safari/537.36"
68.218.109.167 - - [21/Dec/2025:16:07:37 -0300] "GET /wp-admin/css HTTP/1.1" 401 36 "https://www.bing.com/" "Mozilla/5.0 (iPhone; CPU iPhone OS 17_1_1 like Mac OS X) AppleWebKit/605.1.15 (KHTML, like Gecko) Version/17.1 Mobile/15E148 Safari/604.1"
68.218.109.167 - - [21/Dec/2025:16:07:38 -0300] "GET /wp-admin/css/about.php HTTP/1.1" 401 36 "https://duckduckgo.com/" "Mozilla/5.0 (Linux; Android 11; 21081111RG) AppleWebKit/537.36 (KHTML, like Gecko) Chrome/116.0.0.0 Mobile Safari/537.36"
68.218.109.167 - - [21/Dec/2025:16:07:39 -0300] "GET /wp-admin/includes/colour.php HTTP/1.1" 401 36 "https://www.google.fr/" "Mozilla/5.0 (iPhone; CPU iPhone OS 17_1_1 like Mac OS X) AppleWebKit/605.1.15 (KHTML, like Gecko) Version/17.1 Mobile/15E148 Safari/604.1"
68.218.109.167 - - [21/Dec/2025:16:07:40 -0300] "GET /wp-admin/js HTTP/1.1" 401 36 "https://www.google.fr/" "Mozilla/5.0 (Linux; Android 13; SM-G991U) AppleWebKit/537.36 (KHTML, like Gecko) Chrome/117.0.0.0 Mobile Safari/537.36"
68.218.109.167 - - [21/Dec/2025:16:07:41 -0300] "GET /wp-admin/js/autoload_classmap.php HTTP/1.1" 401 36 "https://www.bing.com/" "Mozilla/5.0 (Linux; Android 12; V2134) AppleWebKit/537.36 (KHTML, like Gecko) Chrome/116.0.0.0 Mobile Safari/537.36"
68.218.109.167 - - [21/Dec/2025:16:07:41 -0300] "GET /wp-admin/js/widgets HTTP/1.1" 401 36 "https://www.google.co.uk/" "Mozilla/5.0 (iPad; CPU OS 16_7_2 like Mac OS X) AppleWebKit/605.1.15 (KHTML, like Gecko) Version/16.6 Mobile/15E148 Safari/604.1"
68.218.109.167 - - [21/Dec/2025:16:07:42 -0300] "GET /wp-content/autoload_classmap.php HTTP/1.1" 401 36 "https://www.google.co.uk/" "Mozilla/5.0 (Linux; Android 12; V2134) AppleWebKit/537.36 (KHTML, like Gecko) Chrome/116.0.0.0 Mobile Safari/537.36"
68.218.109.167 - - [21/Dec/2025:16:07:43 -0300] "GET /wp-content/backups-dup-lite HTTP/1.1" 401 36 "https://www.google.fr/" "Mozilla/5.0 (iPhone; CPU iPhone OS 17_0_3 like Mac OS X) AppleWebKit/605.1.15 (KHTML, like Gecko) Version/17.0.1 Mobile/15E148 Safari/604.1"
68.218.109.167 - - [21/Dec/2025:16:07:43 -0300] "GET /wp-content/languages HTTP/1.1" 401 36 "https://www.yahoo.com/" "Mozilla/5.0 (Linux; Android 14; Pixel 8 Pro) AppleWebKit/537.36 (KHTML, like Gecko) Chrome/119.0.0.0 Mobile Safari/537.36"
68.218.109.167 - - [21/Dec/2025:16:07:44 -0300] "GET /wp-content/plugins/admin.php HTTP/1.1" 401 36 "https://www.google.fr/" "Mozilla/5.0 (Linux; Android 11; CPH2251) AppleWebKit/537.36 (KHTML, like Gecko) Chrome/116.0.0.0 Mobile Safari/537.36"
68.218.109.167 - - [21/Dec/2025:16:07:45 -0300] "GET /wp-content/themes/admin.php HTTP/1.1" 401 36 "https://www.google.com/" "Mozilla/5.0 (Linux; Android 13; M2101K6G) AppleWebKit/537.36 (KHTML, like Gecko) Chrome/116.0.0.0 Mobile Safari/537.36"
68.218.109.167 - - [21/Dec/2025:16:07:45 -0300] "GET /wp-content/uploads HTTP/1.1" 401 36 "https://www.google.co.uk/" "Mozilla/5.0 (Linux; Android 11; CPH2251) AppleWebKit/537.36 (KHTML, like Gecko) Chrome/116.0.0.0 Mobile Safari/537.36"
68.218.109.167 - - [21/Dec/2025:16:07:46 -0300] "GET /wp-content/uploads/2025 HTTP/1.1" 401 36 "https://www.google.com/" "Mozilla/5.g (Linux; Android 13; Pixel 7) AppleWebKit/537.36 (KHTML, like Gecko) Chrome/116.0.0.0 Mobile Safari/537.36"
68.218.109.167 - - [21/Dec/2025:16:07:47 -0300] "GET /wp-includes/IXR HTTP/1.1" 401 36 "https://www.google.co.uk/" "Mozilla/5.0 (Linux; Android 13; SM-S908E) AppleWebKit/537.36 (KHTML, like Gecko) Chrome/116.0.0.0 Mobile Safari/537.36"
68.218.109.167 - - [21/Dec/2025:16:07:51 -0300] "GET /wp-includes/IXR/index.php HTTP/1.1" 401 36 "https://www.google.de/" "Mozilla/5.0 (Linux; Android 13; SM-G991U) AppleWebKit/537.36 (KHTML, like Gecko) Chrome/117.0.0.0 Mobile Safari/537.36"
68.218.109.167 - - [21/Dec/2025:16:07:52 -0300] "GET /wp-includes/SimplePie/index.php HTTP/1.1" 401 36 "https://www.google.fr/" "Mozilla/5.0 (Linux; Android 13; SM-S908E) AppleWebKit/537.36 (KHTML, like Gecko) Chrome/116.0.0.0 Mobile Safari/537.36"
68.218.109.167 - - [21/Dec/2025:16:07:54 -0300] "GET /wp-includes/Text HTTP/1.1" 401 36 "https://www.google.de/" "Mozilla/5.0 (Linux; Android 12; SM-A525F) AppleWebKit/537.36 (KHTML, like Gecko) Chrome/117.0.0.0 Mobile Safari/537.36"
191.95.128.200 - - [21/Dec/2025:16:01:43 -0300] "GET /wp-login.php HTTP/1.1" 302 0 "http://kelartes.com.br/wp-login.php" "Mozilla/5.0 (Windows NT 10.0; Win64; x64; rv:133.0) Gecko/20100101 Firefox/133.0"
190.154.222.205 - - [21/Dec/2025:16:02:02 -0300] "GET /wp-login.php HTTP/1.1" 302 0 "-" "Mozilla/5.0 (Windows NT 10.0; Win64; x64) AppleWebKit/537.36 (KHTML, like Gecko) Chrome/114.0.0.0 Safari/537.36"
190.154.222.205 - - [21/Dec/2025:16:02:05 -0300] "GET /vaza-nao-nada-aqui HTTP/1.1" 404 121967 "https://kelartes.com.br/wp-login.php" "Mozilla/5.0 (Windows NT 10.0; Win64; x64) AppleWebKit/537.36 (KHTML, like Gecko) Chrome/114.0.0.0 Safari/537.36"
200.68.152.51 - - [21/Dec/2025:16:02:08 -0300] "GET /wp-login.php HTTP/1.1" 302 0 "-" "Mozilla/5.0 (Windows NT 10.0; Win64; x64) AppleWebKit/537.36 (KHTML, like Gecko) Chrome/131.0.0.0 Safari/537.36"
177.125.95.27 - - [21/Dec/2025:16:02:25 -0300] "GET /vaza-nao-nada-aqui HTTP/1.1" 404 121967 "https://kelartes.com.br/wp-login.php" "Mozilla/5.0 (Windows NT 10.0; Win64; x64; rv:133.0) Gecko/20100101 Firefox/133.0"
102.141.40.88 - - [21/Dec/2025:16:02:30 -0300] "GET /wp-login.php HTTP/1.1" 302 0 "-" "Mozilla/5.0 (Windows NT 10.0; Win64; x64; rv:133.0) Gecko/20100101 Firefox/133.0"
189.29.147.76 - - [21/Dec/2025:16:02:47 -0300] "GET /wp-login.php HTTP/1.1" 302 0 "http://kelartes.com.br/wp-login.php" "Mozilla/5.0 (Windows NT 10.0; Win64; x64) AppleWebKit/537.36 (KHTML, like Gecko) Chrome/131.0.0.0 Safari/537.36"
187.33.241.49 - - [21/Dec/2025:16:02:52 -0300] "POST /wp-cron.php?doing_wp_cron=1766343772.4163460731506347656250 HTTP/1.1" 200 0 "-" "WordPress/6.9; https://kelartes.com.br"
