176.31.139.14 - - [21/Dec/2025:16:04:31 -0300] "GET /feed/ HTTP/2" 304 0 "-" "Mozilla/5.0 (compatible; AhrefsBot/7.0; +http://ahrefs.com/robot/)"
2a14:7c1::2 - - [21/Dec/2025:16:09:37 -0300] "GET / HTTP/2" 200 12574 "-" "Mozilla/5.0 (Windows NT 10.0; Win64; x64) AppleWebKit/537.36 (KHTML, like Gecko) Chrome/134.0.0.0 Safari/537.3"
177.125.95.27 - - [21/Dec/2025:16:02:23 -0300] "GET /wp-login.php HTTP/1.1" 302 0 "http://kelartes.com.br/wp-login.php" "Mozilla/5.0 (Windows NT 10.0; Win64; x64; rv:133.0) Gecko/20100101 Firefox/133.0"
187.33.241.49 - - [21/Dec/2025:16:04:33 -0300] "POST /wp-cron.php?doing_wp_cron=1766343873.3761119842529296875000 HTTP/1.1" 200 0 "-" "WordPress/6.9; https://kelartes.com.br"
114.119.158.251 - - [21/Dec/2025:16:06:30 -0300] "GET /robots.txt HTTP/1.1" 200 319 "-" "Mozilla/5.0 (compatible;PetalBot;+https://webmaster.petalsearch.com/site/petalbot)"
68.218.109.167 - - [21/Dec/2025:16:07:55 -0300] "GET /wp-includes/Text/Diff/Engine HTTP/1.1" 401 36 "https://www.yahoo.com/" "Mozilla/5.0 (Linux; Android 10; LM-Q720) AppleWebKit/537.36 (KHTML, like Gecko) Chrome/116.0.0.0 Mobile Safari/537.36"
68.218.109.167 - - [21/Dec/2025:16:07:56 -0300] "GET /wp-includes/block-bindings/index.php HTTP/1.1" 401 36 "https://www.bing.com/" "Mozilla/5.0 (Linux; Android 13; SM-S908E) AppleWebKit/537.36 (KHTML, like Gecko) Chrome/116.0.0.0 Mobile Safari/537.36"
68.218.109.167 - - [21/Dec/2025:16:07:56 -0300] "GET /wp-includes/block-supports HTTP/1.1" 401 36 "https://www.yahoo.com/" "Mozilla/5.0 (iPhone; CPU iPhone OS 16_6_1 like Mac OS X) AppleWebKit/605.1.15 (KHTML, like Gecko) Version/16.6 Mobile/15E148 Safari/604.1"
68.218.109.167 - - [21/Dec/2025:16:07:57 -0300] "GET /wp-includes/blocks/code HTTP/1.1" 401 36 "https://www.yahoo.com/" "Mozilla/5.0 (Linux; Android 12; 2201116SG) AppleWebKit/537.36 (KHTML, like Gecko) Chrome/116.0.0.0 Mobile Safari/537.36"
68.218.109.167 - - [21/Dec/2025:16:07:58 -0300] "GET /wp-includes/customize/chosen.php HTTP/1.1" 401 36 "https://www.google.co.uk/" "Mozilla/5.0 (iPhone; CPU iPhone OS 17_1 like Mac OS X) AppleWebKit/605.1.15 (KHTML, like Gecko) CriOS/119.0.6045.109 Mobile/15E148 Safari/604.1"
68.218.109.167 - - [21/Dec/2025:16:07:58 -0300] "GET /wp-includes/html-api/index.php HTTP/1.1" 401 36 "https://www.bing.com/" "Mozilla/5.0 (Linux; Android 13; SM-S908E) AppleWebKit/537.36 (KHTML, like Gecko) Chrome/116.0.0.0 Mobile Safari/537.36"
68.218.109.167 - - [21/Dec/2025:16:07:59 -0300] "GET /wp-includes/index.php HTTP/1.1" 401 36 "https://www.google.de/" "Mozilla/5.0 (Linux; Android 12; 2201116SG) AppleWebKit/537.36 (KHTML, like Gecko) Chrome/116.0.0.0 Mobile Safari/537.36"
68.218.109.167 - - [21/Dec/2025:16:07:59 -0300] "GET /wp-includes/js/dist/development/index.php HTTP/1.1" 401 36 "https://www.google.com/" "Mozilla/5.0 (Linux; Android 12; V2134) AppleWebKit/537.36 (KHTML, like Gecko) Chrome/116.0.0.0 Mobile Safari/537.36"
68.218.109.167 - - [21/Dec/2025:16:08:00 -0300] "GET /wp-includes/pomo/index.php HTTP/1.1" 401 36 "https://www.google.fr/" "Mozilla/5.0 (Linux; Android 10; LM-Q720) AppleWebKit/537.36 (KHTML, like Gecko) Chrome/116.0.0.0 Mobile Safari/537.36"
68.218.109.167 - - [21/Dec/2025:16:08:01 -0300] "GET /wp-includes/rest-api HTTP/1.1" 401 36 "https://www.google.co.uk/" "Mozilla/5.0 (Linux; Android 11; CPH2251) AppleWebKit/537.36 (KHTML, like Gecko) Chrome/116.0.0.0 Mobile Safari/537.36"
68.218.109.167 - - [21/Dec/2025:16:08:02 -0300] "GET /wp-includes/sitemaps/autoload_classmap.php HTTP/1.1" 401 36 "https://www.google.fr/" "Mozilla/5.0 (iPhone; CPU iPhone OS 16_0 like Mac OS X) AppleWebKit/605.1.15 (KHTML, like Gecko) FxiOS/118.0 Mobile/15E148 Safari/605.1.15"
68.218.109.167 - - [21/Dec/2025:16:08:02 -0300] "GET /wp-includes/theme-compat HTTP/1.1" 401 36 "https://www.google.de/" "Mozilla/5.0 (Linux; Android 11; CPH2251) AppleWebKit/537.36 (KHTML, like Gecko) Chrome/116.0.0.0 Mobile Safari/537.36"
187.33.241.49 - - [21/Dec/2025:16:10:03 -0300] "GET //wp-cron.php?doing_wp_cron HTTP/1.1" 200 0 "-" "Wget/1.19.5 (linux-gnu)"
187.33.241.49 - - [21/Dec/2025:16:31:26 -0300] "POST /wp-cron.php?doing_wp_cron=1766345485.9898090362548828125000 HTTP/1.1" 200 0 "-" "WordPress/6.9; https://kelartes.com.br"
187.33.241.49 - - [21/Dec/2025:16:20:03 -0300] "GET //wp-cron.php?doing_wp_cron HTTP/1.1" 200 0 "-" "Wget/1.19.5 (linux-gnu)"
187.33.241.49 - - [21/Dec/2025:16:30:03 -0300] "GET //wp-cron.php?doing_wp_cron HTTP/1.1" 200 0 "-" "Wget/1.19.5 (linux-gnu)"
170.106.143.6 - - [21/Dec/2025:16:31:27 -0300] "GET / HTTP/1.1" 200 41305 "https://www.kelartes.com.br/" "Mozilla/5.0 (iPhone; CPU iPhone OS 13_2_3 like Mac OS X) AppleWebKit/605.1.15 (KHTML, like Gecko) Version/13.0.3 Mobile/15E148 Safari/604.1"
187.33.241.49 - - [21/Dec/2025:16:35:05 -0300] "GET //wp-cron.php?doing_wp_cron HTTP/1.1" 200 0 "-" "Wget/1.19.5 (linux-gnu)"
187.33.241.49 - - [21/Dec/2025:16:40:04 -0300] "GET //wp-cron.php?doing_wp_cron HTTP/1.1" 200 0 "-" "Wget/1.19.5 (linux-gnu)"
187.33.241.49 - - [21/Dec/2025:16:15:04 -0300] "GET //wp-cron.php?doing_wp_cron HTTP/1.1" 200 0 "-" "Wget/1.19.5 (linux-gnu)"
187.33.241.49 - - [21/Dec/2025:16:25:05 -0300] "GET //wp-cron.php?doing_wp_cron HTTP/1.1" 200 0 "-" "Wget/1.19.5 (linux-gnu)"
170.106.143.6 - - [21/Dec/2025:16:31:23 -0300] "GET / HTTP/1.1" 301 244 "http://www.kelartes.com.br" "Mozilla/5.0 (iPhone; CPU iPhone OS 13_2_3 like Mac OS X) AppleWebKit/605.1.15 (KHTML, like Gecko) Version/13.0.3 Mobile/15E148 Safari/604.1"
69.163.182.169 - - [21/Dec/2025:16:53:43 -0300] "POST /xmlrpc.php HTTP/1.1" 403 1242 "-" "Mozilla/5.0 (Windows NT 10.0; Win64; x64) AppleWebKit/537.36 (KHTML, like Gecko) Chrome/85.0.4183.102 Safari/537.36"
220.158.232.162 - - [21/Dec/2025:16:54:45 -0300] "POST /xmlrpc.php HTTP/1.1" 403 1242 "-" "Mozilla/5.0 (Windows NT 10.0; Win64; x64; rv:62.0) Gecko/20100101 Firefox/62.0"
220.158.232.162 - - [21/Dec/2025:16:54:50 -0300] "POST /xmlrpc.php HTTP/1.1" 403 1242 "-" "Mozilla/5.0 (Windows NT 10.0; Win64; x64; rv:62.0) Gecko/20100101 Firefox/62.0"
187.1.137.116 - - [21/Dec/2025:16:55:02 -0300] "POST /xmlrpc.php HTTP/1.1" 403 1242 "-" "Mozilla/5.0 (Windows NT 10.0; Win64; x64) AppleWebKit/537.36 (KHTML, like Gecko) Chrome/67.0.3396.99 Safari/537.36"
187.33.241.49 - - [21/Dec/2025:16:55:03 -0300] "GET //wp-cron.php?doing_wp_cron HTTP/1.1" 200 0 "-" "Wget/1.19.5 (linux-gnu)"
187.33.241.49 - - [21/Dec/2025:16:50:04 -0300] "GET //wp-cron.php?doing_wp_cron HTTP/1.1" 200 0 "-" "Wget/1.19.5 (linux-gnu)"
69.163.182.169 - - [21/Dec/2025:16:53:44 -0300] "POST /xmlrpc.php HTTP/1.1" 403 1242 "-" "Mozilla/5.0 (Windows NT 10.0; Win64; x64) AppleWebKit/537.36 (KHTML, like Gecko) Chrome/85.0.4183.102 Safari/537.36"
46.4.97.92 - - [21/Dec/2025:16:54:04 -0300] "POST /xmlrpc.php HTTP/1.1" 403 1242 "-" "Mozilla/5.0 (Windows NT 6.1; Win64; x64) AppleWebKit/537.36 (KHTML, like Gecko) Chrome/74.0.3729.169 Safari/537.36"
193.202.110.20 - - [21/Dec/2025:16:54:20 -0300] "POST /xmlrpc.php HTTP/1.1" 403 1242 "-" "Mozilla/5.0 (Windows NT 10.0; Win64; x64; rv:60.0) Gecko/20100101 Firefox/60.0"
176.31.139.2 - - [21/Dec/2025:16:54:29 -0300] "GET /sitemap_index.xml HTTP/2" 200 455 "-" "Mozilla/5.0 (compatible; AhrefsBot/7.0; +http://ahrefs.com/robot/)"
220.158.232.162 - - [21/Dec/2025:16:54:48 -0300] "POST /xmlrpc.php HTTP/1.1" 403 1242 "-" "Mozilla/5.0 (Windows NT 10.0; Win64; x64; rv:62.0) Gecko/20100101 Firefox/62.0"
187.1.137.116 - - [21/Dec/2025:16:55:02 -0300] "POST /xmlrpc.php HTTP/1.1" 403 1242 "-" "Mozilla/5.0 (Windows NT 10.0; Win64; x64) AppleWebKit/537.36 (KHTML, like Gecko) Chrome/67.0.3396.99 Safari/537.36"
187.1.137.116 - - [21/Dec/2025:16:55:02 -0300] "POST /xmlrpc.php HTTP/1.1" 403 1242 "-" "Mozilla/5.0 (Windows NT 10.0; Win64; x64) AppleWebKit/537.36 (KHTML, like Gecko) Chrome/67.0.3396.99 Safari/537.36"
187.33.241.49 - - [21/Dec/2025:16:45:04 -0300] "GET //wp-cron.php?doing_wp_cron HTTP/1.1" 200 0 "-" "Wget/1.19.5 (linux-gnu)"
154.38.190.94 - - [21/Dec/2025:16:49:24 -0300] "GET / HTTP/1.1" 200 197247 "-" "Mozilla/5.0 (Macintosh; Intel Mac OS X 10_15_7) AppleWebKit/537.36 (KHTML, like Gecko) Chrome/93.0.4577.0 Safari/537.36"
69.163.182.169 - - [21/Dec/2025:16:53:42 -0300] "POST /xmlrpc.php HTTP/1.1" 403 1242 "-" "Mozilla/5.0 (Windows NT 10.0; Win64; x64) AppleWebKit/537.36 (KHTML, like Gecko) Chrome/85.0.4183.102 Safari/537.36"
46.4.97.92 - - [21/Dec/2025:16:54:06 -0300] "POST /xmlrpc.php HTTP/1.1" 403 1242 "-" "Mozilla/5.0 (Windows NT 6.1; Win64; x64) AppleWebKit/537.36 (KHTML, like Gecko) Chrome/74.0.3729.169 Safari/537.36"
46.4.97.92 - - [21/Dec/2025:16:54:07 -0300] "POST /xmlrpc.php HTTP/1.1" 403 1242 "-" "Mozilla/5.0 (Windows NT 6.1; Win64; x64) AppleWebKit/537.36 (KHTML, like Gecko) Chrome/74.0.3729.169 Safari/537.36"
193.202.110.20 - - [21/Dec/2025:16:54:21 -0300] "POST /xmlrpc.php HTTP/1.1" 403 1242 "-" "Mozilla/5.0 (Windows NT 10.0; Win64; x64; rv:60.0) Gecko/20100101 Firefox/60.0"
193.202.110.20 - - [21/Dec/2025:16:54:22 -0300] "POST /xmlrpc.php HTTP/1.1" 403 1242 "-" "Mozilla/5.0 (Windows NT 10.0; Win64; x64; rv:60.0) Gecko/20100101 Firefox/60.0"
187.33.241.49 - - [21/Dec/2025:16:54:31 -0300] "POST /wp-cron.php?doing_wp_cron=1766346871.1612889766693115234375 HTTP/1.1" 200 0 "-" "WordPress/6.9; https://kelartes.com.br"
187.33.241.49 - - [21/Dec/2025:17:11:23 -0300] "GET //wp-cron.php?doing_wp_cron HTTP/1.1" 200 0 "-" "Wget/1.19.5 (linux-gnu)"
187.33.241.49 - - [21/Dec/2025:17:05:03 -0300] "GET //wp-cron.php?doing_wp_cron HTTP/1.1" 200 0 "-" "Wget/1.19.5 (linux-gnu)"
187.33.241.49 - - [21/Dec/2025:17:00:04 -0300] "GET //wp-cron.php?doing_wp_cron HTTP/1.1" 200 0 "-" "Wget/1.19.5 (linux-gnu)"
187.33.241.49 - - [21/Dec/2025:17:15:03 -0300] "GET //wp-cron.php?doing_wp_cron HTTP/1.1" 200 0 "-" "Wget/1.19.5 (linux-gnu)"
187.33.241.49 - - [21/Dec/2025:17:30:03 -0300] "GET //wp-cron.php?doing_wp_cron HTTP/1.1" 200 0 "-" "Wget/1.19.5 (linux-gnu)"
52.167.144.162 - - [21/Dec/2025:17:39:18 -0300] "GET /scripts-de-atendimento-personalizados-para-instituicoes-de-ensino/ HTTP/2" 200 40068 "-" "Mozilla/5.0 AppleWebKit/537.36 (KHTML, like Gecko; compatible; bingbot/2.0; +http://www.bing.com/bingbot.htm) Chrome/116.0.1938.76 Safari/537.36"
154.38.191.87 - - [21/Dec/2025:17:51:11 -0300] "GET / HTTP/1.1" 200 197247 "-" "Mozilla/5.0 (Macintosh; Intel Mac OS X 10_15_7) AppleWebKit/537.36 (KHTML, like Gecko) Chrome/93.0.4577.0 Safari/537.36"
187.33.241.49 - - [21/Dec/2025:18:15:03 -0300] "GET //wp-cron.php?doing_wp_cron HTTP/1.1" 200 0 "-" "Wget/1.19.5 (linux-gnu)"
187.33.241.49 - - [21/Dec/2025:17:25:03 -0300] "GET //wp-cron.php?doing_wp_cron HTTP/1.1" 200 0 "-" "Wget/1.19.5 (linux-gnu)"
187.33.241.49 - - [21/Dec/2025:17:39:26 -0300] "POST /wp-cron.php?doing_wp_cron=1766349566.2924520969390869140625 HTTP/1.1" 200 0 "-" "WordPress/6.9; https://kelartes.com.br"
20.169.77.232 - - [21/Dec/2025:17:45:23 -0300] "GET / HTTP/1.1" 200 38668 "-" "Python/3.9 aiohttp/3.10.6"
187.33.241.49 - - [21/Dec/2025:17:55:06 -0300] "GET //wp-cron.php?doing_wp_cron HTTP/1.1" 200 0 "-" "Wget/1.19.5 (linux-gnu)"
187.33.241.49 - - [21/Dec/2025:17:20:03 -0300] "GET //wp-cron.php?doing_wp_cron HTTP/1.1" 200 0 "-" "Wget/1.19.5 (linux-gnu)"
187.33.241.49 - - [21/Dec/2025:17:35:02 -0300] "GET //wp-cron.php?doing_wp_cron HTTP/1.1" 200 0 "-" "Wget/1.19.5 (linux-gnu)"
187.33.241.49 - - [21/Dec/2025:17:40:03 -0300] "GET //wp-cron.php?doing_wp_cron HTTP/1.1" 200 0 "-" "Wget/1.19.5 (linux-gnu)"
187.33.241.49 - - [21/Dec/2025:17:45:04 -0300] "GET //wp-cron.php?doing_wp_cron HTTP/1.1" 200 0 "-" "Wget/1.19.5 (linux-gnu)"
187.33.241.49 - - [21/Dec/2025:17:50:03 -0300] "GET //wp-cron.php?doing_wp_cron HTTP/1.1" 200 0 "-" "Wget/1.19.5 (linux-gnu)"
187.33.241.49 - - [21/Dec/2025:18:00:08 -0300] "GET //wp-cron.php?doing_wp_cron HTTP/1.1" 200 0 "-" "Wget/1.19.5 (linux-gnu)"
187.33.241.49 - - [21/Dec/2025:18:05:09 -0300] "GET //wp-cron.php?doing_wp_cron HTTP/1.1" 200 0 "-" "Wget/1.19.5 (linux-gnu)"
5.161.86.62 - - [21/Dec/2025:18:09:47 -0300] "GET / HTTP/1.1" 200 197247 "-" "Mozilla/5.0 (Macintosh; Intel Mac OS X 10_15_7) AppleWebKit/537.36 (KHTML, like Gecko) Chrome/93.0.4577.0 Safari/537.36"
187.33.241.49 - - [21/Dec/2025:18:10:03 -0300] "GET //wp-cron.php?doing_wp_cron HTTP/1.1" 200 0 "-" "Wget/1.19.5 (linux-gnu)"
20.78.176.13 - - [21/Dec/2025:18:26:08 -0300] "GET /wp-good.php HTTP/1.1" 404 122799 "https://www.google.fr/" "Mozilla/5.0 (Linux; Android 13; SM-G991U) AppleWebKit/537.36 (KHTML, like Gecko) Chrome/117.0.0.0 Mobile Safari/537.36"
20.78.176.13 - - [21/Dec/2025:18:26:10 -0300] "GET /ioxi-o.php HTTP/1.1" 404 122788 "https://www.bing.com/" "Mozilla/5.0 (Linux; Android 10; K) AppleWebKit/537.36 (KHTML, like Gecko) Chrome/117.0.0.0 Mobile Safari/537.36"
20.78.176.13 - - [21/Dec/2025:18:26:12 -0300] "GET /file.php HTTP/1.1" 404 122762 "https://www.google.fr/" "Mozilla/5.0 (Linux; Android 11; CPH2251) AppleWebKit/537.36 (KHTML, like Gecko) Chrome/116.0.0.0 Mobile Safari/537.36"
20.78.176.13 - - [21/Dec/2025:18:26:13 -0300] "GET /wp-admin/css/colors/blue HTTP/1.1" 301 795 "https://duckduckgo.com/" "Mozilla/5.0 (iPad; CPU OS 17_0_3 like Mac OS X) AppleWebKit/605.1.15 (KHTML, like Gecko) Version/17.0.1 Mobile/15E148 Safari/604.1"
20.78.176.13 - - [21/Dec/2025:18:26:13 -0300] "GET /wp-admin/css/colors/blue/ HTTP/1.1" 403 1242 "https://duckduckgo.com/" "Mozilla/5.0 (iPad; CPU OS 17_0_3 like Mac OS X) AppleWebKit/605.1.15 (KHTML, like Gecko) Version/17.0.1 Mobile/15E148 Safari/604.1"
20.78.176.13 - - [21/Dec/2025:18:26:14 -0300] "GET /wp-signin.php HTTP/1.1" 404 122825 "https://www.google.de/" "Mozilla/5.0 (Linux; Android 11; CPH2251) AppleWebKit/537.36 (KHTML, like Gecko) Chrome/116.0.0.0 Mobile Safari/537.36"
20.78.176.13 - - [21/Dec/2025:18:26:15 -0300] "GET /abcd.php HTTP/1.1" 404 122762 "https://duckduckgo.com/" "Mozilla/5.0 (Linux; Android 12; SM-A525F) AppleWebKit/537.36 (KHTML, like Gecko) Chrome/117.0.0.0 Mobile Safari/537.36"
20.78.176.13 - - [21/Dec/2025:18:26:16 -0300] "GET /wp-includes/block-bindings HTTP/1.1" 301 795 "https://www.bing.com/" "Mozilla/5.0 (iPhone; CPU iPhone OS 17_1 like Mac OS X) AppleWebKit/605.1.15 (KHTML, like Gecko) CriOS/119.0.6045.109 Mobile/15E148 Safari/604.1"
20.78.176.13 - - [21/Dec/2025:18:26:17 -0300] "GET /wp-includes/block-bindings/ HTTP/1.1" 403 1242 "https://www.bing.com/" "Mozilla/5.0 (iPhone; CPU iPhone OS 17_1 like Mac OS X) AppleWebKit/605.1.15 (KHTML, like Gecko) CriOS/119.0.6045.109 Mobile/15E148 Safari/604.1"
20.78.176.13 - - [21/Dec/2025:18:26:17 -0300] "GET /about.php HTTP/1.1" 404 122777 "https://www.google.com/" "Mozilla/5.0 (iPhone; CPU iPhone OS 17_1 like Mac OS X) AppleWebKit/605.1.15 (KHTML, like Gecko) CriOS/119.0.6045.109 Mobile/15E148 Safari/604.1"
20.78.176.13 - - [21/Dec/2025:18:26:19 -0300] "GET /bless.php HTTP/1.1" 404 122777 "https://www.yahoo.com/" "Mozilla/5.0 (iPhone; CPU iPhone OS 16_0 like Mac OS X) AppleWebKit/605.1.15 (KHTML, like Gecko) FxiOS/118.0 Mobile/15E148 Safari/605.1.15"
20.78.176.13 - - [21/Dec/2025:18:26:20 -0300] "GET /images/install.php HTTP/1.1" 404 122888 "https://www.google.co.uk/" "Mozilla/5.0 (iPhone; CPU iPhone OS 16_6_1 like Mac OS X) AppleWebKit/605.1.15 (KHTML, like Gecko) Version/16.6 Mobile/15E148 Safari/604.1"
20.78.176.13 - - [21/Dec/2025:18:26:21 -0300] "GET /num.php HTTP/1.1" 404 122751 "https://www.google.fr/" "Mozilla/5.0 (Linux; Android 12; 2201116SG) AppleWebKit/537.36 (KHTML, like Gecko) Chrome/116.0.0.0 Mobile Safari/537.36"
20.78.176.13 - - [21/Dec/2025:18:26:22 -0300] "GET /txets.php HTTP/1.1" 404 122777 "https://www.google.de/" "Mozilla/5.0 (iPhone; CPU iPhone OS 17_0_3 like Mac OS X) AppleWebKit/605.1.15 (KHTML, like Gecko) Version/17.0.1 Mobile/15E148 Safari/604.1"
20.78.176.13 - - [21/Dec/2025:18:26:23 -0300] "GET /wp-blog.php HTTP/1.1" 404 122799 "https://www.google.co.uk/" "Mozilla/5.0 (Linux; Android 12; 2201116SG) AppleWebKit/537.36 (KHTML, like Gecko) Chrome/116.0.0.0 Mobile Safari/537.36"
20.78.176.13 - - [21/Dec/2025:18:26:24 -0300] "GET /wp-content/admin-header.php HTTP/1.1" 404 122999 "https://www.google.fr/" "Mozilla/5.0 (Linux; Android 12; V2134) AppleWebKit/537.36 (KHTML, like Gecko) Chrome/116.0.0.0 Mobile Safari/537.36"
20.78.176.13 - - [21/Dec/2025:18:26:26 -0300] "GET /wp-content/themes/about.php HTTP/1.1" 403 1242 "https://www.google.com/" "Mozilla/5.0 (iPhone; CPU iPhone OS 17_0_3 like Mac OS X) AppleWebKit/605.1.15 (KHTML, like Gecko) Version/17.0.1 Mobile/15E148 Safari/604.1"
20.78.176.13 - - [21/Dec/2025:18:26:26 -0300] "GET /wp-includes/js/dist HTTP/1.1" 301 795 "https://www.bing.com/" "Mozilla/5.0 (Linux; Android 14; Pixel 8 Pro) AppleWebKit/537.36 (KHTML, like Gecko) Chrome/119.0.0.0 Mobile Safari/537.36"
20.78.176.13 - - [21/Dec/2025:18:26:27 -0300] "GET /wp-includes/js/dist/ HTTP/1.1" 403 1242 "https://www.bing.com/" "Mozilla/5.0 (Linux; Android 14; Pixel 8 Pro) AppleWebKit/537.36 (KHTML, like Gecko) Chrome/119.0.0.0 Mobile Safari/537.36"
20.78.176.13 - - [21/Dec/2025:18:26:27 -0300] "GET /wp-includes/rest-api/fields HTTP/1.1" 301 795 "https://www.google.com/" "Mozilla/5.0 (Linux; Android 12; SM-A525F) AppleWebKit/537.36 (KHTML, like Gecko) Chrome/117.0.0.0 Mobile Safari/537.36"
20.78.176.13 - - [21/Dec/2025:18:26:27 -0300] "GET /wp-includes/rest-api/fields/ HTTP/1.1" 403 1242 "https://www.google.com/" "Mozilla/5.0 (Linux; Android 12; SM-A525F) AppleWebKit/537.36 (KHTML, like Gecko) Chrome/117.0.0.0 Mobile Safari/537.36"
20.78.176.13 - - [21/Dec/2025:18:26:28 -0300] "GET /wp.php HTTP/1.1" 404 122740 "https://www.google.com/" "Mozilla/5.0 (iPad; CPU OS 17_0_3 like Mac OS X) AppleWebKit/605.1.15 (KHTML, like Gecko) Version/17.0.1 Mobile/15E148 Safari/604.1"
20.78.176.13 - - [21/Dec/2025:18:26:30 -0300] "GET /admin.php HTTP/1.1" 404 122777 "https://www.yahoo.com/" "Mozilla/5.0 (iPhone; CPU iPhone OS 16_6_1 like Mac OS X) AppleWebKit/605.1.15 (KHTML, like Gecko) Version/16.6 Mobile/15E148 Safari/604.1"
20.78.176.13 - - [21/Dec/2025:18:26:31 -0300] "GET /adminfuns.php HTTP/1.1" 404 122825 "https://www.bing.com/" "Mozilla/5.0 (Linux; Android 13; SM-S908E) AppleWebKit/537.36 (KHTML, like Gecko) Chrome/116.0.0.0 Mobile Safari/537.36"
20.78.176.13 - - [21/Dec/2025:18:26:32 -0300] "GET /chosen.php HTTP/1.1" 404 122788 "https://www.yahoo.com/" "Mozilla/5.0 (iPad; CPU OS 17_0_3 like Mac OS X) AppleWebKit/605.1.15 (KHTML, like Gecko) Version/17.0.1 Mobile/15E148 Safari/604.1"
20.78.176.13 - - [21/Dec/2025:18:26:33 -0300] "GET /classwithtostring.php HTTP/1.1" 404 122925 "https://www.yahoo.com/" "Mozilla/5.0 (Linux; Android 12; V2134) AppleWebKit/537.36 (KHTML, like Gecko) Chrome/116.0.0.0 Mobile Safari/537.36"
20.78.176.13 - - [21/Dec/2025:18:26:35 -0300] "GET /edit.php HTTP/1.1" 404 122762 "https://www.google.de/" "Mozilla/5.0 (Linux; Android 14; Pixel 8 Pro) AppleWebKit/537.36 (KHTML, like Gecko) Chrome/119.0.0.0 Mobile Safari/537.36"
20.78.176.13 - - [21/Dec/2025:18:26:36 -0300] "GET /goods.php HTTP/1.1" 404 122777 "https://www.yahoo.com/" "Mozilla/5.0 (Linux; Android 14; Pixel 8 Pro) AppleWebKit/537.36 (KHTML, like Gecko) Chrome/119.0.0.0 Mobile Safari/537.36"
20.78.176.13 - - [21/Dec/2025:18:26:37 -0300] "GET /k.php HTTP/1.1" 404 122725 "https://www.google.com/" "Mozilla/5.0 (iPhone; CPU iPhone OS 17_1_1 like Mac OS X) AppleWebKit/605.1.15 (KHTML, like Gecko) Version/17.1 Mobile/15E148 Safari/604.1"
20.78.176.13 - - [21/Dec/2025:18:26:38 -0300] "GET /mah/function.php HTTP/1.1" 404 122866 "https://www.google.co.uk/" "Mozilla/5.0 (iPhone; CPU iPhone OS 17_1_1 like Mac OS X) AppleWebKit/605.1.15 (KHTML, like Gecko) Version/17.1 Mobile/15E148 Safari/604.1"
20.78.176.13 - - [21/Dec/2025:18:26:39 -0300] "GET /wp-conflg/function.php HTTP/1.1" 404 122940 "https://www.google.de/" "Mozilla/5.0 (iPhone; CPU iPhone OS 17_1_1 like Mac OS X) AppleWebKit/605.1.15 (KHTML, like Gecko) Version/17.1 Mobile/15E148 Safari/604.1"
20.78.176.13 - - [21/Dec/2025:18:26:40 -0300] "GET /wp-content/admin.php HTTP/1.1" 404 122914 "https://www.google.de/" "Mozilla/5.0 (iPhone; CPU iPhone OS 16_0 like Mac OS X) AppleWebKit/605.1.15 (KHTML, like Gecko) FxiOS/118.0 Mobile/15E148 Safari/605.1.15"
20.78.176.13 - - [21/Dec/2025:18:26:42 -0300] "GET /wp-content/languages/index.php HTTP/1.1" 301 663 "https://www.bing.com/" "Mozilla/5.0 (Linux; Android 13; M2101K6G) AppleWebKit/537.36 (KHTML, like Gecko) Chrome/116.0.0.0 Mobile Safari/537.36"
20.78.176.13 - - [21/Dec/2025:18:26:42 -0300] "GET /wp-content/languages/ HTTP/1.1" 403 1242 "https://www.bing.com/" "Mozilla/5.0 (Linux; Android 13; M2101K6G) AppleWebKit/537.36 (KHTML, like Gecko) Chrome/116.0.0.0 Mobile Safari/537.36"
20.78.176.13 - - [21/Dec/2025:18:26:43 -0300] "GET /wp-includes/PHPMailer/index.php HTTP/1.1" 301 663 "https://www.bing.com/" "Mozilla/5.0 (Linux; Android 13; SM-G991U) AppleWebKit/537.36 (KHTML, like Gecko) Chrome/117.0.0.0 Mobile Safari/537.36"
20.78.176.13 - - [21/Dec/2025:18:26:43 -0300] "GET /wp-includes/PHPMailer/ HTTP/1.1" 403 1242 "https://www.bing.com/" "Mozilla/5.0 (Linux; Android 13; SM-G991U) AppleWebKit/537.36 (KHTML, like Gecko) Chrome/117.0.0.0 Mobile Safari/537.36"
20.78.176.13 - - [21/Dec/2025:18:26:44 -0300] "GET /wp-includes/images HTTP/1.1" 301 795 "https://www.google.fr/" "Mozilla/5.0 (iPhone; CPU iPhone OS 17_0_3 like Mac OS X) AppleWebKit/605.1.15 (KHTML, like Gecko) Version/17.0.1 Mobile/15E148 Safari/604.1"
20.78.176.13 - - [21/Dec/2025:18:26:44 -0300] "GET /wp-includes/images/ HTTP/1.1" 403 1242 "https://www.google.fr/" "Mozilla/5.0 (iPhone; CPU iPhone OS 17_0_3 like Mac OS X) AppleWebKit/605.1.15 (KHTML, like Gecko) Version/17.0.1 Mobile/15E148 Safari/604.1"
20.78.176.13 - - [21/Dec/2025:18:26:44 -0300] "GET /wp-includes/images/index.php HTTP/1.1" 301 663 "https://www.bing.com/" "Mozilla/5.g (Linux; Android 13; Pixel 7) AppleWebKit/537.36 (KHTML, like Gecko) Chrome/116.0.0.0 Mobile Safari/537.36"
20.78.176.13 - - [21/Dec/2025:18:26:45 -0300] "GET /wp-includes/images/ HTTP/1.1" 403 1242 "https://www.bing.com/" "Mozilla/5.g (Linux; Android 13; Pixel 7) AppleWebKit/537.36 (KHTML, like Gecko) Chrome/116.0.0.0 Mobile Safari/537.36"
20.78.176.13 - - [21/Dec/2025:18:26:45 -0300] "GET /wp-includes/js/dist/development HTTP/1.1" 301 795 "https://www.google.fr/" "Mozilla/5.0 (iPhone; CPU iPhone OS 17_1 like Mac OS X) AppleWebKit/605.1.15 (KHTML, like Gecko) CriOS/119.0.6045.109 Mobile/15E148 Safari/604.1"
20.78.176.13 - - [21/Dec/2025:18:26:46 -0300] "GET /wp-includes/js/dist/development/ HTTP/1.1" 403 1242 "https://www.google.fr/" "Mozilla/5.0 (iPhone; CPU iPhone OS 17_1 like Mac OS X) AppleWebKit/605.1.15 (KHTML, like Gecko) CriOS/119.0.6045.109 Mobile/15E148 Safari/604.1"
20.78.176.13 - - [21/Dec/2025:18:26:46 -0300] "GET /wp-user.php HTTP/1.1" 404 122799 "https://www.google.de/" "Mozilla/5.0 (iPad; CPU OS 16_7_2 like Mac OS X) AppleWebKit/605.1.15 (KHTML, like Gecko) Version/16.6 Mobile/15E148 Safari/604.1"
20.78.176.13 - - [21/Dec/2025:18:26:48 -0300] "GET /404.php HTTP/1.1" 404 122751 "https://www.google.com/" "Mozilla/5.0 (iPad; CPU OS 17_0_3 like Mac OS X) AppleWebKit/605.1.15 (KHTML, like Gecko) Version/17.0.1 Mobile/15E148 Safari/604.1"
20.78.176.13 - - [21/Dec/2025:18:26:49 -0300] "GET /akcc.php HTTP/1.1" 404 122762 "https://www.google.fr/" "Mozilla/5.0 (iPhone; CPU iPhone OS 16_0 like Mac OS X) AppleWebKit/605.1.15 (KHTML, like Gecko) FxiOS/118.0 Mobile/15E148 Safari/605.1.15"
20.78.176.13 - - [21/Dec/2025:18:26:50 -0300] "GET /gg.php HTTP/1.1" 404 122740 "https://www.google.fr/" "Mozilla/5.0 (Linux; Android 11; 21081111RG) AppleWebKit/537.36 (KHTML, like Gecko) Chrome/116.0.0.0 Mobile Safari/537.36"
20.78.176.13 - - [21/Dec/2025:18:26:51 -0300] "GET /mah.php HTTP/1.1" 404 122751 "https://www.google.com/" "Mozilla/5.0 (Linux; Android 11; 21081111RG) AppleWebKit/537.36 (KHTML, like Gecko) Chrome/116.0.0.0 Mobile Safari/537.36"
20.78.176.13 - - [21/Dec/2025:18:26:53 -0300] "GET /new.php HTTP/1.1" 404 122751 "https://www.bing.com/" "Mozilla/5.0 (Linux; Android 13; SM-G991U) AppleWebKit/537.36 (KHTML, like Gecko) Chrome/117.0.0.0 Mobile Safari/537.36"
20.78.176.13 - - [21/Dec/2025:18:26:54 -0300] "GET /themes.php HTTP/1.1" 404 122788 "https://duckduckgo.com/" "Mozilla/5.0 (Linux; Android 13; SM-G991U) AppleWebKit/537.36 (KHTML, like Gecko) Chrome/117.0.0.0 Mobile Safari/537.36"
20.78.176.13 - - [21/Dec/2025:18:26:55 -0300] "GET /uploads/index.php HTTP/1.1" 301 663 "https://www.bing.com/" "Mozilla/5.0 (iPad; CPU OS 17_0_3 like Mac OS X) AppleWebKit/605.1.15 (KHTML, like Gecko) Version/17.0.1 Mobile/15E148 Safari/604.1"
20.78.176.13 - - [21/Dec/2025:18:26:55 -0300] "GET /uploads/ HTTP/1.1" 404 122766 "https://www.bing.com/" "Mozilla/5.0 (iPad; CPU OS 17_0_3 like Mac OS X) AppleWebKit/605.1.15 (KHTML, like Gecko) Version/17.0.1 Mobile/15E148 Safari/604.1"
20.78.176.13 - - [21/Dec/2025:18:26:57 -0300] "GET /wp-admin HTTP/1.1" 301 795 "https://www.google.co.uk/" "Mozilla/5.0 (Linux; Android 11; 21081111RG) AppleWebKit/537.36 (KHTML, like Gecko) Chrome/116.0.0.0 Mobile Safari/537.36"
20.78.176.13 - - [21/Dec/2025:18:26:57 -0300] "GET /wp-admin/ HTTP/1.1" 302 0 "https://www.google.co.uk/" "Mozilla/5.0 (Linux; Android 11; 21081111RG) AppleWebKit/537.36 (KHTML, like Gecko) Chrome/116.0.0.0 Mobile Safari/537.36"
20.78.176.13 - - [21/Dec/2025:18:26:58 -0300] "GET /vaza-nao-nada-aqui HTTP/1.1" 404 122888 "https://www.google.co.uk/" "Mozilla/5.0 (Linux; Android 11; 21081111RG) AppleWebKit/537.36 (KHTML, like Gecko) Chrome/116.0.0.0 Mobile Safari/537.36"
20.78.176.13 - - [21/Dec/2025:18:26:59 -0300] "GET /wp-admin/classwithtostring.php HTTP/1.1" 302 0 "https://www.google.de/" "Mozilla/5.0 (iPhone; CPU iPhone OS 15_7_9 like Mac OS X) AppleWebKit/605.1.15 (KHTML, like Gecko) Version/15.6.5 Mobile/15E148 Safari/604.1"
20.78.176.13 - - [21/Dec/2025:18:27:00 -0300] "GET /vaza-nao-nada-aqui HTTP/1.1" 404 122888 "https://www.google.de/" "Mozilla/5.0 (iPhone; CPU iPhone OS 15_7_9 like Mac OS X) AppleWebKit/605.1.15 (KHTML, like Gecko) Version/15.6.5 Mobile/15E148 Safari/604.1"
20.78.176.13 - - [21/Dec/2025:18:27:00 -0300] "GET /wp-admin/css HTTP/1.1" 301 795 "https://www.google.de/" "Mozilla/5.0 (iPhone; CPU iPhone OS 17_0_3 like Mac OS X) AppleWebKit/605.1.15 (KHTML, like Gecko) Version/17.0.1 Mobile/15E148 Safari/604.1"
20.78.176.13 - - [21/Dec/2025:18:27:01 -0300] "GET /wp-admin/css/ HTTP/1.1" 403 1242 "https://www.google.de/" "Mozilla/5.0 (iPhone; CPU iPhone OS 17_0_3 like Mac OS X) AppleWebKit/605.1.15 (KHTML, like Gecko) Version/17.0.1 Mobile/15E148 Safari/604.1"
20.78.176.13 - - [21/Dec/2025:18:27:01 -0300] "GET /wp-admin/css/about.php HTTP/1.1" 302 0 "https://duckduckgo.com/" "Mozilla/5.0 (Linux; Android 13; M2101K6G) AppleWebKit/537.36 (KHTML, like Gecko) Chrome/116.0.0.0 Mobile Safari/537.36"
20.78.176.13 - - [21/Dec/2025:18:27:02 -0300] "GET /vaza-nao-nada-aqui HTTP/1.1" 404 122888 "https://duckduckgo.com/" "Mozilla/5.0 (Linux; Android 13; M2101K6G) AppleWebKit/537.36 (KHTML, like Gecko) Chrome/116.0.0.0 Mobile Safari/537.36"
20.78.176.13 - - [21/Dec/2025:18:27:03 -0300] "GET /wp-admin/includes/colour.php HTTP/1.1" 403 1242 "https://www.yahoo.com/" "Mozilla/5.g (Linux; Android 13; Pixel 7) AppleWebKit/537.36 (KHTML, like Gecko) Chrome/116.0.0.0 Mobile Safari/537.36"
20.78.176.13 - - [21/Dec/2025:18:27:03 -0300] "GET /wp-admin/js HTTP/1.1" 301 795 "https://www.google.com/" "Mozilla/5.0 (Linux; Android 13; SM-G991U) AppleWebKit/537.36 (KHTML, like Gecko) Chrome/117.0.0.0 Mobile Safari/537.36"
20.78.176.13 - - [21/Dec/2025:18:27:04 -0300] "GET /wp-admin/js/ HTTP/1.1" 403 1242 "https://www.google.com/" "Mozilla/5.0 (Linux; Android 13; SM-G991U) AppleWebKit/537.36 (KHTML, like Gecko) Chrome/117.0.0.0 Mobile Safari/537.36"
20.78.176.13 - - [21/Dec/2025:18:27:04 -0300] "GET /wp-admin/js/autoload_classmap.php HTTP/1.1" 302 0 "https://www.google.co.uk/" "Mozilla/5.0 (iPhone; CPU iPhone OS 15_7_9 like Mac OS X) AppleWebKit/605.1.15 (KHTML, like Gecko) Version/15.6.5 Mobile/15E148 Safari/604.1"
20.78.176.13 - - [21/Dec/2025:18:27:04 -0300] "GET /vaza-nao-nada-aqui HTTP/1.1" 404 122888 "https://www.google.co.uk/" "Mozilla/5.0 (iPhone; CPU iPhone OS 15_7_9 like Mac OS X) AppleWebKit/605.1.15 (KHTML, like Gecko) Version/15.6.5 Mobile/15E148 Safari/604.1"
20.78.176.13 - - [21/Dec/2025:18:27:06 -0300] "GET /wp-admin/js/widgets HTTP/1.1" 301 795 "https://www.google.com/" "Mozilla/5.0 (iPad; CPU OS 16_7_2 like Mac OS X) AppleWebKit/605.1.15 (KHTML, like Gecko) Version/16.6 Mobile/15E148 Safari/604.1"
20.78.176.13 - - [21/Dec/2025:18:27:06 -0300] "GET /wp-admin/js/widgets/ HTTP/1.1" 403 1242 "https://www.google.com/" "Mozilla/5.0 (iPad; CPU OS 16_7_2 like Mac OS X) AppleWebKit/605.1.15 (KHTML, like Gecko) Version/16.6 Mobile/15E148 Safari/604.1"
20.78.176.13 - - [21/Dec/2025:18:27:06 -0300] "GET /wp-content/autoload_classmap.php HTTP/1.1" 404 123062 "https://www.yahoo.com/" "Mozilla/5.0 (Linux; Android 10; K) AppleWebKit/537.36 (KHTML, like Gecko) Chrome/117.0.0.0 Mobile Safari/537.36"
20.78.176.13 - - [21/Dec/2025:18:27:08 -0300] "GET /wp-content/backups-dup-lite HTTP/1.1" 404 122999 "https://www.google.com/" "Mozilla/5.0 (Linux; Android 14; Pixel 8 Pro) AppleWebKit/537.36 (KHTML, like Gecko) Chrome/119.0.0.0 Mobile Safari/537.36"
20.78.176.13 - - [21/Dec/2025:18:27:09 -0300] "GET /wp-content/languages HTTP/1.1" 301 795 "https://www.google.de/" "Mozilla/5.0 (iPhone; CPU iPhone OS 16_0 like Mac OS X) AppleWebKit/605.1.15 (KHTML, like Gecko) FxiOS/118.0 Mobile/15E148 Safari/605.1.15"
20.78.176.13 - - [21/Dec/2025:18:27:09 -0300] "GET /wp-content/languages/ HTTP/1.1" 403 1242 "https://www.google.de/" "Mozilla/5.0 (iPhone; CPU iPhone OS 16_0 like Mac OS X) AppleWebKit/605.1.15 (KHTML, like Gecko) FxiOS/118.0 Mobile/15E148 Safari/605.1.15"
20.78.176.13 - - [21/Dec/2025:18:27:10 -0300] "GET /wp-content/plugins/admin.php HTTP/1.1" 403 1242 "https://www.bing.com/" "Mozilla/5.0 (Linux; Android 13; SM-G991U) AppleWebKit/537.36 (KHTML, like Gecko) Chrome/117.0.0.0 Mobile Safari/537.36"
20.78.176.13 - - [21/Dec/2025:18:27:10 -0300] "GET /wp-content/themes/admin.php HTTP/1.1" 403 1242 "https://www.google.de/" "Mozilla/5.0 (Linux; Android 14; Pixel 8 Pro) AppleWebKit/537.36 (KHTML, like Gecko) Chrome/119.0.0.0 Mobile Safari/537.36"
20.78.176.13 - - [21/Dec/2025:18:27:11 -0300] "GET /wp-content/uploads HTTP/1.1" 301 795 "https://www.google.co.uk/" "Mozilla/5.0 (Linux; Android 11; CPH2251) AppleWebKit/537.36 (KHTML, like Gecko) Chrome/116.0.0.0 Mobile Safari/537.36"
20.78.176.13 - - [21/Dec/2025:18:27:11 -0300] "GET /wp-content/uploads/ HTTP/1.1" 403 1242 "https://www.google.co.uk/" "Mozilla/5.0 (Linux; Android 11; CPH2251) AppleWebKit/537.36 (KHTML, like Gecko) Chrome/116.0.0.0 Mobile Safari/537.36"
20.78.176.13 - - [21/Dec/2025:18:27:12 -0300] "GET /wp-content/uploads/2025 HTTP/1.1" 301 795 "https://www.google.com/" "Mozilla/5.0 (Linux; Android 12; V2134) AppleWebKit/537.36 (KHTML, like Gecko) Chrome/116.0.0.0 Mobile Safari/537.36"
20.78.176.13 - - [21/Dec/2025:18:27:12 -0300] "GET /wp-content/uploads/2025/ HTTP/1.1" 403 1242 "https://www.google.com/" "Mozilla/5.0 (Linux; Android 12; V2134) AppleWebKit/537.36 (KHTML, like Gecko) Chrome/116.0.0.0 Mobile Safari/537.36"
20.78.176.13 - - [21/Dec/2025:18:27:12 -0300] "GET /wp-includes/IXR HTTP/1.1" 301 795 "https://www.google.com/" "Mozilla/5.0 (Linux; Android 10; K) AppleWebKit/537.36 (KHTML, like Gecko) Chrome/117.0.0.0 Mobile Safari/537.36"
20.78.176.13 - - [21/Dec/2025:18:27:13 -0300] "GET /wp-includes/IXR/ HTTP/1.1" 403 1242 "https://www.google.com/" "Mozilla/5.0 (Linux; Android 10; K) AppleWebKit/537.36 (KHTML, like Gecko) Chrome/117.0.0.0 Mobile Safari/537.36"
20.78.176.13 - - [21/Dec/2025:18:27:13 -0300] "GET /wp-includes/IXR/index.php HTTP/1.1" 301 663 "https://www.google.co.uk/" "Mozilla/5.0 (Linux; Android 13; SM-S908E) AppleWebKit/537.36 (KHTML, like Gecko) Chrome/116.0.0.0 Mobile Safari/537.36"
20.78.176.13 - - [21/Dec/2025:18:27:14 -0300] "GET /wp-includes/IXR/ HTTP/1.1" 403 1242 "https://www.google.co.uk/" "Mozilla/5.0 (Linux; Android 13; SM-S908E) AppleWebKit/537.36 (KHTML, like Gecko) Chrome/116.0.0.0 Mobile Safari/537.36"
20.78.176.13 - - [21/Dec/2025:18:27:14 -0300] "GET /wp-includes/SimplePie/index.php HTTP/1.1" 301 663 "https://www.google.fr/" "Mozilla/5.0 (Linux; Android 12; 2201116SG) AppleWebKit/537.36 (KHTML, like Gecko) Chrome/116.0.0.0 Mobile Safari/537.36"
20.78.176.13 - - [21/Dec/2025:18:27:15 -0300] "GET /wp-includes/SimplePie/ HTTP/1.1" 403 1242 "https://www.google.fr/" "Mozilla/5.0 (Linux; Android 12; 2201116SG) AppleWebKit/537.36 (KHTML, like Gecko) Chrome/116.0.0.0 Mobile Safari/537.36"
20.78.176.13 - - [21/Dec/2025:18:27:15 -0300] "GET /wp-includes/Text HTTP/1.1" 301 795 "https://www.google.de/" "Mozilla/5.0 (Linux; Android 12; V2134) AppleWebKit/537.36 (KHTML, like Gecko) Chrome/116.0.0.0 Mobile Safari/537.36"
20.78.176.13 - - [21/Dec/2025:18:27:16 -0300] "GET /wp-includes/Text/ HTTP/1.1" 403 1242 "https://www.google.de/" "Mozilla/5.0 (Linux; Android 12; V2134) AppleWebKit/537.36 (KHTML, like Gecko) Chrome/116.0.0.0 Mobile Safari/537.36"
20.78.176.13 - - [21/Dec/2025:18:27:16 -0300] "GET /wp-includes/Text/Diff/Engine HTTP/1.1" 301 795 "https://www.bing.com/" "Mozilla/5.0 (Linux; Android 13; M2101K6G) AppleWebKit/537.36 (KHTML, like Gecko) Chrome/116.0.0.0 Mobile Safari/537.36"
20.78.176.13 - - [21/Dec/2025:18:27:16 -0300] "GET /wp-includes/Text/Diff/Engine/ HTTP/1.1" 403 1242 "https://www.bing.com/" "Mozilla/5.0 (Linux; Android 13; M2101K6G) AppleWebKit/537.36 (KHTML, like Gecko) Chrome/116.0.0.0 Mobile Safari/537.36"
20.78.176.13 - - [21/Dec/2025:18:27:17 -0300] "GET /wp-includes/block-bindings/index.php HTTP/1.1" 301 663 "https://www.yahoo.com/" "Mozilla/5.0 (iPad; CPU OS 16_7_2 like Mac OS X) AppleWebKit/605.1.15 (KHTML, like Gecko) Version/16.6 Mobile/15E148 Safari/604.1"
20.78.176.13 - - [21/Dec/2025:18:27:17 -0300] "GET /wp-includes/block-bindings/ HTTP/1.1" 403 1242 "https://www.yahoo.com/" "Mozilla/5.0 (iPad; CPU OS 16_7_2 like Mac OS X) AppleWebKit/605.1.15 (KHTML, like Gecko) Version/16.6 Mobile/15E148 Safari/604.1"
20.78.176.13 - - [21/Dec/2025:18:27:18 -0300] "GET /wp-includes/block-supports HTTP/1.1" 301 795 "https://www.google.com/" "Mozilla/5.0 (iPhone; CPU iPhone OS 17_0_3 like Mac OS X) AppleWebKit/605.1.15 (KHTML, like Gecko) Version/17.0.1 Mobile/15E148 Safari/604.1"
20.78.176.13 - - [21/Dec/2025:18:27:18 -0300] "GET /wp-includes/block-supports/ HTTP/1.1" 403 1242 "https://www.google.com/" "Mozilla/5.0 (iPhone; CPU iPhone OS 17_0_3 like Mac OS X) AppleWebKit/605.1.15 (KHTML, like Gecko) Version/17.0.1 Mobile/15E148 Safari/604.1"
20.78.176.13 - - [21/Dec/2025:18:27:19 -0300] "GET /wp-includes/blocks/code HTTP/1.1" 301 795 "https://www.google.fr/" "Mozilla/5.g (Linux; Android 13; Pixel 7) AppleWebKit/537.36 (KHTML, like Gecko) Chrome/116.0.0.0 Mobile Safari/537.36"
20.78.176.13 - - [21/Dec/2025:18:27:19 -0300] "GET /wp-includes/blocks/code/ HTTP/1.1" 403 1242 "https://www.google.fr/" "Mozilla/5.g (Linux; Android 13; Pixel 7) AppleWebKit/537.36 (KHTML, like Gecko) Chrome/116.0.0.0 Mobile Safari/537.36"
20.78.176.13 - - [21/Dec/2025:18:27:20 -0300] "GET /wp-includes/customize/chosen.php HTTP/1.1" 404 125689 "https://duckduckgo.com/" "Mozilla/5.0 (iPhone; CPU iPhone OS 17_1 like Mac OS X) AppleWebKit/605.1.15 (KHTML, like Gecko) CriOS/119.0.6045.109 Mobile/15E148 Safari/604.1"
20.78.176.13 - - [21/Dec/2025:18:27:21 -0300] "GET /wp-includes/html-api/index.php HTTP/1.1" 301 663 "https://www.google.fr/" "Mozilla/5.0 (Linux; Android 12; 2201116SG) AppleWebKit/537.36 (KHTML, like Gecko) Chrome/116.0.0.0 Mobile Safari/537.36"
20.78.176.13 - - [21/Dec/2025:18:27:22 -0300] "GET /wp-includes/html-api/ HTTP/1.1" 403 1242 "https://www.google.fr/" "Mozilla/5.0 (Linux; Android 12; 2201116SG) AppleWebKit/537.36 (KHTML, like Gecko) Chrome/116.0.0.0 Mobile Safari/537.36"
20.78.176.13 - - [21/Dec/2025:18:27:22 -0300] "GET /wp-includes/index.php HTTP/1.1" 403 1242 "https://www.bing.com/" "Mozilla/5.0 (Linux; Android 13; SM-S908E) AppleWebKit/537.36 (KHTML, like Gecko) Chrome/116.0.0.0 Mobile Safari/537.36"
20.78.176.13 - - [21/Dec/2025:18:27:23 -0300] "GET /wp-includes/js/dist/development/index.php HTTP/1.1" 301 663 "https://www.bing.com/" "Mozilla/5.0 (iPad; CPU OS 16_7_2 like Mac OS X) AppleWebKit/605.1.15 (KHTML, like Gecko) Version/16.6 Mobile/15E148 Safari/604.1"
20.78.176.13 - - [21/Dec/2025:18:27:24 -0300] "GET /wp-includes/js/dist/development/ HTTP/1.1" 403 1242 "https://www.bing.com/" "Mozilla/5.0 (iPad; CPU OS 16_7_2 like Mac OS X) AppleWebKit/605.1.15 (KHTML, like Gecko) Version/16.6 Mobile/15E148 Safari/604.1"
20.78.176.13 - - [21/Dec/2025:18:27:24 -0300] "GET /wp-includes/pomo/index.php HTTP/1.1" 301 663 "https://www.bing.com/" "Mozilla/5.0 (Linux; Android 10; K) AppleWebKit/537.36 (KHTML, like Gecko) Chrome/117.0.0.0 Mobile Safari/537.36"
20.78.176.13 - - [21/Dec/2025:18:27:24 -0300] "GET /wp-includes/pomo/ HTTP/1.1" 403 1242 "https://www.bing.com/" "Mozilla/5.0 (Linux; Android 10; K) AppleWebKit/537.36 (KHTML, like Gecko) Chrome/117.0.0.0 Mobile Safari/537.36"
20.78.176.13 - - [21/Dec/2025:18:27:25 -0300] "GET /wp-includes/rest-api HTTP/1.1" 301 795 "https://www.google.fr/" "Mozilla/5.0 (iPhone; CPU iPhone OS 17_0_3 like Mac OS X) AppleWebKit/605.1.15 (KHTML, like Gecko) Version/17.0.1 Mobile/15E148 Safari/604.1"
20.78.176.13 - - [21/Dec/2025:18:27:25 -0300] "GET /wp-includes/rest-api/ HTTP/1.1" 403 1242 "https://www.google.fr/" "Mozilla/5.0 (iPhone; CPU iPhone OS 17_0_3 like Mac OS X) AppleWebKit/605.1.15 (KHTML, like Gecko) Version/17.0.1 Mobile/15E148 Safari/604.1"
20.78.176.13 - - [21/Dec/2025:18:27:26 -0300] "GET /wp-includes/sitemaps/autoload_classmap.php HTTP/1.1" 404 125831 "https://www.google.fr/" "Mozilla/5.0 (Linux; Android 13; SM-G991U) AppleWebKit/537.36 (KHTML, like Gecko) Chrome/117.0.0.0 Mobile Safari/537.36"
20.78.176.13 - - [21/Dec/2025:18:27:28 -0300] "GET /wp-includes/theme-compat HTTP/1.1" 301 795 "https://www.google.co.uk/" "Mozilla/5.0 (Linux; Android 14; Pixel 8 Pro) AppleWebKit/537.36 (KHTML, like Gecko) Chrome/119.0.0.0 Mobile Safari/537.36"
20.78.176.13 - - [21/Dec/2025:18:27:28 -0300] "GET /wp-includes/theme-compat/ HTTP/1.1" 403 1242 "https://www.google.co.uk/" "Mozilla/5.0 (Linux; Android 14; Pixel 8 Pro) AppleWebKit/537.36 (KHTML, like Gecko) Chrome/119.0.0.0 Mobile Safari/537.36"
187.33.241.49 - - [21/Dec/2025:18:34:10 -0300] "POST /wp-cron.php?doing_wp_cron=1766352850.2716460227966308593750 HTTP/1.1" 200 0 "-" "WordPress/6.9; https://kelartes.com.br"
187.33.241.49 - - [21/Dec/2025:18:35:03 -0300] "GET //wp-cron.php?doing_wp_cron HTTP/1.1" 200 0 "-" "Wget/1.19.5 (linux-gnu)"
187.33.241.49 - - [21/Dec/2025:18:40:03 -0300] "GET //wp-cron.php?doing_wp_cron HTTP/1.1" 200 0 "-" "Wget/1.19.5 (linux-gnu)"
220.158.232.73 - - [21/Dec/2025:18:44:39 -0300] "POST /xmlrpc.php HTTP/1.1" 403 1242 "-" "Mozilla/5.0 (Windows NT 10.0; Win64; x64) AppleWebKit/537.36 (KHTML, like Gecko) Chrome/68.0.3440.106 Safari/537.36"
66.175.44.21 - - [21/Dec/2025:18:45:14 -0300] "POST /xmlrpc.php HTTP/1.1" 403 1242 "-" "Mozilla/5.0 (Windows NT 10.0; Win64; x64) AppleWebKit/537.36 (KHTML, like Gecko) Chrome/88.0.4324.104 Safari/537.36"
66.175.44.21 - - [21/Dec/2025:18:45:14 -0300] "POST /xmlrpc.php HTTP/1.1" 403 1242 "-" "Mozilla/5.0 (Windows NT 10.0; Win64; x64) AppleWebKit/537.36 (KHTML, like Gecko) Chrome/88.0.4324.104 Safari/537.36"
187.33.241.49 - - [21/Dec/2025:18:59:27 -0300] "POST /wp-cron.php?doing_wp_cron=1766354367.1750121116638183593750 HTTP/1.1" 200 0 "-" "WordPress/6.9; https://kelartes.com.br"
66.249.64.64 - - [21/Dec/2025:19:04:39 -0300] "GET /ads.txt HTTP/1.1" 404 21871 "-" "Mozilla/5.0 (compatible; Googlebot/2.1; +http://www.google.com/bot.html)"
187.33.241.49 - - [21/Dec/2025:19:10:04 -0300] "GET //wp-cron.php?doing_wp_cron HTTP/1.1" 200 0 "-" "Wget/1.19.5 (linux-gnu)"
187.33.241.49 - - [21/Dec/2025:18:20:02 -0300] "GET //wp-cron.php?doing_wp_cron HTTP/1.1" 200 0 "-" "Wget/1.19.5 (linux-gnu)"
187.33.241.49 - - [21/Dec/2025:18:25:03 -0300] "GET //wp-cron.php?doing_wp_cron HTTP/1.1" 200 0 "-" "Wget/1.19.5 (linux-gnu)"
187.33.241.49 - - [21/Dec/2025:18:26:09 -0300] "POST /wp-cron.php?doing_wp_cron=1766352369.5786960124969482421875 HTTP/1.1" 200 0 "-" "WordPress/6.9; https://kelartes.com.br"
187.33.241.49 - - [21/Dec/2025:18:30:03 -0300] "GET //wp-cron.php?doing_wp_cron HTTP/1.1" 200 0 "-" "Wget/1.19.5 (linux-gnu)"
193.36.224.66 - - [21/Dec/2025:18:34:06 -0300] "POST /wp-admin/admin-ajax.php HTTP/1.1" 400 248 "-" "Mozilla/5.0 (Windows NT 10.0; Win64; x64)"
220.158.232.73 - - [21/Dec/2025:18:44:37 -0300] "POST /xmlrpc.php HTTP/1.1" 403 1242 "-" "Mozilla/5.0 (Windows NT 10.0; Win64; x64) AppleWebKit/537.36 (KHTML, like Gecko) Chrome/68.0.3440.106 Safari/537.36"
103.224.167.77 - - [21/Dec/2025:18:44:41 -0300] "POST /xmlrpc.php HTTP/1.1" 403 1242 "-" "Mozilla/5.0 (Windows NT 10.0; WOW64) AppleWebKit/537.36 (KHTML, like Gecko) Chrome/72.0.3626.121 Safari/537.36"
187.33.241.49 - - [21/Dec/2025:18:45:07 -0300] "GET //wp-cron.php?doing_wp_cron HTTP/1.1" 200 0 "-" "Wget/1.19.5 (linux-gnu)"
66.175.44.21 - - [21/Dec/2025:18:45:13 -0300] "POST /xmlrpc.php HTTP/1.1" 403 1242 "-" "Mozilla/5.0 (Windows NT 10.0; Win64; x64) AppleWebKit/537.36 (KHTML, like Gecko) Chrome/88.0.4324.104 Safari/537.36"
187.33.241.49 - - [21/Dec/2025:18:47:01 -0300] "POST /wp-cron.php?doing_wp_cron=1766353621.6451570987701416015625 HTTP/1.1" 200 0 "-" "WordPress/6.9; https://kelartes.com.br"
187.33.241.49 - - [21/Dec/2025:18:50:02 -0300] "GET //wp-cron.php?doing_wp_cron HTTP/1.1" 200 0 "-" "Wget/1.19.5 (linux-gnu)"
51.75.236.131 - - [21/Dec/2025:18:59:25 -0300] "GET /marketing-para-saude-ocupacional-como-atrair-mais-clientes-e-crescer-online/ HTTP/2" 404 21943 "-" "Mozilla/5.0 (compatible; AhrefsBot/7.0; +http://ahrefs.com/robot/)"
187.33.241.49 - - [21/Dec/2025:19:00:04 -0300] "GET //wp-cron.php?doing_wp_cron HTTP/1.1" 200 0 "-" "Wget/1.19.5 (linux-gnu)"
187.33.241.49 - - [21/Dec/2025:19:05:02 -0300] "GET //wp-cron.php?doing_wp_cron HTTP/1.1" 200 0 "-" "Wget/1.19.5 (linux-gnu)"
144.91.121.200 - - [21/Dec/2025:18:18:04 -0300] "GET /wp-admin/css/ HTTP/1.1" 403 1242 "binance.com" "Mozilla/5.0 (Windows NT 10.0; Win64; x64) AppleWebKit/537.36 (KHTML, like Gecko) Chrome/90.0.4430.85 Safari/537.36"
187.33.241.49 - - [21/Dec/2025:18:27:07 -0300] "POST /wp-cron.php?doing_wp_cron=1766352427.1851480007171630859375 HTTP/1.1" 200 0 "-" "WordPress/6.9; https://kelartes.com.br"
216.244.66.244 - - [21/Dec/2025:18:30:01 -0300] "GET /robots.txt HTTP/1.1" 200 786 "-" "Mozilla/5.0 (compatible; DotBot/1.2; +https://opensiteexplorer.org/dotbot; help@moz.com)"
220.158.232.73 - - [21/Dec/2025:18:44:27 -0300] "POST /xmlrpc.php HTTP/1.1" 403 1242 "-" "Mozilla/5.0 (Windows NT 10.0; Win64; x64) AppleWebKit/537.36 (KHTML, like Gecko) Chrome/68.0.3440.106 Safari/537.36"
103.224.167.77 - - [21/Dec/2025:18:44:37 -0300] "POST /xmlrpc.php HTTP/1.1" 403 1242 "-" "Mozilla/5.0 (Windows NT 10.0; WOW64) AppleWebKit/537.36 (KHTML, like Gecko) Chrome/72.0.3626.121 Safari/537.36"
103.224.167.77 - - [21/Dec/2025:18:44:39 -0300] "POST /xmlrpc.php HTTP/1.1" 403 1242 "-" "Mozilla/5.0 (Windows NT 10.0; WOW64) AppleWebKit/537.36 (KHTML, like Gecko) Chrome/72.0.3626.121 Safari/537.36"
216.244.66.244 - - [21/Dec/2025:18:46:59 -0300] "GET /author/contatocleberwebdesignergmail-com/feed/ HTTP/1.1" 200 108320 "-" "Mozilla/5.0 (compatible; DotBot/1.2; +https://opensiteexplorer.org/dotbot; help@moz.com)"
187.33.241.49 - - [21/Dec/2025:18:55:03 -0300] "GET //wp-cron.php?doing_wp_cron HTTP/1.1" 200 0 "-" "Wget/1.19.5 (linux-gnu)"
43.135.145.117 - - [21/Dec/2025:18:57:16 -0300] "GET / HTTP/1.1" 200 41305 "http://kelartes.com.br" "Mozilla/5.0 (iPhone; CPU iPhone OS 13_2_3 like Mac OS X) AppleWebKit/605.1.15 (KHTML, like Gecko) Version/13.0.3 Mobile/15E148 Safari/604.1"
187.33.241.49 - - [21/Dec/2025:19:04:42 -0300] "POST /wp-cron.php?doing_wp_cron=1766354681.9774799346923828125000 HTTP/1.1" 200 0 "-" "WordPress/6.9; https://kelartes.com.br"
160.187.211.38 - - [21/Dec/2025:19:04:45 -0300] "POST /wp-login.php HTTP/1.1" 302 0 "https://kelartes.com.br/wp-admin/" "Mozilla/5.0 (Windows NT 10.0; Win64; x64) AppleWebKit/537.36 (KHTML, like Gecko) Chrome/90.0.4430.85 Safari/537.36"
160.187.211.38 - - [21/Dec/2025:19:04:46 -0300] "GET /vaza-nao-nada-aqui HTTP/1.1" 404 27049 "https://kelartes.com.br/wp-admin/" "Mozilla/5.0 (Windows NT 10.0; Win64; x64) AppleWebKit/537.36 (KHTML, like Gecko) Chrome/90.0.4430.85 Safari/537.36"
160.187.211.38 - - [21/Dec/2025:19:04:47 -0300] "GET /wp-admin/ HTTP/1.1" 302 0 "www.google.com" "Mozilla/5.0 (Windows NT 10.0; Win64; x64) AppleWebKit/537.36 (KHTML, like Gecko) Chrome/90.0.4430.85 Safari/537.36"
160.187.211.38 - - [21/Dec/2025:19:04:48 -0300] "GET /vaza-nao-nada-aqui HTTP/1.1" 404 27049 "www.google.com" "Mozilla/5.0 (Windows NT 10.0; Win64; x64) AppleWebKit/537.36 (KHTML, like Gecko) Chrome/90.0.4430.85 Safari/537.36"
187.33.241.49 - - [21/Dec/2025:19:27:05 -0300] "POST /wp-cron.php?doing_wp_cron=1766356025.1304841041564941406250 HTTP/1.1" 200 0 "-" "WordPress/6.9; https://kelartes.com.br"
4.197.94.190 - - [21/Dec/2025:19:27:00 -0300] "POST /ALFA_DATA/alfacgiapi/perl.alfa HTTP/1.1" 404 125526 "www.google.com" "Mozlila/5.0 (Linux; Android 7.0; SM-G892A Bulid/NRD90M; wv) AppleWebKit/537.36 (KHTML, like Gecko) Version/4.0 Chrome/60.0.3112.107 Moblie Safari/537.36"
187.33.241.49 - - [21/Dec/2025:19:27:06 -0300] "POST /wp-cron.php?doing_wp_cron=1766356026.9768209457397460937500 HTTP/1.1" 200 0 "-" "WordPress/6.9; https://kelartes.com.br"
4.197.94.190 - - [21/Dec/2025:19:27:06 -0300] "POST /alfacgiapi/perl.alfa HTTP/1.1" 404 122791 "www.google.com" "Mozlila/5.0 (Linux; Android 7.0; SM-G892A Bulid/NRD90M; wv) AppleWebKit/537.36 (KHTML, like Gecko) Version/4.0 Chrome/60.0.3112.107 Moblie Safari/537.36"
187.33.241.49 - - [21/Dec/2025:19:37:05 -0300] "POST /wp-cron.php?doing_wp_cron=1766356625.9187519550323486328125 HTTP/1.1" 200 0 "-" "WordPress/6.9; https://kelartes.com.br"
66.249.64.64 - - [21/Dec/2025:19:37:04 -0300] "GET /comments/feed/ HTTP/1.1" 200 671 "-" "Mozilla/5.0 (Linux; Android 6.0.1; Nexus 5X Build/MMB29P) AppleWebKit/537.36 (KHTML, like Gecko) Chrome/141.0.7390.122 Mobile Safari/537.36 (compatible; Googlebot/2.1; +http://www.google.com/bot.html)"
165.245.132.141 - - [21/Dec/2025:19:38:37 -0300] "GET /wp-login.php HTTP/2" 302 0 "-" "Mozilla/5.0 (Windows NT 10.0; Win64; x64) AppleWebKit/537.36"
187.33.241.49 - - [21/Dec/2025:19:38:39 -0300] "POST /wp-cron.php?doing_wp_cron=1766356719.6721038818359375000000 HTTP/1.1" 200 0 "-" "WordPress/6.9; https://kelartes.com.br"
165.245.132.141 - - [21/Dec/2025:19:38:39 -0300] "GET /vaza-nao-nada-aqui HTTP/2" 301 244 "https://www.kelartes.com.br/wp-login.php" "Mozilla/5.0 (Windows NT 10.0; Win64; x64) AppleWebKit/537.36"
165.245.132.141 - - [21/Dec/2025:19:38:41 -0300] "GET /vaza-nao-nada-aqui HTTP/2" 404 27039 "https://www.kelartes.com.br/vaza-nao-nada-aqui" "Mozilla/5.0 (Windows NT 10.0; Win64; x64) AppleWebKit/537.36"
165.245.132.141 - - [21/Dec/2025:19:38:42 -0300] "GET /wp-login.php HTTP/2" 302 0 "-" "Mozilla/5.0 (Windows NT 10.0; Win64; x64) AppleWebKit/537.36"
165.245.132.141 - - [21/Dec/2025:19:38:42 -0300] "GET /vaza-nao-nada-aqui HTTP/2" 301 244 "https://www.kelartes.com.br/wp-login.php" "Mozilla/5.0 (Windows NT 10.0; Win64; x64) AppleWebKit/537.36"
165.245.132.141 - - [21/Dec/2025:19:38:43 -0300] "GET /wp-login.php HTTP/2" 302 0 "-" "Mozilla/5.0 (Windows NT 10.0; Win64; x64) AppleWebKit/537.36"
165.245.132.141 - - [21/Dec/2025:19:38:43 -0300] "GET /vaza-nao-nada-aqui HTTP/2" 301 244 "https://www.kelartes.com.br/wp-login.php" "Mozilla/5.0 (Windows NT 10.0; Win64; x64) AppleWebKit/537.36"
165.245.132.141 - - [21/Dec/2025:19:38:44 -0300] "GET /wp-login.php HTTP/2" 302 0 "-" "Mozilla/5.0 (Windows NT 10.0; Win64; x64) AppleWebKit/537.36"
165.245.132.141 - - [21/Dec/2025:19:38:44 -0300] "GET /vaza-nao-nada-aqui HTTP/2" 301 244 "https://www.kelartes.com.br/wp-login.php" "Mozilla/5.0 (Windows NT 10.0; Win64; x64) AppleWebKit/537.36"
159.223.84.189 - - [21/Dec/2025:19:40:16 -0300] "GET /wp-admin/css/ HTTP/1.1" 403 1242 "binance.com" "Mozilla/5.0 (Windows NT 10.0; Win64; x64) AppleWebKit/537.36 (KHTML, like Gecko) Chrome/90.0.4430.85 Safari/537.36"
172.70.25.5 - - [21/Dec/2025:19:44:05 -0300] "GET /.well-known/cf-custom-hostname-challenge/a1a3d802-68e8-470e-ab18-e0e4ca98cf2c HTTP/1.1" 404 27810 "http://kelartes.com.br/.well-known/cf-custom-hostname-challenge/a1a3d802-68e8-470e-ab18-e0e4ca98cf2c" "Cloudflare Custom Hostname Verification"
62.146.226.43 - - [21/Dec/2025:19:48:28 -0300] "GET / HTTP/1.1" 200 197247 "-" "Mozilla/5.0 (Macintosh; Intel Mac OS X 10_15_7) AppleWebKit/537.36 (KHTML, like Gecko) Chrome/93.0.4577.0 Safari/537.36"
187.33.241.49 - - [21/Dec/2025:19:55:02 -0300] "GET //wp-cron.php?doing_wp_cron HTTP/1.1" 200 0 "-" "Wget/1.19.5 (linux-gnu)"
216.244.66.244 - - [21/Dec/2025:19:17:18 -0300] "GET /robots.txt HTTP/1.1" 200 786 "-" "Mozilla/5.0 (compatible; DotBot/1.2; +https://opensiteexplorer.org/dotbot; help@moz.com)"
187.33.241.49 - - [21/Dec/2025:19:20:03 -0300] "GET //wp-cron.php?doing_wp_cron HTTP/1.1" 200 0 "-" "Wget/1.19.5 (linux-gnu)"
187.33.241.49 - - [21/Dec/2025:19:25:03 -0300] "GET //wp-cron.php?doing_wp_cron HTTP/1.1" 200 0 "-" "Wget/1.19.5 (linux-gnu)"
4.197.94.190 - - [21/Dec/2025:19:27:00 -0300] "POST /wp-plain.php HTTP/1.1" 404 65536 "www.google.com" "Mozilla/5.0 (Linux; Android 7.0; SM-G892A Bulid/NRD90M; wv) AppleWebKit/537.36 (KHTML, like Gecko) Version/4.0 Chrome/60.0.3112.107 Moblie Safari/537.36"
187.33.241.49 - - [21/Dec/2025:19:35:30 -0300] "POST /wp-cron.php?doing_wp_cron=1766356530.0235660076141357421875 HTTP/1.1" 200 0 "-" "WordPress/6.9; https://kelartes.com.br"
216.244.66.244 - - [21/Dec/2025:19:35:29 -0300] "GET /category/empreendedorismo/ HTTP/1.1" 301 663 "-" "Mozilla/5.0 (compatible; DotBot/1.2; +https://opensiteexplorer.org/dotbot; help@moz.com)"
